{"id":7,"date":"2010-01-26T16:01:08","date_gmt":"2010-01-26T16:01:08","guid":{"rendered":"http:\/\/people.unica.it\/urbangis\/people\/"},"modified":"2019-04-23T17:40:42","modified_gmt":"2019-04-23T17:40:42","slug":"people","status":"publish","type":"page","link":"https:\/\/people.unica.it\/urbangis\/people\/","title":{"rendered":"Staff"},"content":{"rendered":"<p style=\"text-align: justify\"><span style=\"color: #008080\"><strong>Michele Campagna<\/strong><\/span><\/p>\n<p style=\"text-align: justify\"><img decoding=\"async\" class=\"alignleft wp-image-354 size-thumbnail\" src=\"http:\/\/people.unica.it\/urbangis\/files\/2010\/01\/Mic_02cut1-150x150.jpg\" alt=\"\" width=\"150\" height=\"150\" srcset=\"https:\/\/people.unica.it\/urbangis\/files\/2010\/01\/Mic_02cut1-150x150.jpg 150w, https:\/\/people.unica.it\/urbangis\/files\/2010\/01\/Mic_02cut1-96x96.jpg 96w, https:\/\/people.unica.it\/urbangis\/files\/2010\/01\/Mic_02cut1-24x24.jpg 24w, https:\/\/people.unica.it\/urbangis\/files\/2010\/01\/Mic_02cut1-36x36.jpg 36w, https:\/\/people.unica.it\/urbangis\/files\/2010\/01\/Mic_02cut1-48x48.jpg 48w, https:\/\/people.unica.it\/urbangis\/files\/2010\/01\/Mic_02cut1-64x64.jpg 64w\" sizes=\"(max-width: 150px) 100vw, 150px\" \/>Michele, Dottore di ricerca in Ingegneria del Territorio (Universit\u00e0 di Cagliari, 2003), \u00e8 Professore Associato di Tecnica e Pianificazione Urbanistica all\u2019Universit\u00e0 di Cagliari, dove insegna pianificazione territoriale, geodesign e scienze dell&#8217;informazione territoriale. I suoi attuali interessi di ricerca riguardano lo studio di metodi scientifici nella pianificazione urbanistica e territoriale, il metaplanning, i Sistemi di Supporto alla Pianificazione (PSS), l\u2019uso di Social Media Geographic Information nella pianificazione ed il Geodesign. E\u2019 autore di oltre centoventi pubblicazioni ed \u00e8 <em>editor<\/em> del volume \u201cGIS for Sustainable Development\u201d pubblicato da CRC-Press\/Taylor e Francis Group nel 2006. Nel 2011 ha diretto l\u2019International Summer School on Information and Communication Technology in Spatial Planning\u00a0 \u201cINFOPLAN\u201d. Dal 2009 \u00e8 responsabile scientifico di UrbanGis e punto di contatto di UrbanGis per l&#8217;Association of Geographic Information Laboratories in Europe (<span style=\"color: #000000\"><a style=\"color: #000000\" href=\"http:\/\/agile-online.org\/\" target=\"_blank\" rel=\"noopener noreferrer\">AGILE<\/a><\/span>).<\/p>\n<p>campagna@unica.it<\/p>\n<p>&nbsp;<\/p>\n<p><span style=\"color: #008080\"><strong>J\u00f9nia Borges<\/strong><\/span><\/p>\n<p><img decoding=\"async\" class=\"alignleft wp-image-398 size-thumbnail\" src=\"http:\/\/people.unica.it\/urbangis\/files\/2010\/01\/Junia-150x150.jpg\" alt=\"Junia\" width=\"150\" height=\"150\" srcset=\"https:\/\/people.unica.it\/urbangis\/files\/2010\/01\/Junia-150x150.jpg 150w, https:\/\/people.unica.it\/urbangis\/files\/2010\/01\/Junia-96x96.jpg 96w, https:\/\/people.unica.it\/urbangis\/files\/2010\/01\/Junia-24x24.jpg 24w, https:\/\/people.unica.it\/urbangis\/files\/2010\/01\/Junia-36x36.jpg 36w, https:\/\/people.unica.it\/urbangis\/files\/2010\/01\/Junia-48x48.jpg 48w, https:\/\/people.unica.it\/urbangis\/files\/2010\/01\/Junia-64x64.jpg 64w\" sizes=\"(max-width: 150px) 100vw, 150px\" \/><\/p>\n<p style=\"text-align: justify\">J\u00fania \u00e8 laureata in Scienze del Turismo (Centro Universit\u00e1rio Newton Paiva, 2003), specializzata in Turismo e Sviluppo Sostenibile (Universidade Federal de Minas Gerais, 2005) ed in Geographic Information Science (Universidade Federal de Minas Gerais, 2007) ed ha conseguito un Master in Analisi e modellazione dei sistemi ambientali (Universidade Federal de Minas Gerais, 2011). Attualmente \u00e8 allieva del Corso di Dottorato in Architettura e Pianificazione Urbanistica all\u2019 Universit\u00e0 Federale di Minas Gerais. I suoi attuali interessi di ricerca riguardano: la pianificazione urbanistica, la capacit\u00e0 di carico urbana, il Crowdsourcing, Volunteer Geographic Information e Social Media Geographic Information. E\u2019 consulente nell\u2019ambito della valutazione ambientale e nella pianificazione del turismo. Nel 2015 \u00e8 visiting researcher presso UrbanGIS.<\/p>\n<p>juniaborges@yahoo.com.br<\/p>\n<p>&nbsp;<\/p>\n<p><span style=\"color: #008080\"><strong>Francesca Cocchiara<\/strong><\/span><\/p>\n<p><img decoding=\"async\" class=\"alignleft wp-image-397 size-thumbnail\" src=\"http:\/\/people.unica.it\/urbangis\/files\/2010\/01\/Francesca1-150x150.jpg\" alt=\"Francesca\" width=\"150\" height=\"150\" srcset=\"https:\/\/people.unica.it\/urbangis\/files\/2010\/01\/Francesca1-150x150.jpg 150w, https:\/\/people.unica.it\/urbangis\/files\/2010\/01\/Francesca1-300x300.jpg 300w, https:\/\/people.unica.it\/urbangis\/files\/2010\/01\/Francesca1-96x96.jpg 96w, https:\/\/people.unica.it\/urbangis\/files\/2010\/01\/Francesca1-24x24.jpg 24w, https:\/\/people.unica.it\/urbangis\/files\/2010\/01\/Francesca1-36x36.jpg 36w, https:\/\/people.unica.it\/urbangis\/files\/2010\/01\/Francesca1-48x48.jpg 48w, https:\/\/people.unica.it\/urbangis\/files\/2010\/01\/Francesca1-64x64.jpg 64w, https:\/\/people.unica.it\/urbangis\/files\/2010\/01\/Francesca1.jpg 828w\" sizes=\"(max-width: 150px) 100vw, 150px\" \/><\/p>\n<p style=\"text-align: justify\">Francesca \u00e8 laureata in Architettura all\u2019Universit\u00e0 di Cagliari (2011) e si \u00e8 specializzata in urbanistica degli insediamenti umani in Belgio all\u2019 Universit\u00e0 KU Leuven (2014). Attualmente \u00e8 titolare di una borsa di ricerca presso il DICAAR, UrbanGIS, dove si occupa dello studio di metodi di geodesign per lo sviluppo di Planning Support Systems (PSS) di prima e seconda generazione. Francesca \u00e8 attiva anche come libero professionista nel\u00a0 campo dell&#8217;architettura.<\/p>\n<p style=\"text-align: justify\">francesca.cocchiara@gmail.com<\/p>\n<p>&nbsp;<\/p>\n<p><span style=\"color: #008080\"><strong>Chiara Cocco<\/strong><\/span><\/p>\n<p><a href=\"http:\/\/people.unica.it\/urbangis\/files\/2014\/06\/Chiara.jpg\"><img decoding=\"async\" class=\"alignleft size-thumbnail wp-image-408\" src=\"http:\/\/people.unica.it\/urbangis\/files\/2014\/06\/Chiara-150x150.jpg\" alt=\"Chiara\" width=\"150\" height=\"150\" srcset=\"https:\/\/people.unica.it\/urbangis\/files\/2014\/06\/Chiara-150x150.jpg 150w, https:\/\/people.unica.it\/urbangis\/files\/2014\/06\/Chiara-300x300.jpg 300w, https:\/\/people.unica.it\/urbangis\/files\/2014\/06\/Chiara-1024x1024.jpg 1024w, https:\/\/people.unica.it\/urbangis\/files\/2014\/06\/Chiara-96x96.jpg 96w, https:\/\/people.unica.it\/urbangis\/files\/2014\/06\/Chiara-24x24.jpg 24w, https:\/\/people.unica.it\/urbangis\/files\/2014\/06\/Chiara-36x36.jpg 36w, https:\/\/people.unica.it\/urbangis\/files\/2014\/06\/Chiara-48x48.jpg 48w, https:\/\/people.unica.it\/urbangis\/files\/2014\/06\/Chiara-64x64.jpg 64w, https:\/\/people.unica.it\/urbangis\/files\/2014\/06\/Chiara.jpg 1997w\" sizes=\"(max-width: 150px) 100vw, 150px\" \/><\/a><\/p>\n<p style=\"text-align: justify\">Chiara si \u00e8 laureata in Architettura all\u2019Universit\u00e0 di Cagliari (2015) con una tesi dal titolo \u201cIl Geodesign nello studio della qualit\u00e0 urbana: il caso di Pampulha, Belo Horizonte, Brasile\u201d sviluppata in collaborazione con il laboratorio di Geoprocessamento dell\u2019Escola de Arquitetura dell\u2019Universidade Federal de Minas Gerais. Attualmente \u00e8 allieva del Corso di Dottorato di Ricerca in Ingegneria civile e architettura presso il DICAAR. I suoi attuali interessi di ricerca riguardano due linee principali: lo sviluppo di sistemi di supporto alla pianificazione urbanistica e territoriale secondo i principi e i metodi del Geodesign da un lato , e il recupero, la tutela e la promozione della costruzione e dell\u2019architettura in terra cruda dall\u2019altro.<\/p>\n<p>chiara.cocco@unica.it<\/p>\n<p>&nbsp;<\/p>\n<p><span style=\"color: #008080\"><strong>Elisabetta Anna Di Cesare<\/strong><\/span><\/p>\n<p style=\"text-align: justify\"><img decoding=\"async\" class=\"alignleft wp-image-284 size-thumbnail\" src=\"http:\/\/people.unica.it\/urbangis\/files\/2010\/01\/Ely_01cut-150x150.jpg\" alt=\"Ely_01cut\" width=\"150\" height=\"150\" srcset=\"https:\/\/people.unica.it\/urbangis\/files\/2010\/01\/Ely_01cut-150x150.jpg 150w, https:\/\/people.unica.it\/urbangis\/files\/2010\/01\/Ely_01cut-96x96.jpg 96w, https:\/\/people.unica.it\/urbangis\/files\/2010\/01\/Ely_01cut-24x24.jpg 24w, https:\/\/people.unica.it\/urbangis\/files\/2010\/01\/Ely_01cut-36x36.jpg 36w, https:\/\/people.unica.it\/urbangis\/files\/2010\/01\/Ely_01cut-48x48.jpg 48w, https:\/\/people.unica.it\/urbangis\/files\/2010\/01\/Ely_01cut-64x64.jpg 64w\" sizes=\"(max-width: 150px) 100vw, 150px\" \/>Elisabetta, laureata in Ingegneria edile-architettura presso l\u2019Universit\u00e0 degli studi di Cagliari, Master Universitario di II livello in \u201cTecniche per la progettazione e la valutazione ambientale\u201d presso il Politecnico di Torino, \u00e8 Dottore di ricerca in Ingegneria civile e architettura (Universit\u00e0 degli studi di Cagliari) e cultore della materia in Tecnica e pianificazione urbanistica (SSD ICAR\/20). Ha collaborato con l&#8217;Universit\u00e0 di Sassari nell\u2019ambito delle attivit\u00e0 di studio e ricerca per la predisposizione della Strategia Regionale di Adattamento ai Cambiamenti Climatici della Regione Sardegna. Attualmente \u00e8 assegnista di ricerca presso il Centro Interuniversitario di Ricerche Economiche e Mobilit\u00e0 (CIREM \u2013 Universit\u00e0 di Cagliari), dove lavora alla predisposizione della Valutazione Ambientale Strategica del Piano Regionale della Mobilit\u00e0 ciclistica della Sardegna. I suoi\u00a0interessi di ricerca riguardano la Valutazione Ambientale Strategica, il Geodesign e lo sviluppo di Sistemi di Supporto alla Pianificazione.<\/p>\n<p>elisabetta.dicesare@unica.it<\/p>\n<p>&nbsp;<\/p>\n<p><span style=\"color: #008080\"><strong>Roberta Floris<\/strong><\/span><\/p>\n<p style=\"text-align: justify\"><img decoding=\"async\" class=\"alignleft wp-image-283 size-thumbnail\" src=\"http:\/\/people.unica.it\/urbangis\/files\/2010\/01\/Roby_02cut-150x150.jpg\" alt=\"Roby_02cut\" width=\"150\" height=\"150\" srcset=\"https:\/\/people.unica.it\/urbangis\/files\/2010\/01\/Roby_02cut-150x150.jpg 150w, https:\/\/people.unica.it\/urbangis\/files\/2010\/01\/Roby_02cut-96x96.jpg 96w, https:\/\/people.unica.it\/urbangis\/files\/2010\/01\/Roby_02cut-24x24.jpg 24w, https:\/\/people.unica.it\/urbangis\/files\/2010\/01\/Roby_02cut-36x36.jpg 36w, https:\/\/people.unica.it\/urbangis\/files\/2010\/01\/Roby_02cut-48x48.jpg 48w, https:\/\/people.unica.it\/urbangis\/files\/2010\/01\/Roby_02cut-64x64.jpg 64w\" sizes=\"(max-width: 150px) 100vw, 150px\" \/>Roberta \u00e8 laureata in Ingegneria Edile all\u2019 Universit\u00e0 degli studi di Cagliari (2009). Ha conseguito il Master Master Universitario \u201cInternational Planning and development\u201d presso la Cardiff University, School of City and Regional Planning ed \u00e8 Dottore di Ricerca in Ingegneria del Territorio (Universit\u00e0 degli studi di Cagliari). Gli interessi di ricerca riguardano tecniche di statistica spaziale in ambiente GIS combinate con tecniche di Computational Social Science (CSS) nell\u2019ambito dell\u2019analisi della domanda e dell\u2019industria turistica sul territorio sardo. Ulteriori attivit\u00e0 di ricerca riguardano l\u2019efficacia ed efficienza della governance paesaggistica e territoriale in Sardegna attraverso lo studio delle procedure di VAS e delle IDT. E\u2019 consulente nel campo della Valutazione Ambientale Strategica.<\/p>\n<p>roberta.floris@unica.it<\/p>\n<p>&nbsp;<\/p>\n<p><span style=\"color: #008080\"><strong>Anastacia Girsheva<\/strong><\/span><\/p>\n<p style=\"text-align: justify\">Anastacia \u00e8 laureata in Information Systems and Technologies \u00a0presso la Tomsk Polytechnic University. Dal 2012 \u00e8 assegnista di ricerca presso l\u2019Universit\u00e0 di Cagliari per il progetto \u201cDevelopment of a VGI platform for urban and regional planning\u201d.<\/p>\n<p>anastacia.girsheva@gmail.com<\/p>\n<p>&nbsp;<\/p>\n<p><span style=\"color: #008080\"><strong>Konstantin Ivanov<\/strong><\/span><\/p>\n<p style=\"text-align: justify\"><img decoding=\"async\" class=\"alignleft wp-image-292 size-thumbnail\" src=\"http:\/\/people.unica.it\/urbangis\/files\/2010\/01\/Kostia_03cut-150x150.jpg\" alt=\"Kostia_03cut\" width=\"150\" height=\"150\" srcset=\"https:\/\/people.unica.it\/urbangis\/files\/2010\/01\/Kostia_03cut-150x150.jpg 150w, https:\/\/people.unica.it\/urbangis\/files\/2010\/01\/Kostia_03cut-96x96.jpg 96w, https:\/\/people.unica.it\/urbangis\/files\/2010\/01\/Kostia_03cut-24x24.jpg 24w, https:\/\/people.unica.it\/urbangis\/files\/2010\/01\/Kostia_03cut-36x36.jpg 36w, https:\/\/people.unica.it\/urbangis\/files\/2010\/01\/Kostia_03cut-48x48.jpg 48w, https:\/\/people.unica.it\/urbangis\/files\/2010\/01\/Kostia_03cut-64x64.jpg 64w\" sizes=\"(max-width: 150px) 100vw, 150px\" \/>Konstantin \u00e8 laureato in Information Systems and Technologies presso la Tomsk Polytechnic University (2012). Dal\u00a0 2012 \u00e8 allievo del corso di Dottorato di ricerca congiunto presso la Tomsk Polytechnic University (Mathematical software of Computers and Computer Network) e l\u2019Universit\u00e0 di Cagliari (Ingegneria del Territorio). Lavora all\u2019interno del progetto di ricerca \u201cSoftware development and integration of spatial web services for Planning Support System Design\u201c. I suoi interessi di ricerca riguardano lo sviluppo software di web-systems, l&#8217;uso dell&#8217; informazione geografica e lo sviluppo di sistemi di supporto alla pianificazione.<\/p>\n<p>konstantin.ivn@gmail.com<\/p>\n<p>&nbsp;<\/p>\n<p><span style=\"color: #008080\"><strong>Pierangelo Massa<\/strong><\/span><\/p>\n<p style=\"text-align: justify\"><img decoding=\"async\" class=\"alignleft wp-image-291 size-thumbnail\" src=\"http:\/\/people.unica.it\/urbangis\/files\/2010\/01\/Piero_03cut-150x150.jpg\" alt=\"\" width=\"150\" height=\"150\" srcset=\"https:\/\/people.unica.it\/urbangis\/files\/2010\/01\/Piero_03cut-150x150.jpg 150w, https:\/\/people.unica.it\/urbangis\/files\/2010\/01\/Piero_03cut-96x96.jpg 96w, https:\/\/people.unica.it\/urbangis\/files\/2010\/01\/Piero_03cut-24x24.jpg 24w, https:\/\/people.unica.it\/urbangis\/files\/2010\/01\/Piero_03cut-36x36.jpg 36w, https:\/\/people.unica.it\/urbangis\/files\/2010\/01\/Piero_03cut-48x48.jpg 48w, https:\/\/people.unica.it\/urbangis\/files\/2010\/01\/Piero_03cut-64x64.jpg 64w\" sizes=\"(max-width: 150px) 100vw, 150px\" \/>Pierangelo \u00e8 laureato in Ingegneria Edile all\u2019Universit\u00e0 degli studi di Cagliari (2012), \u00e8 Dottore di ricerca in Ingegneria del Territorio (Universit\u00e0 degli studi di Cagliari). I suoi interessi di ricerca riguardano le informazioni geografiche dei social media (Social Media Geographic Information &#8211; SMGI), le tecniche di Business Process Management e l&#8217;uso del GIS nell\u2019ambito della Pianificazione urbana e territoriale. \u00c8 autore del tool Spatext per l\u2019analisi spaziale-temporale e testuale delle SMGI. L\u2019attuale attivit\u00e0 di ricerca riguarda lo studio e lo sviluppo di metodologie e strumenti per la gestione, l&#8217;integrazione e l&#8217;analisi delle social media geographic information nei processi di governo del territorio.<\/p>\n<p>pmassa@unica.it<\/p>\n<p>&nbsp;<\/p>\n<p><span style=\"color: #008080\"><strong>Andrea Matta<\/strong><\/span><\/p>\n<p style=\"text-align: justify\"><img decoding=\"async\" class=\"alignleft wp-image-286 size-thumbnail\" src=\"http:\/\/people.unica.it\/urbangis\/files\/2010\/01\/Andre_02cut-150x150.jpg\" alt=\"Andre_02cut\" width=\"150\" height=\"150\" srcset=\"https:\/\/people.unica.it\/urbangis\/files\/2010\/01\/Andre_02cut-150x150.jpg 150w, https:\/\/people.unica.it\/urbangis\/files\/2010\/01\/Andre_02cut-96x96.jpg 96w, https:\/\/people.unica.it\/urbangis\/files\/2010\/01\/Andre_02cut-24x24.jpg 24w, https:\/\/people.unica.it\/urbangis\/files\/2010\/01\/Andre_02cut-36x36.jpg 36w, https:\/\/people.unica.it\/urbangis\/files\/2010\/01\/Andre_02cut-48x48.jpg 48w, https:\/\/people.unica.it\/urbangis\/files\/2010\/01\/Andre_02cut-64x64.jpg 64w\" sizes=\"(max-width: 150px) 100vw, 150px\" \/>Andrea \u00e8 laureato in Ingegneria Edile all\u2019Universit\u00e0 degli Studi di Cagliari (2012) e Dottore di ricerca in Ingegneria e Scienze Ambientali (Universit\u00e0 degli studi di Cagliari). Gli interessi di ricerca riguardano il campo dei Sistemi di Supporto alla Pianificazione e nell\u2019 utilizzo di metodi di Geodesign. I suoi interessi di ricerca riguardano lo studio di metodologie di Geodesign e la loro applicazione nello sviluppo di sistemi di supporto alla pianificazione in ambito regionale e locale.<\/p>\n<p>amatta@unica.it<\/p>\n<p>&nbsp;<\/p>\n<p><span style=\"color: #008080\"><strong>Sara Mura<\/strong><\/span><\/p>\n<p><img decoding=\"async\" class=\"alignleft wp-image-399 size-thumbnail\" src=\"http:\/\/people.unica.it\/urbangis\/files\/2010\/01\/Sara_02-150x150.jpg\" alt=\"Sara_02\" width=\"150\" height=\"150\" srcset=\"https:\/\/people.unica.it\/urbangis\/files\/2010\/01\/Sara_02-150x150.jpg 150w, https:\/\/people.unica.it\/urbangis\/files\/2010\/01\/Sara_02-300x300.jpg 300w, https:\/\/people.unica.it\/urbangis\/files\/2010\/01\/Sara_02-1024x1024.jpg 1024w, https:\/\/people.unica.it\/urbangis\/files\/2010\/01\/Sara_02-96x96.jpg 96w, https:\/\/people.unica.it\/urbangis\/files\/2010\/01\/Sara_02-24x24.jpg 24w, https:\/\/people.unica.it\/urbangis\/files\/2010\/01\/Sara_02-36x36.jpg 36w, https:\/\/people.unica.it\/urbangis\/files\/2010\/01\/Sara_02-48x48.jpg 48w, https:\/\/people.unica.it\/urbangis\/files\/2010\/01\/Sara_02-64x64.jpg 64w\" sizes=\"(max-width: 150px) 100vw, 150px\" \/><\/p>\n<p style=\"text-align: justify\">Sara \u00e8 laureata in Ingegneria Edile Architettura presso l\u2019Universit\u00e0 degli studi di Cagliari (2014). I suoi principali interessi di ricerca riguardano lo studio e l\u2019analisi dei diversi tipi di Informazione Geografica tra cui l\u2019informazione volontaria (Volunteered Geographic Information, VGI), e ufficiale (Authoritative Geographic Information, AGI), e la loro integrazione negli studi del paesaggio e urbani e nella pianificazione territoriale e urbanistica.<\/p>\n<p>saram.mura@gmail.com<\/p>\n<p>&nbsp;<\/p>\n<p>&nbsp;<\/p>\n<p><span style=\"color: #008080\"><strong>Daniele Trogu<\/strong><\/span><\/p>\n<p style=\"text-align: justify\"><img decoding=\"async\" class=\"alignleft wp-image-287 size-thumbnail\" src=\"http:\/\/people.unica.it\/urbangis\/files\/2010\/01\/Dani_01cut-150x150.jpg\" alt=\"Dani_01cut\" width=\"150\" height=\"150\" srcset=\"https:\/\/people.unica.it\/urbangis\/files\/2010\/01\/Dani_01cut-150x150.jpg 150w, https:\/\/people.unica.it\/urbangis\/files\/2010\/01\/Dani_01cut-96x96.jpg 96w, https:\/\/people.unica.it\/urbangis\/files\/2010\/01\/Dani_01cut-24x24.jpg 24w, https:\/\/people.unica.it\/urbangis\/files\/2010\/01\/Dani_01cut-36x36.jpg 36w, https:\/\/people.unica.it\/urbangis\/files\/2010\/01\/Dani_01cut-48x48.jpg 48w, https:\/\/people.unica.it\/urbangis\/files\/2010\/01\/Dani_01cut-64x64.jpg 64w\" sizes=\"(max-width: 150px) 100vw, 150px\" \/>Daniele \u00e8 laureato in Ingegneria per l\u2019Ambiente e il Territorio presso l\u2019Universit\u00e0 degli studi di Cagliari (2010) e Dottore di ricerca in Ingegneria del Territorio (Universit\u00e0 di Cagliari). Gli interessi di ricerca riguardano la modellistica dei dati spaziali attraverso l\u2019utilizzo di tecniche di statistica spaziale, finalizzata allo studio della distribuzione dei fenomeni sul territorio.<\/p>\n<p>daniele.trogu@unica.it<\/p>\n","protected":false},"excerpt":{"rendered":"<p>Michele Campagna Michele, Dottore di ricerca in Ingegneria del Territorio (Universit\u00e0 di Cagliari, 2003), \u00e8 Professore Associato di Tecnica e Pianificazione Urbanistica all\u2019Universit\u00e0 di Cagliari, dove insegna pianificazione territoriale, geodesign e scienze dell&#8217;informazione territoriale. I suoi attuali interessi di ricerca riguardano lo studio di metodi scientifici nella pianificazione urbanistica e territoriale, il metaplanning, i Sistemi di Supporto alla Pianificazione (PSS), l\u2019uso di Social Media Geographic Information nella pianificazione ed il Geodesign. E\u2019 autore di oltre centoventi pubblicazioni ed \u00e8 editor del volume \u201cGIS for Sustainable Development\u201d pubblicato da CRC-Press\/Taylor e Francis Group nel 2006. Nel 2011 ha diretto l\u2019International Summer <a href='https:\/\/people.unica.it\/urbangis\/people\/' class='excerpt-more'>[&#8230;]<\/a><\/p>\n","protected":false},"author":33,"featured_media":0,"parent":0,"menu_order":0,"comment_status":"closed","ping_status":"closed","template":"","meta":{"footnotes":""},"class_list":["post-7","page","type-page","status-publish","hentry","category-1-id","post-seq-1","post-parity-odd","meta-position-corners","fix"],"_links":{"self":[{"href":"https:\/\/people.unica.it\/urbangis\/wp-json\/wp\/v2\/pages\/7","targetHints":{"allow":["GET"]}}],"collection":[{"href":"https:\/\/people.unica.it\/urbangis\/wp-json\/wp\/v2\/pages"}],"about":[{"href":"https:\/\/people.unica.it\/urbangis\/wp-json\/wp\/v2\/types\/page"}],"author":[{"embeddable":true,"href":"https:\/\/people.unica.it\/urbangis\/wp-json\/wp\/v2\/users\/33"}],"replies":[{"embeddable":true,"href":"https:\/\/people.unica.it\/urbangis\/wp-json\/wp\/v2\/comments?post=7"}],"version-history":[{"count":50,"href":"https:\/\/people.unica.it\/urbangis\/wp-json\/wp\/v2\/pages\/7\/revisions"}],"predecessor-version":[{"id":497,"href":"https:\/\/people.unica.it\/urbangis\/wp-json\/wp\/v2\/pages\/7\/revisions\/497"}],"wp:attachment":[{"href":"https:\/\/people.unica.it\/urbangis\/wp-json\/wp\/v2\/media?parent=7"}],"curies":[{"name":"wp","href":"https:\/\/api.w.org\/{rel}","templated":true}]}}