{"id":61,"date":"2012-04-12T10:09:50","date_gmt":"2012-04-12T10:09:50","guid":{"rendered":"http:\/\/people.unica.it\/basecds\/?page_id=61"},"modified":"2013-01-03T17:58:56","modified_gmt":"2013-01-03T17:58:56","slug":"organizzazione-del-corso-di-studi-tfa","status":"publish","type":"page","link":"https:\/\/people.unica.it\/tfachimica\/tfa\/organizzazione-del-corso-di-studi-tfa\/","title":{"rendered":"Organizzazione del Corso di Studi TFA"},"content":{"rendered":"<p><a href=\"http:\/\/www.univaq.it\/section.php?id=1423\" target=\"_blank\"><strong>Universit\u00e0 dell&#8217;Aquila<\/strong><\/a><\/p>\n<p>Tutte le prove di selezione sono state espletate; sono state pubblicate le graduatorie finali.<\/p>\n<p><a href=\"http:\/\/www.uniba.it\/offerta-formativa\/tfa\" target=\"_blank\"><strong><strong>Universit\u00e0 di Bari<\/strong><\/strong><\/a><\/p>\n<p>Tutte le prove di selezione sono state espletate. Si stanno valutando i titoli.<\/p>\n<p><a href=\"http:\/\/www.unibas.it\/ateneo\/tfa.asp\" target=\"_blank\"><strong>Universit\u00e0 della Basilicata<\/strong><\/a><\/p>\n<p>\u00c8 in corso la valutazione dei titoli che sar\u00e0 completata luned\u00ec 17 dicembre.<br \/>\nNon si sta ancora organizzando nulla riguardo ai corsi: a livello di Ateneo stanno procedendo con la scelta dei tutor scolastici.<\/p>\n<p><strong>Universit\u00e0 di Cagliari<\/strong><\/p>\n<p>Non sono state ancora svolte le selezioni per i tutori e al momento non sappiamo quando si potranno iniziare le attivit\u00e0.<\/p>\n<p><a href=\"http:\/\/www.unimi.it\/studenti\/56042.htm\"><strong>Universit\u00e0 di Milano<\/strong><\/a><\/p>\n<p>Il 14 novembre c&#8217;\u00e8 stata l&#8217;inaugurazione dei corsi TFA delle aree scientifiche e le lezioni sono iniziate il 19 novembre 2012.<\/p>\n<p><strong><a href=\"http:\/\/people.unica.it\/tfachimica\/files\/2012\/04\/A013_pianodidattico.pdf\">A013_pianodidattico_UniMi<\/a>, <a href=\"http:\/\/people.unica.it\/tfachimica\/files\/2012\/04\/GUIDA-A013-I-e-II-.doc\">GUIDA-A013 I e II UniMi<\/a><\/strong><\/p>\n<p><strong>Universit\u00e0 di Modena e Reggio<\/strong><\/p>\n<p>La data di inizio del TFA non \u00e8 stata ancora stabilita e non sono stati fatti i bandi per i tutor.<br \/>\nEntro il 21 si devono comunicare a tutti gli altri colleghi di Unimore referenti dei TFA la proposta di suddivisione dei 18 crediti\u00a0 I lavori saranno poi aggiornati al 17 gennaio.<\/p>\n<p><a href=\"http:\/\/www.unina.it\/studentididattica\/postlaurea\/tfa\/#graduatorie\"><strong>Universit\u00e0 di Napoli<\/strong><\/a><\/p>\n<p>\u00c8 stata avviata la discussione dell&#8217;organizzazione dei corsi e la proposta \u00e8 stata inoltrata al referente della Federico II.<br \/>\nSi ritiene che non sia possibile fare degli approfondimenti di tutta la chimica e che valga la pena di scegliere degli argomenti e svilupparli di comune accordo con i corsisti cercando di fornire loro gli strumenti per una didattica di qualit\u00e0. <a href=\"http:\/\/people.unica.it\/tfachimica\/files\/2012\/04\/TFA-A013-UniNa.pdf\">TFA A013 UniNa<\/a><\/p>\n<p><strong>Universit\u00e0 di Palermo<\/strong><\/p>\n<p>\u00c8 stato gi\u00e0 stilato il manifesto, completo dei contenuti, e nei prossimi giorni ci sar\u00e0 il bando per i docenti dei corsi di lezione; anche per i tutors si sta muovendo qualcosa. L&#8217;Ateneo prevede di iniziare nella seconda met\u00e0 di febbraio. Sono previsti 18 crediti dell&#8217;area didattico psico pedagogica e 18 nelle didattiche disciplinari. Di questi, tre corsi frontali da tre CFU ciascuno (storia delle scienze, storia della Chimica e didattica della chimica) e tre laboratori di didattica, due di chimica e una di tecnologie informatiche. Ho anche gli impegni dei colleghi a tenere i corsi.<\/p>\n<p><strong>Universit\u00e0 di Pavia<\/strong><\/p>\n<p>Non sono state ancora svolte le selezioni per i tutori e al momento non sappiamo quando si potranno iniziare le attivit\u00e0. Oltre alla presidente della commissione sono coinvolti altri quattro colleghi (due dei quali si occuperanno della classe A059 e della classe A060). Alcuni docenti si faranno carico anche dei corsi della A059 (2CFU) e della A060 (5CFU).<\/p>\n<p><strong>Universit\u00e0 consorziate di Padova, Venezia e Verona<br \/>\n<\/strong><\/p>\n<p>I concorsi per i tutors coordinatori si sono conclusi a settembre; siamo in attesa del decreto ministeriale che dovrebbe assegnare i tutors alle universit\u00e0, esonerandoli in parte dall\u2019insegnamento; &#8211; la selezione delle scuole accoglienti \u00e8 in corso<br \/>\nI corsi di TFA sono iniziati il 3 dicembre con le didattiche dell\u2019area pedagogica; le didattiche disciplinari inizieranno a fine febbraio per concludersi entro maggio.<br \/>\nI posti disponibili per il TFA A013 sono 15: non abbiamo ancora ricevuto l\u2019elenco degli iscritti e quindi non si sa quanti possano chiedere il semi-esonero.<\/p>\n<p><strong>Universit\u00e0 del Salento<\/strong><\/p>\n<p>I bandi per i tutori sono organizzati da un organismo regionale di coordinamento tra le Universit\u00e0 pugliesi. \u00c8 in corso la preparazione della proposta formativa per il TFA Ao13.<\/p>\n<p><a href=\"http:\/\/www.unitn.it\/tfa\/21889\/presentazione\" target=\"_blank\"><strong>Universit\u00e0 di Trento<\/strong><\/a><\/p>\n<p>Il Tutor scolatistico per la classe A13 (coprir\u00e0 anche la classe A60) \u00e8 stato reclutato il 25 ottobre 2012, ha preso servizio ufficialmente il 3 dicembre 2012 :\u00a0 prof Sonia Tamanini (Istituto Tecnico Rovereto)<br \/>\nTutor accoglienti : rosa disponibile dalle varie scuole agli inizi di dicembre, in corso di definizione i nominativi e le associature tirocinante-tutor accogliente<br \/>\nInizio ufficiale delle attivit\u00e0 TFA : 15 novembre 2012<br \/>\nInizio delle lezioni disciplinari : 10 dicembre 2012<\/p>\n<p>La proposta formativa per il TFA A013 e la parte chimica della classe A060 \u00e8 nel foglio excel: <strong><a href=\"http:\/\/people.unica.it\/tfachimica\/files\/2012\/04\/Percorsi_FormativiA013_A60TN.xls\">Percorsi_FormativiA013_A60 UniTN;<\/a><\/strong><\/p>\n<p><strong><a href=\"http:\/\/people.unica.it\/tfachimica\/files\/2012\/04\/pianoformativotfaclassea013chimica.pdf\">pianoformativotfaclassea013chimica UniTN<\/a><\/strong><\/p>\n<p><strong>Universit\u00e0 della Tuscia (Viterbo)<\/strong><\/p>\n<p>Il concorso della classe A013 \u00e8 concluso. L&#8217;iter successivo non \u00e8 ancora iniziato e non sar\u00e0 possibile iniziare prima di Gennaio 2013.<\/p>\n<p>&nbsp;<\/p>","protected":false},"excerpt":{"rendered":"<p>Universit\u00e0 dell&#8217;Aquila Tutte le prove di selezione sono state espletate; sono state pubblicate le graduatorie finali. Universit\u00e0 di Bari Tutte le prove di selezione sono state espletate. Si stanno valutando i titoli. Universit\u00e0 della Basilicata \u00c8 in corso la valutazione dei titoli che sar\u00e0 completata luned\u00ec 17 dicembre. Non si sta ancora organizzando nulla riguardo <a href='https:\/\/people.unica.it\/tfachimica\/tfa\/organizzazione-del-corso-di-studi-tfa\/' class='excerpt-more'>[&#8230;]<\/a><\/p>\n","protected":false},"author":1,"featured_media":0,"parent":57,"menu_order":0,"comment_status":"closed","ping_status":"closed","template":"","meta":{"footnotes":""},"class_list":["post-61","page","type-page","status-publish","hentry","post-seq-1","post-parity-odd","meta-position-corners","fix"],"_links":{"self":[{"href":"https:\/\/people.unica.it\/tfachimica\/wp-json\/wp\/v2\/pages\/61","targetHints":{"allow":["GET"]}}],"collection":[{"href":"https:\/\/people.unica.it\/tfachimica\/wp-json\/wp\/v2\/pages"}],"about":[{"href":"https:\/\/people.unica.it\/tfachimica\/wp-json\/wp\/v2\/types\/page"}],"author":[{"embeddable":true,"href":"https:\/\/people.unica.it\/tfachimica\/wp-json\/wp\/v2\/users\/1"}],"replies":[{"embeddable":true,"href":"https:\/\/people.unica.it\/tfachimica\/wp-json\/wp\/v2\/comments?post=61"}],"version-history":[{"count":39,"href":"https:\/\/people.unica.it\/tfachimica\/wp-json\/wp\/v2\/pages\/61\/revisions"}],"predecessor-version":[{"id":160,"href":"https:\/\/people.unica.it\/tfachimica\/wp-json\/wp\/v2\/pages\/61\/revisions\/160"}],"up":[{"embeddable":true,"href":"https:\/\/people.unica.it\/tfachimica\/wp-json\/wp\/v2\/pages\/57"}],"wp:attachment":[{"href":"https:\/\/people.unica.it\/tfachimica\/wp-json\/wp\/v2\/media?parent=61"}],"curies":[{"name":"wp","href":"https:\/\/api.w.org\/{rel}","templated":true}]}}