{"id":5,"date":"2006-11-14T13:34:42","date_gmt":"2006-11-14T13:34:42","guid":{"rendered":"http:\/\/people.unica.it\/settorereti\/due\/"},"modified":"2023-01-19T17:51:59","modified_gmt":"2023-01-19T16:51:59","slug":"servizi","status":"publish","type":"page","link":"https:\/\/people.unica.it\/settorereti\/","title":{"rendered":"Servizi"},"content":{"rendered":"<h5 align=\"left\">Il settore reti della Direzione SID si occupa dei seguenti servizi:<\/h5>\n<h6><img loading=\"lazy\" decoding=\"async\" class=\"alignnone size-full wp-image-1642\" src=\"http:\/\/people.unica.it\/settorereti\/files\/2018\/07\/icons8-wi-fi-64.png\" alt=\"\" width=\"64\" height=\"64\" \/> Rete wireless\u00a0 d&#8217;Ateneo<\/h6>\n<p>Informazioni per l&#8217;accesso alla rete wireless <a href=\"http:\/\/people.unica.it\/wifi\" target=\"_blank\" rel=\"noopener noreferrer\">sito dedicato<\/a><\/p>\n<h6><img loading=\"lazy\" decoding=\"async\" class=\"alignnone size-full wp-image-1644\" src=\"http:\/\/people.unica.it\/settorereti\/files\/2018\/07\/icons8-user-account-64.png\" alt=\"\" width=\"64\" height=\"64\" \/> Sponsor for guest<\/h6>\n<p>Per creare credenziali temporanee (Max 1 mese)\u00a0<a href=\"https:\/\/sponsorforguest.unica.it\" target=\"_blank\" rel=\"noopener noreferrer\">accedi al servizio<\/a><\/p>\n<h6><img loading=\"lazy\" decoding=\"async\" class=\"alignnone size-full wp-image-1651\" src=\"http:\/\/people.unica.it\/settorereti\/files\/2018\/07\/customer-64.png\" alt=\"\" width=\"64\" height=\"64\" \/>\u00a0Recupero credenziali e cambio password per l&#8217;accesso alla rete d&#8217;Ateneo\u00a0 o richiesta di credenziali :<\/h6>\n<p>La richiesta di accesso ai servizi di rete per utenti non ufficialmente inquadrati come personale d\u2019Ateneo deve essere inviata per mail a <strong>direzione.sid_AT_unica.it<\/strong> a cura di chi l&#8217;autorizza (Direttore di Dipartimento, Responsabile di centro, &#8230;)<\/p>\n<p>Il reset della password per chi \u00e8 gi\u00e0 possesso di un account pu\u00f2 essere eseguito su <a href=\"https:\/\/passwordreset.microsoftonline.com\/?whr=unica.it\" target=\"_blank\" rel=\"noopener\">questa pagina<\/a><\/p>\n<h6><img loading=\"lazy\" decoding=\"async\" class=\"alignnone size-full wp-image-1645\" src=\"http:\/\/people.unica.it\/settorereti\/files\/2018\/07\/icons8-wired-network-connection-64.png\" alt=\"\" width=\"64\" height=\"64\" \/>\u00a0Punti di accesso wired alla rete d&#8217;Ateneo<\/h6>\n<p>Se hai bisogno di un punto rete, crea una richiesta su <a href=\"https:\/\/helpdesk.unica.it\" target=\"_blank\" rel=\"noopener noreferrer\">Helpdesk<\/a>\u00a0(credenziali U-Gov\u00a0 Categoria: Rete-Cablaggi)<\/p>\n<h6><img loading=\"lazy\" decoding=\"async\" class=\"alignnone size-full wp-image-1646\" src=\"http:\/\/people.unica.it\/settorereti\/files\/2018\/07\/icons8-website-64.png\" alt=\"\" width=\"64\" height=\"64\" \/>\u00a0Servizi Domain Name Server<\/h6>\n<p>Se hai bisogno di un nuovo record dns, crea una richiesta su <a href=\"https:\/\/helpdesk.unica.it\" target=\"_blank\" rel=\"noopener noreferrer\">Helpdesk\u00a0<\/a>\u00a0(credenziali U-Gov Categoria: Rete-DNS)<\/p>\n<h6><strong><img loading=\"lazy\" decoding=\"async\" class=\"alignnone size-full wp-image-1647\" src=\"http:\/\/people.unica.it\/settorereti\/files\/2018\/07\/icons8-web-address-64.png\" alt=\"\" width=\"64\" height=\"64\" \/>\u00a0Attribuzione di indirizzi ipv4 pubblici<\/strong><\/h6>\n<p><a href=\"https:\/\/helpdesk.unica.it\" target=\"_blank\" rel=\"noopener noreferrer\">Helpdesk<\/a>\u00a0(credenziali U-Gov Categoria: Rete-Configurazioni)<\/p>\n<h6><strong><img loading=\"lazy\" decoding=\"async\" class=\"alignnone size-full wp-image-1648\" src=\"http:\/\/people.unica.it\/settorereti\/files\/2018\/07\/icons8-vpn-64.png\" alt=\"\" width=\"64\" height=\"64\" \/>\u00a0Accesso VPN<\/strong><\/h6>\n<p><a href=\"https:\/\/people.unica.it\/settorereti\/files\/2021\/05\/Manuale-vpn-2021.pdf\" target=\"_blank\" rel=\"noopener noreferrer\">Manuale di configurazione<\/a><\/p>\n<p>Richiesta\/rinnovo\u00a0 <a href=\"https:\/\/helpdesk.unica.it\" target=\"_blank\" rel=\"noopener noreferrer\">Helpdesk\u00a0<\/a> (credenziali U-Gov Categoria: Rete-VPN)<\/p>\n<p>Nel caso in cui il richiedente sia uno studente, il ticket deve essere aperto dal docente che autorizza. Si ricorda che il VPN per gli studenti ha durata di un anno ed \u00e8 rinnovabile, sempre su richiesta del docente che autorizza.<\/p>\n<p><a href=\"http:\/\/people.unica.it\/settorereti\/files\/2020\/03\/Manuale-cartelle-rdp.pdf\" target=\"_blank\" rel=\"noopener noreferrer\">Manuale per condivisione cartelle e desktop remoto<\/a><\/p>\n<p>&nbsp;<\/p>\n<h6><img decoding=\"async\" src=\"http:\/\/people.unica.it\/settorereti\/files\/2019\/02\/icons8-key-2-64.png\" \/>\u00a0Servizio di autenticazione federata IDEM<\/h6>\n<p>Per i servizi offerti dalla federazione, vai al <a href=\"http:\/\/people.unica.it\/idem\/servizi-idem\/\" target=\"_blank\" rel=\"noopener noreferrer\">sito dedicato<\/a><\/p>\n<h6><img loading=\"lazy\" decoding=\"async\" class=\"alignnone size-full wp-image-1649\" src=\"http:\/\/people.unica.it\/settorereti\/files\/2018\/07\/icons8-shield-64.png\" alt=\"\" width=\"64\" height=\"64\" \/>\u00a0Regole di sicurezza su firewall d&#8217;Ateneo<\/h6>\n<p><a href=\"https:\/\/helpdesk.unica.it\" target=\"_blank\" rel=\"noopener noreferrer\">Helpdesk\u00a0<\/a>\u00a0(credenziali U-Gov Categoria: Rete-Firewall)<\/p>\n<h6><img loading=\"lazy\" decoding=\"async\" class=\"alignnone size-full wp-image-1650\" src=\"http:\/\/people.unica.it\/settorereti\/files\/2018\/07\/maintenance-64.png\" alt=\"\" width=\"64\" height=\"64\" \/>\u00a0Tools<\/h6>\n<p>Servizio <a href=\"https:\/\/chisono.unica.it\" target=\"_blank\" rel=\"noopener noreferrer\">Il mio IP<\/a><\/p>\n<p>Servizio <a href=\"http:\/\/speedtest.unica.it\/\" target=\"_blank\" rel=\"noopener noreferrer\">Speedtest<\/a><\/p>\n<p><a href=\"https:\/\/people.unica.it\/settorereti\/proteggi-il-tuo-dispositivo\/\" target=\"_blank\" rel=\"noopener\">Proteggi il tuo dispositivo<\/a><\/p>\n<p>Scansioni di vulnerabilit\u00e0 dei propri sistemi,\u00a0 crea una richiesta su <a href=\"https:\/\/helpdesk.unica.it\" target=\"_blank\" rel=\"noopener noreferrer\">Helpdesk\u00a0<\/a>\u00a0(credenziali U-Gov Categoria: Rete-Scansioni)<\/p>\n<h6><\/h6>\n<p>&nbsp;<\/p>\n<p>&nbsp;<\/p>\n<p>&nbsp;<\/p>\n<p>&nbsp;<\/p>\n<p>&nbsp;<\/p>\n<p align=\"center\">\n","protected":false},"excerpt":{"rendered":"<p>Il settore reti della Direzione SID si occupa dei seguenti servizi: Rete wireless\u00a0 d&#8217;Ateneo Informazioni per l&#8217;accesso alla rete wireless sito dedicato Sponsor for guest Per creare credenziali temporanee (Max 1 mese)\u00a0accedi al servizio \u00a0Recupero credenziali e cambio password per l&#8217;accesso alla rete d&#8217;Ateneo\u00a0 o richiesta di credenziali : La richiesta di accesso ai servizi di rete per utenti non &#8230; <a href=\"https:\/\/people.unica.it\/settorereti\/\" class=\"more-link\">Read More<\/a><\/p>\n","protected":false},"author":10,"featured_media":0,"parent":0,"menu_order":0,"comment_status":"closed","ping_status":"closed","template":"","meta":{"footnotes":""},"class_list":["post-5","page","type-page","status-publish","hentry","no-post-thumbnail"],"_links":{"self":[{"href":"https:\/\/people.unica.it\/settorereti\/wp-json\/wp\/v2\/pages\/5","targetHints":{"allow":["GET"]}}],"collection":[{"href":"https:\/\/people.unica.it\/settorereti\/wp-json\/wp\/v2\/pages"}],"about":[{"href":"https:\/\/people.unica.it\/settorereti\/wp-json\/wp\/v2\/types\/page"}],"author":[{"embeddable":true,"href":"https:\/\/people.unica.it\/settorereti\/wp-json\/wp\/v2\/users\/10"}],"replies":[{"embeddable":true,"href":"https:\/\/people.unica.it\/settorereti\/wp-json\/wp\/v2\/comments?post=5"}],"version-history":[{"count":58,"href":"https:\/\/people.unica.it\/settorereti\/wp-json\/wp\/v2\/pages\/5\/revisions"}],"predecessor-version":[{"id":1795,"href":"https:\/\/people.unica.it\/settorereti\/wp-json\/wp\/v2\/pages\/5\/revisions\/1795"}],"wp:attachment":[{"href":"https:\/\/people.unica.it\/settorereti\/wp-json\/wp\/v2\/media?parent=5"}],"curies":[{"name":"wp","href":"https:\/\/api.w.org\/{rel}","templated":true}]}}