{"id":2255,"date":"2023-05-25T07:33:29","date_gmt":"2023-05-25T07:33:29","guid":{"rendered":"https:\/\/people.unica.it\/segreteriastudentiscienzemmffnn\/?page_id=2255"},"modified":"2025-03-18T10:49:41","modified_gmt":"2025-03-18T10:49:41","slug":"faq-tasse-universitarie","status":"publish","type":"page","link":"https:\/\/people.unica.it\/segreteriastudentiscienzemmffnn\/faq-tasse-universitarie\/","title":{"rendered":"Faq Tasse Universitarie"},"content":{"rendered":"<p><strong>Quando si pagano le tasse universitarie?<\/strong>&#8221;<\/p>\n<p>A ottobre, febbraio e giugno, secondo le scadenze indicate dal Regolamento tasse e visualizzabili dalla tua area riservata su Esse3 (<a href=\"https:\/\/unica.esse3.cineca.it\/Home.do\" target=\"_blank\" rel=\"noopener\"><strong>Clicca qu\u00ec<\/strong><\/a>).<br \/>\nSegreteria &gt; Pagamenti<\/p>\n<p>&#8220;<strong>Come faccio a sapere quanto devo pagare?<\/strong>&#8221;<\/p>\n<p>A partire dall\u2019a.a. 2013\/2014 l\u2019importo delle tasse viene calcolato in funzione dell\u2019ISEE. La tabella che indica l\u2019importo delle tasse in funzione della fascia\u00a0 ISEE\/ISEEU \u00e8 riportata sul <strong><a href=\"https:\/\/www.unica.it\/sites\/default\/files\/2024-06\/Regolamento_contribuzione_studentesca_2024_2025.pdf\">Regolamento Contribuzione studentesca<\/a><\/strong><\/p>\n<p>&#8220;<strong>Come faccio a caricare il mio ISEE per il calcolo delle tasse?<\/strong><\/p>\n<p>Devi dichiarare e autocertificare il valore ISEE, tramite la procedura online disponibile nella tua area riservata su Esse3 (<a href=\"https:\/\/unica.esse3.cineca.it\/Home.do\" target=\"_blank\" rel=\"noopener\"><strong>Clicca qu\u00ec<\/strong><\/a>) e seguendo il seguente percorso:<\/p>\n<p>Men\u00f9 &gt; Segreteria &gt; Autocertificazioni<\/p>\n<p><strong><span style=\"color: #ff0000\">ATTENZIONE!<\/span><\/strong>: Prima di avviare la procedura di autocertificazione, devi essere in possesso di un ISEE\u00a0 valido per l&#8217;anno di riferimento. Ricordati che l&#8217;ISEE scade sempre al 31 dicembre dell&#8217;anno in cui \u00e8 stato rilasciato.<\/p>\n<p>&#8220;<strong>Come posso pagare le tasse universitarie?<\/strong><\/p>\n<p>Puoi scegliere di effettuare il pagamento con due modalit\u00e0:<\/p>\n<ul>\n<li>pagamento online<\/li>\n<li>pagamento di persona<\/li>\n<\/ul>\n<p>Per il pagamento online devi cliccare sul pulsante rosso &#8220;Paga online con PagoPA&#8221;.<br \/>\nVerrai reindirizzato nel portale PagoPA dove potrai accedere con SPID o con la tua email.<br \/>\nPotrai pagare con:<\/p>\n<ul>\n<li>carta di credito\/debito;<\/li>\n<li>direttamente sul conto corrente per i prestatori servizi di pagamento (PSP) che permettono questa opzione;<\/li>\n<li>con altri metodi di pagamento.<\/li>\n<\/ul>\n<p>Per il pagamento di persona devi cliccare sul pulsante &#8220;Stampa avviso per PagoPA&#8221;.<br \/>\nUna volta scaricato il file PDF con l&#8217;avviso per PagoPA, puoi pagarlo presso uno dei PSP attivi tramite i canali da questi messi a disposizione, come per esempio: home banking, bancomat ATM, APP\u00a0da smartphone o tablet, sportello, ricevitorie Sisal\/Lottomatica, ecc.<\/p>\n<p>Per il pagamento attraverso il circuito CBILL oltre allo IUV (identificativo univoco versamento) \u00e8 necessario indicare il codice interbancario dell&#8217;Ateneo 10Q83.<\/p>\n<p>Per gli avvisi emessi dall\u2019Universit\u00e0 di Cagliari\u00a0NON\u00a0\u00e8 possibile effettuare il pagamento di persona presso gli uffici postali.<\/p>\n<p><strong>Il pagamento tramite PagoPA generalmente prevede\u00a0delle commissioni.\u00a0<\/strong>Si consiglia di prestare attenzione alle diverse condizioni applicate dai PSP.<\/p>\n<p>Se\u00a0 il\u00a0 pagamento \u00e8\u00a0stato effettuato online, potrai\u00a0stampare, entro poco tempo, la ricevuta cliccando sul pulsante &#8220;Stampa Quietanza di Pagamento&#8221;.<\/p>\n<p>Se il pagamento \u00e8 avvenuto di persona, la stampa della ricevuta sar\u00e0 disponibile dopo che l&#8217;Ateneo ricever\u00e0 la comunicazione del versamento.<\/p>\n<p><strong>ATTENZIONE\u00a0<\/strong>&#8211;<em>\u00a0<\/em>Se viene\u00a0<strong>interrotta o annullata<\/strong>\u00a0la procedura di pagamento online,\u00a0<strong>i pulsanti &#8220;Paga online con PagoPA&#8221; e \u201cStampa Avviso per PagoPA\u201d\u00a0<\/strong>potrebbero non essere disponibili per circa\u00a0<strong>60 minuti.<\/strong><\/p>\n<p>&#8220;<strong>Se non pago le tasse entro la scadenza prevista, cosa succede?<\/strong>&#8221;<\/p>\n<p>Se paghi la tassa prevista per il mese di ottobre, oltre la scadenza ma entro il mese di dicembre sarai tenuto al pagamento di una sovrattassa.\u00a0 Nel caso in cui la tassa non venisse pagata entro dicembre verrai considerato <strong>non iscritto all&#8217;a.a. di riferimento<\/strong> e non potrai seguire le lezioni e sostenere esami. In questo ultimo caso, se vorrai iscriverti sar\u00e0 necessario presentare <span style=\"color: #0000ff\"><a style=\"color: #0000ff\" href=\"https:\/\/people.unica.it\/segreteriastudentiscienzemmffnn\/files\/2009\/05\/Istanze-generiche.pdf\">un&#8217;istanza d&#8217;iscrizione fuori termine<\/a> <\/span>alla segreteria studenti: (segrstudbiofarmscienze@unica.it).<\/p>\n<p><strong>Ho pagato le tasse per il nuovo Anno Accademico ma mi devo laureare con la proroga. Cosa faccio?<\/strong><\/p>\n<p>Non preoccuparti, ti verranno rimborsate le tasse non dovute. Ricordati di inserire un Iban associato ad un conto\/carta intestato a te, nel tuo pannello Esse3 (<a href=\"https:\/\/unica.esse3.cineca.it\/Home.do\" target=\"_blank\" rel=\"noopener\"><strong>Clicca qu\u00ec<\/strong><\/a>) andando su:<\/p>\n<p>Men\u00f9 &gt; Home &gt; Anagrafica &gt; Dati di Domiciliazione bancaria<\/p>\n","protected":false},"excerpt":{"rendered":"<p>Quando si pagano le tasse universitarie?&#8221; A ottobre, febbraio e giugno, secondo le scadenze indicate dal Regolamento tasse e visualizzabili dalla tua area riservata su Esse3 (Clicca qu\u00ec). Segreteria &gt; Pagamenti &#8220;Come faccio a sapere quanto devo pagare?&#8221; A partire dall\u2019a.a. 2013\/2014 l\u2019importo delle tasse viene calcolato in funzione dell\u2019ISEE. La tabella che indica l\u2019importo delle tasse in funzione della fascia\u00a0 ISEE\/ISEEU \u00e8 riportata sul Regolamento Contribuzione studentesca &#8220;Come faccio a caricare il mio ISEE per il calcolo delle tasse? Devi dichiarare e autocertificare il valore ISEE, tramite la procedura online disponibile nella tua area riservata su Esse3 (Clicca qu\u00ec) <a href='https:\/\/people.unica.it\/segreteriastudentiscienzemmffnn\/faq-tasse-universitarie\/' class='excerpt-more'>[&#8230;]<\/a><\/p>\n","protected":false},"author":9286,"featured_media":0,"parent":0,"menu_order":0,"comment_status":"closed","ping_status":"closed","template":"","meta":{"footnotes":""},"class_list":["post-2255","page","type-page","status-publish","hentry","post-seq-1","post-parity-odd","meta-position-corners","fix"],"_links":{"self":[{"href":"https:\/\/people.unica.it\/segreteriastudentiscienzemmffnn\/wp-json\/wp\/v2\/pages\/2255","targetHints":{"allow":["GET"]}}],"collection":[{"href":"https:\/\/people.unica.it\/segreteriastudentiscienzemmffnn\/wp-json\/wp\/v2\/pages"}],"about":[{"href":"https:\/\/people.unica.it\/segreteriastudentiscienzemmffnn\/wp-json\/wp\/v2\/types\/page"}],"author":[{"embeddable":true,"href":"https:\/\/people.unica.it\/segreteriastudentiscienzemmffnn\/wp-json\/wp\/v2\/users\/9286"}],"replies":[{"embeddable":true,"href":"https:\/\/people.unica.it\/segreteriastudentiscienzemmffnn\/wp-json\/wp\/v2\/comments?post=2255"}],"version-history":[{"count":29,"href":"https:\/\/people.unica.it\/segreteriastudentiscienzemmffnn\/wp-json\/wp\/v2\/pages\/2255\/revisions"}],"predecessor-version":[{"id":2411,"href":"https:\/\/people.unica.it\/segreteriastudentiscienzemmffnn\/wp-json\/wp\/v2\/pages\/2255\/revisions\/2411"}],"wp:attachment":[{"href":"https:\/\/people.unica.it\/segreteriastudentiscienzemmffnn\/wp-json\/wp\/v2\/media?parent=2255"}],"curies":[{"name":"wp","href":"https:\/\/api.w.org\/{rel}","templated":true}]}}