{"id":21,"date":"2009-05-12T08:47:49","date_gmt":"2009-05-12T08:47:49","guid":{"rendered":"http:\/\/people.unica.it\/segreteriastudentiscienzemmffnn\/?page_id=21"},"modified":"2025-03-18T10:32:49","modified_gmt":"2025-03-18T10:32:49","slug":"rinuncia-agli-studi-decadenza","status":"publish","type":"page","link":"https:\/\/people.unica.it\/segreteriastudentiscienzemmffnn\/competenze-e-organigramma\/rinuncia-agli-studi-decadenza\/","title":{"rendered":"Rinuncia agli studi \/ Decadenza"},"content":{"rendered":"<p style=\"text-align: justify\"><strong>Domanda di rinuncia agli studi\u00a0<\/strong><\/p>\n<p style=\"text-align: justify\">La rinuncia agli studi \u00e8 l\u2019atto attraverso il quale lo studente manifesta un\u2019esplicita volont\u00e0 di abbandonare gli studi intrapresi. La rinuncia pu\u00f2 essere effettuata in qualunque momento; lo studente rinunciatario pu\u00f2 chiedere una nuova immatricolazione allo stesso o ad altro corso di studi, iniziando cos\u00ec una nuova carriera.<\/p>\n<p style=\"text-align: justify\">Per poter chiudere la propria carriera universitaria, \u00e8 necessario accedere alla propria area riservata del sito Unica e:<\/p>\n<ul style=\"text-align: justify\">\n<li>Nel menu Carriera, cliccare su Domanda di chiusura fino al completamento del processo;<\/li>\n<li>Versare i 16 euro emessi al termine del processo (\u00e8 l\u2019imposta di bollo), il cui avviso PagoPA \u00e8 disponibile\u00a0nella sezione Pagamenti;<\/li>\n<li>Allegare in \u201cAllegati carriera\u201d, la scansione fronte e retro del proprio documento d\u2019identit\u00e0.<\/li>\n<li>Dopo il pagamento del bollettino di 16 euro, <strong>\u00e8 necessario darne comunicazione alla Segreteria Studenti<\/strong> via e-mail all&#8217;indirizzo: <a href=\"mailto:segrstudbiofarmscienze@unica.it\">segrstudbiofarmscienze@unica.it<\/a> specificando: il proprio nominativo, numero di matricola e corso di laurea.<\/li>\n<\/ul>\n<p style=\"text-align: justify\"><strong>Decadenza<\/strong><\/p>\n<p style=\"text-align: justify\">Incorrono in decadenza:<\/p>\n<ol style=\"text-align: justify\">\n<li>a) gli studenti iscritti a corsi a ciclo unico dell&#8217;ordinamento ex DM 509\/1999 o DM 270\/2004, che non acquisiscano almeno un credito formativo universitario (CFU) in otto anni accademici;<\/li>\n<li>b) gli studenti iscritti a corsi di durata biennale o triennale ex DM 509\/1999 o DM 270\/2004, che non acquisiscano almeno un credito formativo universitario (CFU) in un numero di anni pari al doppio della durata normale del corso di studi di appartenenza.<\/li>\n<li>c) gli studenti iscritti ad ordinamenti previgenti il DM 509\/1999 che non superino almeno un esame in otto anni.<\/li>\n<\/ol>\n<p style=\"text-align: justify\">Non interviene decadenza, per un ulteriore periodo pari alla met\u00e0 di quanto indicato nel primo comma, nel caso in cui lo studente decadente, abbia superato tutte le prove di valutazione, acquisendone i relativi crediti, o tutti gli esami e debba sostenere unicamente la prova finale.<\/p>\n<p style=\"text-align: justify\">La\u00a0noma\u00a0si applica alle decadenze che matureranno dall&#8217;anno accademico 2015\/2016. Per le decadenze maturate nei precedenti anni accademici si applicher\u00e0 la normativa prevista dall\u2019art. 149 del R.D. 1952\/1933.<\/p>\n<p style=\"text-align: justify\"><em> La rinuncia agli studi e la decadenza sono cause di estinzione della carriera dello studente: entrambe, infatti, comportano la cessazione dallo status di studente acquisito con l\u2019immatricolazione.<\/em><\/p>\n","protected":false},"excerpt":{"rendered":"<p>Domanda di rinuncia agli studi\u00a0 La rinuncia agli studi \u00e8 l\u2019atto attraverso il quale lo studente manifesta un\u2019esplicita volont\u00e0 di abbandonare gli studi intrapresi. La rinuncia pu\u00f2 essere effettuata in qualunque momento; lo studente rinunciatario pu\u00f2 chiedere una nuova immatricolazione allo stesso o ad altro corso di studi, iniziando cos\u00ec una nuova carriera. Per poter chiudere la propria carriera universitaria, \u00e8 necessario accedere alla propria area riservata del sito Unica e: Nel menu Carriera, cliccare su Domanda di chiusura fino al completamento del processo; Versare i 16 euro emessi al termine del processo (\u00e8 l\u2019imposta di bollo), il cui avviso <a href='https:\/\/people.unica.it\/segreteriastudentiscienzemmffnn\/competenze-e-organigramma\/rinuncia-agli-studi-decadenza\/' class='excerpt-more'>[&#8230;]<\/a><\/p>\n","protected":false},"author":282,"featured_media":0,"parent":3,"menu_order":3,"comment_status":"closed","ping_status":"closed","template":"","meta":{"footnotes":""},"class_list":["post-21","page","type-page","status-publish","hentry","category-1-id","post-seq-1","post-parity-odd","meta-position-corners","fix"],"_links":{"self":[{"href":"https:\/\/people.unica.it\/segreteriastudentiscienzemmffnn\/wp-json\/wp\/v2\/pages\/21","targetHints":{"allow":["GET"]}}],"collection":[{"href":"https:\/\/people.unica.it\/segreteriastudentiscienzemmffnn\/wp-json\/wp\/v2\/pages"}],"about":[{"href":"https:\/\/people.unica.it\/segreteriastudentiscienzemmffnn\/wp-json\/wp\/v2\/types\/page"}],"author":[{"embeddable":true,"href":"https:\/\/people.unica.it\/segreteriastudentiscienzemmffnn\/wp-json\/wp\/v2\/users\/282"}],"replies":[{"embeddable":true,"href":"https:\/\/people.unica.it\/segreteriastudentiscienzemmffnn\/wp-json\/wp\/v2\/comments?post=21"}],"version-history":[{"count":45,"href":"https:\/\/people.unica.it\/segreteriastudentiscienzemmffnn\/wp-json\/wp\/v2\/pages\/21\/revisions"}],"predecessor-version":[{"id":2403,"href":"https:\/\/people.unica.it\/segreteriastudentiscienzemmffnn\/wp-json\/wp\/v2\/pages\/21\/revisions\/2403"}],"up":[{"embeddable":true,"href":"https:\/\/people.unica.it\/segreteriastudentiscienzemmffnn\/wp-json\/wp\/v2\/pages\/3"}],"wp:attachment":[{"href":"https:\/\/people.unica.it\/segreteriastudentiscienzemmffnn\/wp-json\/wp\/v2\/media?parent=21"}],"curies":[{"name":"wp","href":"https:\/\/api.w.org\/{rel}","templated":true}]}}