{"id":18,"date":"2009-05-12T08:36:01","date_gmt":"2009-05-12T08:36:01","guid":{"rendered":"http:\/\/people.unica.it\/segreteriastudentiscienzemmffnn\/?page_id=18"},"modified":"2025-03-19T11:46:52","modified_gmt":"2025-03-19T11:46:52","slug":"ricognizione-e-sopensione","status":"publish","type":"page","link":"https:\/\/people.unica.it\/segreteriastudentiscienzemmffnn\/competenze-e-organigramma\/ricognizione-e-sopensione\/","title":{"rendered":"Interruzione e sospensione"},"content":{"rendered":"<p>&nbsp;<\/p>\n<ul>\n<li><strong>Sospensione<\/strong><\/li>\n<\/ul>\n<p style=\"text-align: justify\">La sospensione temporanea della carriera relativa ad un Corso di studio pu\u00f2 essere richiesta dallo studente ai fini dell\u2019iscrizione ad una scuola di specializzazione, ad un dottorato di ricerca o\u00a0ad un master. Possono altres\u00ec chiedere la sospensione gli studenti iscritti ad un corso di studi dell&#8217;Ateneo che intendano iscriversi ad un corso di studi presso un&#8217;Universit\u00e0 estera, al di fuori di un programma di scambio europeo.<\/p>\n<p>&nbsp;<\/p>\n<ul>\n<li><strong>Interruzione<\/strong><\/li>\n<\/ul>\n<p>Le studentesse e gli studenti possono interrompere la carriera per un minimo di due anni. Per attuare l&#8217;interruzione \u00e8 sufficiente che non venga pagata la tassa di iscrizione all&#8217;anno accademico di riferimento. La studentessa e lo studente che vogliano riprendere la carriera, dovranno presentare domanda di ricognizione, pagando una tassa il cui ammontare \u00e8 determinato annualmente dal Regolamento tasse e contributi universitari.<\/p>\n<p>Per maggiori informazioni: <a href=\"https:\/\/www.unica.it\/sites\/default\/files\/2024-06\/Regolamento_contribuzione_studentesca_2024_2025.pdf\">Regolamento contribuzione studentesca<\/a><\/p>\n<p>&nbsp;<\/p>\n<p><strong>Ricognizione<\/strong><\/p>\n<p style=\"text-align: justify\">La ricognizione \u00e8 il provvedimento mediante il quale lo studente che abbia interrotto gli studi per due o pi\u00f9\u00a0anni accademici e che non sia incorso nella decadenza, ottiene di riprendere gli studi presentando l\u2019apposita domanda di ricognizione. Negli anni accademici per i quali non \u00e8 stato iscritto, lo studente non pu\u00f2 sostenere esami, n\u00e9 compiere alcun atto di carriera.<br \/>\nLa domanda di ricognizione comporta il pagamento della relativa tassa, il cui ammontare \u00e8 determinato annualmente dal Regolamento tasse e contributi universitari.<\/p>\n<p style=\"text-align: justify\">Il modulo per la compilazione della domanda di ricognizione \u00e8 disponibile nella pagina <strong><em><a href=\"https:\/\/people.unica.it\/segreteriastudentiscienzemmffnn\/modulistica\/\" rel=\"noopener\">Modulistica<\/a>.<\/em><\/strong><\/p>\n<p>&nbsp;<\/p>\n<p><strong>NOTA BENE<\/strong><\/p>\n<p>Gli anni in cui la carriera \u00e8 stata sospesa o interrotta, verranno considerati nel calcolo degli anni di iscrizione.<\/p>\n","protected":false},"excerpt":{"rendered":"<p>&nbsp; Sospensione La sospensione temporanea della carriera relativa ad un Corso di studio pu\u00f2 essere richiesta dallo studente ai fini dell\u2019iscrizione ad una scuola di specializzazione, ad un dottorato di ricerca o\u00a0ad un master. Possono altres\u00ec chiedere la sospensione gli studenti iscritti ad un corso di studi dell&#8217;Ateneo che intendano iscriversi ad un corso di studi presso un&#8217;Universit\u00e0 estera, al di fuori di un programma di scambio europeo. &nbsp; Interruzione Le studentesse e gli studenti possono interrompere la carriera per un minimo di due anni. Per attuare l&#8217;interruzione \u00e8 sufficiente che non venga pagata la tassa di iscrizione all&#8217;anno accademico <a href='https:\/\/people.unica.it\/segreteriastudentiscienzemmffnn\/competenze-e-organigramma\/ricognizione-e-sopensione\/' class='excerpt-more'>[&#8230;]<\/a><\/p>\n","protected":false},"author":282,"featured_media":0,"parent":3,"menu_order":2,"comment_status":"closed","ping_status":"closed","template":"","meta":{"footnotes":""},"class_list":["post-18","page","type-page","status-publish","hentry","category-1-id","post-seq-1","post-parity-odd","meta-position-corners","fix"],"_links":{"self":[{"href":"https:\/\/people.unica.it\/segreteriastudentiscienzemmffnn\/wp-json\/wp\/v2\/pages\/18","targetHints":{"allow":["GET"]}}],"collection":[{"href":"https:\/\/people.unica.it\/segreteriastudentiscienzemmffnn\/wp-json\/wp\/v2\/pages"}],"about":[{"href":"https:\/\/people.unica.it\/segreteriastudentiscienzemmffnn\/wp-json\/wp\/v2\/types\/page"}],"author":[{"embeddable":true,"href":"https:\/\/people.unica.it\/segreteriastudentiscienzemmffnn\/wp-json\/wp\/v2\/users\/282"}],"replies":[{"embeddable":true,"href":"https:\/\/people.unica.it\/segreteriastudentiscienzemmffnn\/wp-json\/wp\/v2\/comments?post=18"}],"version-history":[{"count":18,"href":"https:\/\/people.unica.it\/segreteriastudentiscienzemmffnn\/wp-json\/wp\/v2\/pages\/18\/revisions"}],"predecessor-version":[{"id":2433,"href":"https:\/\/people.unica.it\/segreteriastudentiscienzemmffnn\/wp-json\/wp\/v2\/pages\/18\/revisions\/2433"}],"up":[{"embeddable":true,"href":"https:\/\/people.unica.it\/segreteriastudentiscienzemmffnn\/wp-json\/wp\/v2\/pages\/3"}],"wp:attachment":[{"href":"https:\/\/people.unica.it\/segreteriastudentiscienzemmffnn\/wp-json\/wp\/v2\/media?parent=18"}],"curies":[{"name":"wp","href":"https:\/\/api.w.org\/{rel}","templated":true}]}}