{"id":375,"date":"2011-08-01T14:53:28","date_gmt":"2011-08-01T14:53:28","guid":{"rendered":"http:\/\/people.unica.it\/segreteriastudentiingegneria\/?page_id=375"},"modified":"2025-07-03T08:40:50","modified_gmt":"2025-07-03T08:40:50","slug":"trasfermenti","status":"publish","type":"page","link":"https:\/\/people.unica.it\/segreteriastudentiingegneria\/trasfermenti\/","title":{"rendered":"Trasfermenti"},"content":{"rendered":"<h3><span style=\"color: #0000ff\"><strong>TRASFERIMENTO AD ALTRO ATENEO<\/strong><\/span><\/h3>\n<p><span style=\"color: #000080\">Lo studente in regola con il pagamento delle tasse pu\u00f2 trasferirsi in altro Ateneo. <\/span><\/p>\n<p><span style=\"color: #000080\">Occorre presentare\u00a0 <strong><span style=\"color: #0000ff\">domanda di trasferimento ad altro Ateneo\u00a0<\/span><\/strong>alla segreteria studenti dopo aver verificato le condizioni di accettazione dell\u2019ateneo di destinazione.<\/span><\/p>\n<p><span style=\"color: #000080\">Alla domanda di trasferimento dovr\u00e0 essere allegato il libretto universitario e dovr\u00e0 essere pagata la tassa di trasferimento. <\/span><\/p>\n<p><span style=\"color: #000080\">La segreteria studenti dopo aver effettuato il controllo di carriera trasmetter\u00e0 il foglio di congedo contenente tutte le informazioni sulla carriera dello studente. Dal momento della presentazione della domanda di trasferimento lo studente non potr\u00e0 pi\u00f9 sostenere esami o svolgere attivit\u00e0 didattica e non potr\u00e0 pi\u00f9 chiedere certificazioni.<\/span><\/p>\n<p><span style=\"color: #000080\">Lo studente trasferito potr\u00e0 rientrare dopo un anno e sar\u00e0 ammesso allo stesso corso di studio se ancora attivo.<\/span><\/p>\n<p>&nbsp;<\/p>\n<h3><span style=\"color: #0000ff\"><strong>TRASFERIMENTO DA UN ALTRO ATENEO<\/strong><\/span><\/h3>\n<h3><span style=\"color: #800080\">Per i corsi di Laurea\u00a0<\/span><\/h3>\n<p align=\"justify\"><span style=\"font-size: small;color: #000080\"><span style=\"font-family: Arial, sans-serif\">L\u2019ammissione al primo anno dei corsi di laurea in Ingegneria \u00e8 subordinata al sostenimento della prova di accesso TOLC-I e, per i corsi a numero programmato, alla collocazione in posizione utile nelle graduatorie. <\/span><\/span><\/p>\n<p align=\"justify\"><span style=\"font-family: Arial, sans-serif;color: #000080\"><span style=\"font-size: small\">Coloro che chiedono il trasferimento per l\u2019ammissione ad un corso di laurea in Ingegneria devono iscriversi online alla prova di accesso e collocarsi utilmente in graduatoria.<\/span><\/span><\/p>\n<p align=\"justify\"><span style=\"font-family: Arial, sans-serif;color: #000080\"><span style=\"font-size: small\">Gli adempimenti e le scadenze sono gli stessi descritti per l<\/span><\/span><span style=\"font-family: Arial, sans-serif\"><span style=\"font-size: small\"><strong><a href=\"https:\/\/people.unica.it\/segreteriastudentiingegneria\/immatricolazioni-corsi-di-laurea\/\">\u2019<\/a><\/strong><\/span><\/span><span style=\"font-family: Arial, sans-serif;color: #000080\"><span style=\"font-size: small\"><strong><span style=\"color: #0000ff\"><a style=\"color: #0000ff\" href=\"https:\/\/people.unica.it\/segreteriastudentiingegneria\/immatricolazioni-corsi-di-laurea\/\">immatricolazione<\/a><\/span>.<\/strong><\/span><\/span><\/p>\n<p><span style=\"color: #000080\"><strong>Sono esonerati dal sostenere la prova gli studenti iscritti ad\u00a0altri corsi di studio\u00a0che hanno maturato crediti, che in base al Regolamento didattico del corso di studio in cui intendono iscriversi, permettono l\u2019iscrizione ad anni successivi al primo:<\/strong><\/span><\/p>\n<ul>\n<li><span style=\"color: #000080\"><strong>per il 2\u00b0 anno: 20 crediti di cui 5 del settore Mat\/05;<\/strong><\/span><\/li>\n<li><span style=\"color: #000080\"><strong>per il 3\u00b0 anno: 60 crediti di cui 9 del settore Mat\/05 e 5 del settore Fis\/01.<\/strong><\/span><\/li>\n<\/ul>\n<p><span style=\"color: #000080\"><strong>Per ottenere l\u2019esonero dalla prova occorre presentare in segreteria studenti richiesta\u00a0utilizzando il <span style=\"color: #0000ff\"><a href=\"https:\/\/web.unica.it\/unica\/protected\/459257\/0\/def\/ref\/GNC280954\/\">modulo per l&#8217;ammissione ad anni successivi<\/a><\/span> .\u00a0<\/strong>La richiesta pu\u00f2 essere trasmessa anche per posta elettronica\u00a0<span style=\"color: #0000ff\"><a style=\"color: #0000ff\" href=\"mailto:segringe@amm.unica.it\">segringe@amm.unica.it<\/a><\/span>\u00a0\u00a0 o con fax al n.\u00a0070\u00a0291186, \u00a0allegando la\u00a0copia di un documento di identit\u00e0 valido.\u00a0<\/span><\/p>\n<p><span style=\"color: #000080\">I Consigli dei Corsi di Studi esamineranno le richieste di convalida delle attivit\u00e0 svolte e valuteranno quali crediti riconoscere e determineranno l\u2019anno di corso di ammissione secondo quanto previsto nei propri\u00a0<span style=\"color: #0000ff\"><a style=\"color: #0000ff\" href=\"https:\/\/www.unica.it\/unica\/it\/fac_ingarch_s2.page\"><strong>regolamenti didattici dei singoli corsi di laurea<\/strong><\/a>.<\/span><\/span><\/p>\n<h2><\/h2>\n<h3><span style=\"color: #800080\">Per i corsi di Laurea Magistrale<\/span><\/h3>\n<p><span style=\"color: #000080\">Coloro che intendono presentare domanda di trasferimento \u00a0ai corsi di laurea magistrale devono essere in possesso dei requisiti richiesti per l&#8217;accesso: oltre alla laurea di primo livello devono possedere adeguata preparazione personale e i requisiti curriculari previsti nei\u00a0<strong><span style=\"color: #0000ff\"><a style=\"color: #0000ff\" href=\"https:\/\/www.unica.it\/unica\/it\/fac_ingarch_s2_ss1.page\">regolamenti didattici dei corsi di laurea magistrale<\/a><\/span>.<\/strong>\u00a0Pertanto \u00e8 necessario iscriversi online sui servizi online per gli studenti\u00a0 <span style=\"color: #0000ff\"><strong><a style=\"color: #0000ff\" href=\"https:\/\/unica.esse3.cineca.it\/\">https:\/\/unica.esse3.cineca.it\/<\/a><\/strong><\/span>\u00a0\u00a0alla <strong>prova di valutazione<\/strong> dei requisiti dal 11 luglio fino al giorno di scadenza indicato per ogni corso di laurea magistrale nell&#8217;<span style=\"color: #0000ff\"><strong>avviso per le immatricola<\/strong><strong>zioni<\/strong><\/span><a href=\"https:\/\/web.unica.it\/unica\/protected\/461373\/0\/def\/ref\/GNC260657\/\">.<\/a><\/span><\/p>\n<div><\/div>\n","protected":false},"excerpt":{"rendered":"<p>TRASFERIMENTO AD ALTRO ATENEO Lo studente in regola con il pagamento delle tasse pu\u00f2 trasferirsi in altro Ateneo. Occorre presentare\u00a0 domanda di trasferimento ad altro Ateneo\u00a0alla segreteria studenti dopo aver verificato le condizioni di accettazione dell\u2019ateneo di destinazione. Alla domanda di trasferimento dovr\u00e0 essere allegato il libretto universitario e dovr\u00e0 essere pagata la tassa di trasferimento. La segreteria studenti dopo aver effettuato il controllo di carriera trasmetter\u00e0 il foglio di congedo contenente tutte le informazioni sulla carriera dello studente. Dal momento della presentazione della domanda di trasferimento lo studente non potr\u00e0 pi\u00f9 sostenere esami o svolgere attivit\u00e0 didattica e non <a href='https:\/\/people.unica.it\/segreteriastudentiingegneria\/trasfermenti\/' class='excerpt-more'>[&#8230;]<\/a><\/p>\n","protected":false},"author":1,"featured_media":0,"parent":0,"menu_order":5,"comment_status":"closed","ping_status":"closed","template":"","meta":{"footnotes":""},"class_list":["post-375","page","type-page","status-publish","hentry","post-seq-1","post-parity-odd","meta-position-corners","fix"],"_links":{"self":[{"href":"https:\/\/people.unica.it\/segreteriastudentiingegneria\/wp-json\/wp\/v2\/pages\/375","targetHints":{"allow":["GET"]}}],"collection":[{"href":"https:\/\/people.unica.it\/segreteriastudentiingegneria\/wp-json\/wp\/v2\/pages"}],"about":[{"href":"https:\/\/people.unica.it\/segreteriastudentiingegneria\/wp-json\/wp\/v2\/types\/page"}],"author":[{"embeddable":true,"href":"https:\/\/people.unica.it\/segreteriastudentiingegneria\/wp-json\/wp\/v2\/users\/1"}],"replies":[{"embeddable":true,"href":"https:\/\/people.unica.it\/segreteriastudentiingegneria\/wp-json\/wp\/v2\/comments?post=375"}],"version-history":[{"count":54,"href":"https:\/\/people.unica.it\/segreteriastudentiingegneria\/wp-json\/wp\/v2\/pages\/375\/revisions"}],"predecessor-version":[{"id":3305,"href":"https:\/\/people.unica.it\/segreteriastudentiingegneria\/wp-json\/wp\/v2\/pages\/375\/revisions\/3305"}],"wp:attachment":[{"href":"https:\/\/people.unica.it\/segreteriastudentiingegneria\/wp-json\/wp\/v2\/media?parent=375"}],"curies":[{"name":"wp","href":"https:\/\/api.w.org\/{rel}","templated":true}]}}