{"id":2,"date":"2008-07-30T10:14:51","date_gmt":"2008-07-30T08:14:51","guid":{"rendered":""},"modified":"2025-09-02T10:58:13","modified_gmt":"2025-09-02T08:58:13","slug":"info","status":"publish","type":"page","link":"https:\/\/people.unica.it\/segreteriastudentiarchitettura\/","title":{"rendered":"Segreteria Studenti della ex-Facolt\u00e0 di Architettura"},"content":{"rendered":"<pre style=\"text-align: right\"><span style=\"color: #999999\"><em>(scorri verso il basso per visualizzare gli orari di apertura al pubblico)<\/em><\/span><\/pre>\n<p style=\"text-align: justify\"><a href=\"http:\/\/people.unica.it\/segreteriastudentiarchitettura\/files\/2009\/04\/corte-appello-sepia_2.jpg\"><img loading=\"lazy\" decoding=\"async\" class=\"alignright size-full wp-image-55\" src=\"http:\/\/people.unica.it\/segreteriastudentiarchitettura\/files\/2009\/04\/corte-appello-sepia_2.jpg\" alt=\"\" width=\"283\" height=\"459\" \/><\/a><span style=\"font-size: medium\"><strong><em>Benvenuto<\/em><\/strong><\/span> nel sito ufficiale della Segreteria Studenti della ex-Facolt\u00e0 di Architettura, ora confluita nella <em>Facolt\u00e0 di Ingegneria e Architettura<\/em>.<\/p>\n<p style=\"text-align: justify\">Qui puoi ottenere supporto per tutte le pratiche amministrative che possono riguardare la tua carriera universitaria, in particolare:<\/p>\n<p style=\"text-align: left;padding-left: 30px\"><a href=\"http:\/\/people.unica.it\/segreteriastudentiarchitettura\/immatricolazione\/\"><span style=\"text-decoration: underline;color: #800000\">immatricolazione<\/span><\/a><a href=\"http:\/\/people.unica.it\/segreteriastudentiarchitettura\/iscrizione-a-tempo-parziale\/ \u200e\"><br \/>\n<\/a><a href=\"http:\/\/people.unica.it\/segreteriastudentiarchitettura\/iscrizione-a-tempo-parziale\/\"><span style=\"text-decoration: underline;color: #800000\">iscrizione a tempo parziale<\/span><\/a><a href=\"http:\/\/people.unica.it\/segreteriastudentiarchitettura\/piani-di-studio\/\"><span style=\"text-decoration: underline;color: #800000\"><br \/>\n<span style=\"text-decoration: underline;color: #800000\">piani di studio<\/span><br \/>\n<\/span><\/a><span style=\"text-decoration: underline;color: #800000\"><span style=\"text-decoration: underline;color: #800000\">trasferimento<\/span><\/span><a href=\"http:\/\/people.unica.it\/segreteriastudentiarchitettura\/piani-di-studio\/\"><span style=\"text-decoration: underline;color: #800000\"><br \/>\n<\/span><\/a><span style=\"text-decoration: underline;color: #800000\"><span style=\"text-decoration: underline;color: #800000\">passaggio di corso<\/span><\/span><a href=\"http:\/\/people.unica.it\/segreteriastudentiarchitettura\/piani-di-studio\/\"><span style=\"text-decoration: underline;color: #800000\"><br \/>\n<\/span><\/a><span style=\"text-decoration: underline;color: #800000\"><span style=\"text-decoration: underline;color: #800000\">abbreviazione di carriera<\/span><\/span><a href=\"http:\/\/people.unica.it\/segreteriastudentiarchitettura\/piani-di-studio\/\"><span style=\"text-decoration: underline;color: #800000\"><br \/>\n<\/span><\/a><a href=\"http:\/\/people.unica.it\/segreteriastudentiarchitettura\/corsi-singoli\/\"><span style=\"text-decoration: underline;color: #800000\">corsi singoli<\/span><\/a><br \/>\n<a href=\"http:\/\/people.unica.it\/segreteriastudentiarchitettura\/certificazioni\/\"><span style=\"text-decoration: underline;color: #800000\">certificati<\/span><\/a><br \/>\n<a href=\"http:\/\/people.unica.it\/segreteriastudentiarchitettura\/certificazioni-in-lingua-inglesevalide-allestero\/\"><span style=\"text-decoration: underline;color: #800000\">certificazioni in inglese\/valide all&#8217;estero<br \/>\n<\/span><\/a><a href=\"http:\/\/people.unica.it\/segreteriastudentiarchitettura\/libretto-dello-studente\/\"><span style=\"color: #800000;text-decoration: underline\">libretto, tessera unica e libretto on-line<\/span><\/a><br \/>\n<a title=\"tasse ed esoneri\" href=\"http:\/\/people.unica.it\/segreteriastudentiarchitettura\/tasse-ed-esoneri\/\"><span style=\"text-decoration: underline;color: #800000\">tasse ed esoneri<\/span><\/a><br \/>\n<span style=\"text-decoration: underline;color: #800000\"><a title=\"domanda di laurea\" href=\"http:\/\/people.unica.it\/segreteriastudentiarchitettura\/domanda-di-laurea\/\"><span style=\"color: #800000;text-decoration: underline\">domanda di laurea<\/span><\/a><\/span><br \/>\n<span style=\"text-decoration: underline;color: #800000\"><a title=\"Consegna pergamena di laurea\" href=\"http:\/\/people.unica.it\/segreteriastudentiarchitettura\/consegna-pergamena-di-laurea\/\"><span style=\"color: #800000;text-decoration: underline\">consegna pergamena di laurea<\/span><\/a><\/span><br \/>\n<a href=\"http:\/\/people.unica.it\/segreteriastudentiarchitettura\/rinuncia-agli-studi\/\"><span style=\"text-decoration: underline;color: #993300\"><span style=\"color: #800000;text-decoration: underline\">rinuncia agli stud<\/span>i<\/span><\/a><\/p>\n<p style=\"text-align: justify\">Inoltre, possiamo fornirti assistenza per le pratiche da svolgere on line sul sito web dell&#8217;Universit\u00e0 di Cagliari. Grazie ad <strong>ESSE3<\/strong>, infatti, hai accesso ad una \u201csegreteria virtuale\u201d\u00a0che ti consente di consultare il <em>libretto on-line<\/em>, prenotare esami, compilare i questionari di valutazione della didattica controllare i pagamenti delle tasse, inserire l&#8217;Autocertificazione della condizione economica e altro ancora.<br \/>\n<span style=\"font-size: x-large\">\u2192\u2192 <\/span>Vai ai <a href=\"https:\/\/unica.esse3.cineca.it\/Home.do\"><span style=\"text-decoration: underline\"><span style=\"color: #800000;text-decoration: underline\"><span style=\"color: #800000;text-decoration: underline\">servizi online per gli studenti<\/span><\/span><\/span><\/a><br \/>\n<span style=\"font-size: x-small\">\u00a0\u00a0 \u00a0 \u00a0 \u00a0 \u00a0 \u00a0 \u00a0 \u00a0 \u00a0 \u00a0 \u00a0 \u00a0 \u00a0 \u00a0 \u00a0\u00a0 (effettua il <strong><em>log-in<\/em><\/strong> attraverso le credenziali che ti abbiamo fornito all&#8217;atto dell&#8217;immatricolazione)<\/span><\/p>\n<p style=\"text-align: justify\">Nella maggior parte dei casi \u00e8 sufficiente mettersi in contatto telefonico o inviare una e-mail per ottenere rapidamente la soluzione di un problema. Prima di passare in Segreteria vai alla pagina <span style=\"text-decoration: underline;color: #800000\"><a href=\"http:\/\/people.unica.it\/segreteriastudentiarchitettura\/personale-e-contatti\"><span style=\"color: #800000;text-decoration: underline\">Contatti e Personale<\/span><\/a><\/span>.<\/p>\n<p style=\"text-align: justify\"><span style=\"color: #333333\">Se invece preferisci recarti al nostro sportello, o incaricare una terza persona (<span style=\"text-decoration: underline;color: #800000\"><a href=\"http:\/\/people.unica.it\/segreteriastudentiarchitettura\/files\/2012\/10\/modulo-delega.pdf\"><span style=\"color: #800000;text-decoration: underline\">modulo delega<\/span><\/a><\/span>) <\/span>troverai aperto il servizio nei seguenti orari:<\/p>\n<p>Nei mesi di\u00a0<strong>settembre<\/strong>\u00a0e\u00a0<strong>ottobre<\/strong>\u00a0gli uffici saranno aperti al pubblico \u00a0con il seguente orario:<\/p>\n<ul>\n<li><strong>Luned\u00ec, mercoled\u00ec, gioved\u00ec e venerd\u00ec \u2013 dalle ore 9:00 alle ore 12:00<\/strong><\/li>\n<li><strong>Marted\u00ec \u2013\u00a0 dalle ore 10:00 alle ore 12:00 e dalle ore 16:00 alle ore 17:00<\/strong><\/li>\n<\/ul>\n<p>&#8212;&#8212;&#8212;&#8212;&#8212;&#8212;&#8212;&#8212;&#8212;&#8212;&#8212;&#8212;&#8212;&#8212;&#8212;&#8212;&#8212;-<\/p>\n<p>Nei mesi di\u00a0<strong>novembre, dicembre, gennaio, febbraio, marzo, aprile, maggio, giugno<\/strong><\/p>\n<ul>\n<li><strong>Luned\u00ec, mercoled\u00ec, gioved\u00ec e venerd\u00ec \u2013 dalle ore 9:00 alle ore 12:00<\/strong><\/li>\n<li><strong>Marted\u00ec \u2013 dalle ore 16:00 alle ore 17:00<\/strong><\/li>\n<\/ul>\n<p>&#8212;&#8212;&#8212;&#8212;&#8212;&#8212;&#8212;&#8212;&#8212;&#8212;&#8212;&#8212;&#8212;&#8212;&#8212;&#8212;&#8211;<\/p>\n<p>Nei mesi di\u00a0<strong>luglio <\/strong>e<strong> agosto<\/strong>:<\/p>\n<ul>\n<li><strong>Luned\u00ec, mercoled\u00ec e venerd\u00ec \u2013 dalle ore 9:00 alle ore 12:00<\/strong><\/li>\n<\/ul>\n<p>Si invita l\u2019utenza a recarsi allo sportello in presenza solo per situazioni non risolvibili per email o telefonicamente<\/p>\n<p>Per fissare un appuntamento e per le richieste di che possono essere risolte telematicamente\u00a0\u00a0<strong><span style=\"color: #800000\"><a style=\"color: #800000\" href=\"https:\/\/people.unica.it\/segreteriastudentiingegneria\/contatti\/\">contattare la Segreteria Studenti per email o telefonicamente nell&#8217;orario di sportello telefonico<\/a><\/span><\/strong>.<\/p>\n<p style=\"text-align: justify\">\n","protected":false},"excerpt":{"rendered":"<p>(scorri verso il basso per visualizzare gli orari di apertura al pubblico) Benvenuto nel sito ufficiale della Segreteria Studenti della ex-Facolt\u00e0 di Architettura, ora confluita nella Facolt\u00e0 di Ingegneria e Architettura. Qui puoi ottenere supporto per tutte le pratiche amministrative che possono riguardare la tua carriera universitaria, in particolare: immatricolazione iscrizione a tempo parziale piani <a href='https:\/\/people.unica.it\/segreteriastudentiarchitettura\/' class='excerpt-more'>[&#8230;]<\/a><\/p>\n","protected":false},"author":208,"featured_media":0,"parent":0,"menu_order":0,"comment_status":"closed","ping_status":"closed","template":"","meta":{"footnotes":""},"class_list":["post-2","page","type-page","status-publish","hentry","category-1-id","post-seq-1","post-parity-odd","meta-position-corners","fix"],"publishpress_future_action":{"enabled":false,"date":"2026-04-13 01:12:44","action":"Draft","newStatus":"draft","terms":[],"taxonomy":"","extraData":[]},"publishpress_future_workflow_manual_trigger":{"enabledWorkflows":[]},"_links":{"self":[{"href":"https:\/\/people.unica.it\/segreteriastudentiarchitettura\/wp-json\/wp\/v2\/pages\/2","targetHints":{"allow":["GET"]}}],"collection":[{"href":"https:\/\/people.unica.it\/segreteriastudentiarchitettura\/wp-json\/wp\/v2\/pages"}],"about":[{"href":"https:\/\/people.unica.it\/segreteriastudentiarchitettura\/wp-json\/wp\/v2\/types\/page"}],"author":[{"embeddable":true,"href":"https:\/\/people.unica.it\/segreteriastudentiarchitettura\/wp-json\/wp\/v2\/users\/208"}],"replies":[{"embeddable":true,"href":"https:\/\/people.unica.it\/segreteriastudentiarchitettura\/wp-json\/wp\/v2\/comments?post=2"}],"version-history":[{"count":148,"href":"https:\/\/people.unica.it\/segreteriastudentiarchitettura\/wp-json\/wp\/v2\/pages\/2\/revisions"}],"predecessor-version":[{"id":3301,"href":"https:\/\/people.unica.it\/segreteriastudentiarchitettura\/wp-json\/wp\/v2\/pages\/2\/revisions\/3301"}],"wp:attachment":[{"href":"https:\/\/people.unica.it\/segreteriastudentiarchitettura\/wp-json\/wp\/v2\/media?parent=2"}],"curies":[{"name":"wp","href":"https:\/\/api.w.org\/{rel}","templated":true}]}}