{"id":441,"date":"2014-04-03T14:30:51","date_gmt":"2014-04-03T13:30:51","guid":{"rendered":"http:\/\/people.unica.it\/scuoladisat\/?page_id=441"},"modified":"2014-04-03T14:34:04","modified_gmt":"2014-04-03T13:34:04","slug":"aggiornamento-cfr-per-xxix-ciclo","status":"publish","type":"page","link":"https:\/\/people.unica.it\/scuoladisat\/aggiornamento-cfr-per-xxix-ciclo\/","title":{"rendered":"Aggiornamento CFR per XXIX ciclo"},"content":{"rendered":"<p>Il dottorato di ricerca prevede, nell&#8217;arco dei tre anni, l&#8217;acquisizione di 180 crediti formativi, indicativamente 60 per anno. Di questi, 36 possono essere acquisiti mediante la frequenza di corsi istituzionali, sia in corsi ad hoc, che di laurea magistrale.<br \/>\nGli altri crediti vengono acquisiti tramite altre attivit\u00e0, in primis la ricerca, e poi la partecipazione a seminari, congressi, attivit\u00e0 didattica di supporto (che per i dottorandi \u00e8 prevista &#8220;di default&#8221;). A tal fine, il collegio dei docenti ha approvato la tabella in calce.<\/p>\n<p><a href=\"http:\/\/people.unica.it\/scuoladisat\/files\/2014\/04\/tabella-crediti-18.03.2014.doc\">tabella crediti 18.03.2014<\/a><\/p>\n","protected":false},"excerpt":{"rendered":"<p>Il dottorato di ricerca prevede, nell&#8217;arco dei tre anni, l&#8217;acquisizione di 180 crediti formativi, indicativamente 60 per anno. Di questi, 36 possono essere acquisiti mediante la frequenza di corsi istituzionali, sia in corsi ad hoc, che di laurea magistrale. Gli altri crediti vengono acquisiti tramite altre attivit\u00e0, in primis la ricerca, e poi la partecipazione a seminari, congressi, attivit\u00e0 didattica di supporto (che per i dottorandi \u00e8 prevista &#8220;di default&#8221;). A tal fine, il collegio dei docenti ha approvato la tabella in calce. tabella crediti 18.03.2014<\/p>\n","protected":false},"author":125,"featured_media":0,"parent":0,"menu_order":0,"comment_status":"closed","ping_status":"closed","template":"","meta":{"footnotes":""},"class_list":["post-441","page","type-page","status-publish","hentry","post-seq-1","post-parity-odd","meta-position-corners","fix"],"_links":{"self":[{"href":"https:\/\/people.unica.it\/scuoladisat\/wp-json\/wp\/v2\/pages\/441","targetHints":{"allow":["GET"]}}],"collection":[{"href":"https:\/\/people.unica.it\/scuoladisat\/wp-json\/wp\/v2\/pages"}],"about":[{"href":"https:\/\/people.unica.it\/scuoladisat\/wp-json\/wp\/v2\/types\/page"}],"author":[{"embeddable":true,"href":"https:\/\/people.unica.it\/scuoladisat\/wp-json\/wp\/v2\/users\/125"}],"replies":[{"embeddable":true,"href":"https:\/\/people.unica.it\/scuoladisat\/wp-json\/wp\/v2\/comments?post=441"}],"version-history":[{"count":6,"href":"https:\/\/people.unica.it\/scuoladisat\/wp-json\/wp\/v2\/pages\/441\/revisions"}],"predecessor-version":[{"id":451,"href":"https:\/\/people.unica.it\/scuoladisat\/wp-json\/wp\/v2\/pages\/441\/revisions\/451"}],"wp:attachment":[{"href":"https:\/\/people.unica.it\/scuoladisat\/wp-json\/wp\/v2\/media?parent=441"}],"curies":[{"name":"wp","href":"https:\/\/api.w.org\/{rel}","templated":true}]}}