{"id":2067,"date":"2015-07-28T11:35:52","date_gmt":"2015-07-28T11:35:52","guid":{"rendered":"http:\/\/people.unica.it\/scienzepedagogicheedeiservizieducativi\/?page_id=2067"},"modified":"2020-12-17T15:00:11","modified_gmt":"2020-12-17T15:00:11","slug":"orario-laboratori","status":"publish","type":"page","link":"https:\/\/people.unica.it\/scienzepedagogicheedeiservizieducativi\/orario-lezioni\/orario-laboratori\/","title":{"rendered":"Orario Laboratori"},"content":{"rendered":"<p><span style=\"color: #0000ff\">I laboratori per l&#8217;A.A. 2020\/21 si svolgeranno in due diverse edizioni: dicembre 2020\/gennaio 2021 e marzo\/giugno 2021.<\/span><\/p>\n<p><strong>La frequenza \u00e8 obbligatoria<\/strong>. La durata complessiva del laboratorio \u00e8 di 25 ore; la percentuale di assenze giustificate \u00e8 pari al 20%.\u00a0Si veda il <a href=\"http:\/\/people.unica.it\/scienzepedagogicheedeiservizieducativi\/didattica\/laboratori\/\">Regolamento laboratori<\/a><\/p>\n<div class=\"elencoarticoli\"><h3>Notizie sui laboratori del Corso di studi in Scienze pedagogiche e dei servizi educativi<\/h3><ul class=\"ulpostelenco\"><li><a target=\"_blank\" title=\"Corrispondenze dei laboratori con quelli della nuova LM\" href=\"https:\/\/people.unica.it\/scienzepedagogicheedeiservizieducativi\/2023\/11\/06\/corrispondenze-dei-laboratori-con-quelli-della-nuova-lm\/\" ><div class=\"datapostelenco\">06-11-2023<\/div><div class=\"titolopostelencodata\">Corrispondenze dei laboratori con quelli della nuova LM<\/div><\/a><\/li><li><a target=\"_blank\" title=\"Laboratorio di progettazione e coordinamento pedagogico\" href=\"https:\/\/people.unica.it\/scienzepedagogicheedeiservizieducativi\/2023\/06\/13\/laboratorio-di-progettazione-e-coordinamento-pedagogico-2\/\" ><div class=\"datapostelenco\">13-06-2023<\/div><div class=\"titolopostelencodata\">Laboratorio di progettazione e coordinamento pedagogico<\/div><\/a><\/li><li><a target=\"_blank\" title=\"Laboratorio di consulenza e supervisione pedagogica (LM-85) 2a e ultima edizione\" href=\"https:\/\/people.unica.it\/scienzepedagogicheedeiservizieducativi\/2023\/05\/25\/laboratorio-di-consulenza-e-supervisione-pedagogica-lm-85-2a-e-ultima-edizione\/\" ><div class=\"datapostelenco\">25-05-2023<\/div><div class=\"titolopostelencodata\">Laboratorio di consulenza e supervisione pedagogica (LM-85) 2a e ultima edizione<\/div><\/a><\/li><li><a target=\"_blank\" title=\"Laboratorio di progettazione e sviluppo per l\u2019educazione (II e ultima edizione)\" href=\"https:\/\/people.unica.it\/scienzepedagogicheedeiservizieducativi\/2023\/05\/08\/laboratorio-di-progettazione-e-sviluppo-per-leducazione-ii-edizione\/\" ><div class=\"datapostelenco\">08-05-2023<\/div><div class=\"titolopostelencodata\">Laboratorio di progettazione e sviluppo per l\u2019educazione (II e ultima edizione)<\/div><\/a><\/li><li><a target=\"_blank\" title=\"Laboratorio di metodi e tecniche per la progettazione pedagogica \u2013 2a (e ultima) Edizione 2023\" href=\"https:\/\/people.unica.it\/scienzepedagogicheedeiservizieducativi\/2023\/04\/21\/laboratorio-di-metodi-e-tecniche-per-la-progettazione-pedagogica-2a-e-ultima-edizione-2023\/\" ><div class=\"datapostelenco\">21-04-2023<\/div><div class=\"titolopostelencodata\">Laboratorio di metodi e tecniche per la progettazione pedagogica \u2013 2a (e ultima) Edizione 2023<\/div><\/a><\/li><li><a target=\"_blank\" title=\"Laboratorio di progettazione e coordinamento pedagogico - Edizione 1\/2023\" href=\"https:\/\/people.unica.it\/scienzepedagogicheedeiservizieducativi\/2023\/02\/21\/laboratorio-di-progettazione-e-coordinamento-pedagogico\/\" ><div class=\"datapostelenco\">21-02-2023<\/div><div class=\"titolopostelencodata\">Laboratorio di progettazione e coordinamento pedagogico - Edizione 1\/2023<\/div><\/a><\/li><li><a target=\"_blank\" title=\"Laboratorio di metodi e tecniche per la progettazione pedagogica \u2013 1a Edizione 2023\" href=\"https:\/\/people.unica.it\/scienzepedagogicheedeiservizieducativi\/2023\/02\/07\/laboratorio-di-metodi-e-tecniche-per-la-progettazione-pedagogica-edizione-i-2023\/\" ><div class=\"datapostelenco\">07-02-2023<\/div><div class=\"titolopostelencodata\">Laboratorio di metodi e tecniche per la progettazione pedagogica \u2013 1a Edizione 2023<\/div><\/a><\/li><li><a target=\"_blank\" title=\"Laboratorio di Orientamento al Tirocinio Curriculare (I Edizione)\" href=\"https:\/\/people.unica.it\/scienzepedagogicheedeiservizieducativi\/2023\/02\/02\/laboratorio-orientamento-tirocinio\/\" ><div class=\"datapostelenco\">02-02-2023<\/div><div class=\"titolopostelencodata\">Laboratorio di Orientamento al Tirocinio Curriculare (I Edizione)<\/div><\/a><\/li><li><a target=\"_blank\" title=\"Laboratorio di consulenza e supervisione pedagogica - Edizione 1\/2023\" href=\"https:\/\/people.unica.it\/scienzepedagogicheedeiservizieducativi\/2022\/12\/21\/laboratorio-di-consulenza-e-supervisione-pedagogica-edizione-i-2023\/\" ><div class=\"datapostelenco\">21-12-2022<\/div><div class=\"titolopostelencodata\">Laboratorio di consulenza e supervisione pedagogica - Edizione 1\/2023<\/div><\/a><\/li><li><a target=\"_blank\" title=\"Laboratorio di progettazione e sviluppo per l\u2019educazione interculturale (II ed.)\" href=\"https:\/\/people.unica.it\/scienzepedagogicheedeiservizieducativi\/2022\/05\/19\/laboratorio-di-progettazione-e-sviluppo-per-leducazione-interculturale-ii-ed\/\" ><div class=\"datapostelenco\">19-05-2022<\/div><div class=\"titolopostelencodata\">Laboratorio di progettazione e sviluppo per l\u2019educazione interculturale (II ed.)<\/div><\/a><\/li><li><a target=\"_blank\" title=\"Laboratorio sugli approcci consulenziali alla progettazione educativa (II ed.)\" href=\"https:\/\/people.unica.it\/scienzepedagogicheedeiservizieducativi\/2022\/05\/19\/laboratorio-sugli-approcci-consulenziali-alla-progettazione-educativa-ii-ed\/\" ><div class=\"datapostelenco\">19-05-2022<\/div><div class=\"titolopostelencodata\">Laboratorio sugli approcci consulenziali alla progettazione educativa (II ed.)<\/div><\/a><\/li><li><a target=\"_blank\" title=\"LABORATORIO DI STORIA E TEORIA DELL'EDUCAZIONE (I e II ed.)\" href=\"https:\/\/people.unica.it\/scienzepedagogicheedeiservizieducativi\/2022\/03\/23\/laboratorio-di-storia-e-teoria-delleducazione\/\" ><div class=\"datapostelenco\">23-03-2022<\/div><div class=\"titolopostelencodata\">LABORATORIO DI STORIA E TEORIA DELL'EDUCAZIONE (I e II ed.)<\/div><\/a><\/li><li><a target=\"_blank\" title=\"LABORATORIO DI METODI E TECNICHE PER LA PROGETTAZIONE PEDAGOGICA (I e II ed.)\" href=\"https:\/\/people.unica.it\/scienzepedagogicheedeiservizieducativi\/2022\/03\/19\/laboratorio-di-metodi-e-tecniche-per-la-progettazione-pedagogica\/\" ><div class=\"datapostelenco\">19-03-2022<\/div><div class=\"titolopostelencodata\">LABORATORIO DI METODI E TECNICHE PER LA PROGETTAZIONE PEDAGOGICA (I e II ed.)<\/div><\/a><\/li><li><a target=\"_blank\" title=\"Informatica e e-learning\" href=\"https:\/\/people.unica.it\/scienzepedagogicheedeiservizieducativi\/2022\/03\/07\/informatica-e-e-learning\/\" ><div class=\"datapostelenco\">07-03-2022<\/div><div class=\"titolopostelencodata\">Informatica e e-learning<\/div><\/a><\/li><li><a target=\"_blank\" title=\"Laboratori A.A. 2021\/22\" href=\"https:\/\/people.unica.it\/scienzepedagogicheedeiservizieducativi\/2022\/01\/25\/4397\/\" ><div class=\"datapostelenco\">25-01-2022<\/div><div class=\"titolopostelencodata\">Laboratori A.A. 2021\/22<\/div><\/a><\/li><li><a target=\"_blank\" title=\"Laboratorio di progettazione e sviluppo per l'educazione interculturale\" href=\"https:\/\/people.unica.it\/scienzepedagogicheedeiservizieducativi\/2022\/01\/13\/laboratorio-di-progettazione-e-sviluppo-per-leducazione-interculturale\/\" ><div class=\"datapostelenco\">13-01-2022<\/div><div class=\"titolopostelencodata\">Laboratorio di progettazione e sviluppo per l'educazione interculturale<\/div><\/a><\/li><li><a target=\"_blank\" title=\"Laboratori didattici A.A. 2020\/21 (avvio seconda edizione)\" href=\"https:\/\/people.unica.it\/scienzepedagogicheedeiservizieducativi\/2021\/04\/19\/laboratori-didattici-a-a-2020-21-avvio-seconda-edizione\/\" ><div class=\"datapostelenco\">19-04-2021<\/div><div class=\"titolopostelencodata\">Laboratori didattici A.A. 2020\/21 (avvio seconda edizione)<\/div><\/a><\/li><li><a target=\"_blank\" title=\"Incontro dott.ssa Luana Murru\" href=\"https:\/\/people.unica.it\/scienzepedagogicheedeiservizieducativi\/2021\/01\/07\/incontro-dott-ssa-luana-murru\/\" ><div class=\"datapostelenco\">07-01-2021<\/div><div class=\"titolopostelencodata\">Incontro dott.ssa Luana Murru<\/div><\/a><\/li><li><a target=\"_blank\" title=\"Laboratori didattici 2020\/21. Prima edizione\" href=\"https:\/\/people.unica.it\/scienzepedagogicheedeiservizieducativi\/2020\/12\/17\/laboratori-didattici-prima-edizione\/\" ><div class=\"datapostelenco\">17-12-2020<\/div><div class=\"titolopostelencodata\">Laboratori didattici 2020\/21. Prima edizione<\/div><\/a><\/li><li><a target=\"_blank\" title=\"Avvio laboratori della Dott.ssa Laura Pinna e del Dott. Andrea Marrone\" href=\"https:\/\/people.unica.it\/scienzepedagogicheedeiservizieducativi\/2020\/01\/08\/avvio-laboratori-della-dott-ssa-laura-pinna-e-del-dott-andrea-marrone\/\" ><div class=\"datapostelenco\">08-01-2020<\/div><div class=\"titolopostelencodata\">Avvio laboratori della Dott.ssa Laura Pinna e del Dott. Andrea Marrone<\/div><\/a><\/li><li><a target=\"_blank\" title=\"Inizio laboratori LM in Scienze Pedagogiche e dei Servizi Educativi\" href=\"https:\/\/people.unica.it\/scienzepedagogicheedeiservizieducativi\/2017\/10\/26\/inizio-laboratori-lm-in-scienze-pedagogiche-e-dei-servizi-educativi\/\" ><div class=\"datapostelenco\">26-10-2017<\/div><div class=\"titolopostelencodata\">Inizio laboratori LM in Scienze Pedagogiche e dei Servizi Educativi<\/div><\/a><\/li><li><a target=\"_blank\" title=\"Inizio laboratori LM in Scienze Pedagogiche e dei Servizi Educativi\" href=\"http:\/\/facolta.unica.it\/studiumanistici\/2017\/10\/26\/inizio-laboratori-lm-in-scienze-pedagogiche-e-dei-servizi-educativi\/\" ><div class=\"datapostelenco\">26-10-2017<\/div><div class=\"titolopostelencodata\">Inizio laboratori LM in Scienze Pedagogiche e dei Servizi Educativi<\/div><\/a><\/li><li><a target=\"_blank\" title=\"Modifica calendario Laboratori LM 30\/44 - ottobre\/novembre\" href=\"https:\/\/people.unica.it\/scienzepedagogicheedeiservizieducativi\/2016\/10\/05\/modifica-calendario-laboratori-lm-3044-ottobrenovembre\/\" ><div class=\"datapostelenco\">05-10-2016<\/div><div class=\"titolopostelencodata\">Modifica calendario Laboratori LM 30\/44 - ottobre\/novembre<\/div><\/a><\/li><li><a target=\"_blank\" title=\"Avviso laboratori LM 30\/44 \u2013 ottobre\/novembre\" href=\"https:\/\/people.unica.it\/scienzepedagogicheedeiservizieducativi\/2016\/09\/30\/avviso-laboratori-lm-3044-ottobrenovembre\/\" ><div class=\"datapostelenco\">30-09-2016<\/div><div class=\"titolopostelencodata\">Avviso laboratori LM 30\/44 \u2013 ottobre\/novembre<\/div><\/a><\/li><li><a target=\"_blank\" title=\"Laboratori \u2013 a.a. 2016\/2017 ottobre\/novembre\" href=\"https:\/\/people.unica.it\/scienzepedagogicheedeiservizieducativi\/2016\/09\/29\/laboratori-a-a-20162017-ottobrenovembre\/\" ><div class=\"datapostelenco\">29-09-2016<\/div><div class=\"titolopostelencodata\">Laboratori \u2013 a.a. 2016\/2017 ottobre\/novembre<\/div><\/a><\/li><li><a target=\"_blank\" title=\"Laboratorio di comunicazione e arteterapia con i burattini\" href=\"http:\/\/facolta.unica.it\/studiumanistici\/2015\/02\/17\/laboratorio-di-comunicazione-e-arteterapia-con-i-burattini\/\" ><div class=\"datapostelenco\">17-02-2015<\/div><div class=\"titolopostelencodata\">Laboratorio di comunicazione e arteterapia con i burattini<\/div><\/a><\/li><li><a target=\"_blank\" title=\"Laboratori CdLM int. Scienze Pedagogiche e Servizi Educativi  (LM 50\u2013LM 85) \u2013 Avviso agli studenti del II anno\" href=\"http:\/\/facolta.unica.it\/studiumanistici\/2015\/01\/19\/laboratori-cdlm-int-scienze-pedagogiche-e-servizi-educativi-lm-50-lm-85-avviso-agli-studenti-del-ii-anno\/\" ><div class=\"datapostelenco\">19-01-2015<\/div><div class=\"titolopostelencodata\">Laboratori CdLM int. Scienze Pedagogiche e Servizi Educativi  (LM 50\u2013LM 85) \u2013 Avviso agli studenti del II anno<\/div><\/a><\/li><\/ul><\/div>\n<p>&nbsp;<\/p>\n<p>&nbsp;<\/p>","protected":false},"excerpt":{"rendered":"<p>I laboratori per l&#8217;A.A. 2020\/21 si svolgeranno in due diverse edizioni: dicembre 2020\/gennaio 2021 e marzo\/giugno 2021. La frequenza \u00e8 obbligatoria. La durata complessiva del laboratorio \u00e8 di 25 ore; la percentuale di assenze giustificate \u00e8 pari al 20%.\u00a0Si veda il Regolamento laboratori &nbsp; &nbsp;<\/p>\n","protected":false},"author":455,"featured_media":0,"parent":1269,"menu_order":0,"comment_status":"closed","ping_status":"closed","template":"","meta":{"footnotes":""},"class_list":["post-2067","page","type-page","status-publish","hentry","post-seq-1","post-parity-odd","meta-position-corners","fix"],"_links":{"self":[{"href":"https:\/\/people.unica.it\/scienzepedagogicheedeiservizieducativi\/wp-json\/wp\/v2\/pages\/2067","targetHints":{"allow":["GET"]}}],"collection":[{"href":"https:\/\/people.unica.it\/scienzepedagogicheedeiservizieducativi\/wp-json\/wp\/v2\/pages"}],"about":[{"href":"https:\/\/people.unica.it\/scienzepedagogicheedeiservizieducativi\/wp-json\/wp\/v2\/types\/page"}],"author":[{"embeddable":true,"href":"https:\/\/people.unica.it\/scienzepedagogicheedeiservizieducativi\/wp-json\/wp\/v2\/users\/455"}],"replies":[{"embeddable":true,"href":"https:\/\/people.unica.it\/scienzepedagogicheedeiservizieducativi\/wp-json\/wp\/v2\/comments?post=2067"}],"version-history":[{"count":23,"href":"https:\/\/people.unica.it\/scienzepedagogicheedeiservizieducativi\/wp-json\/wp\/v2\/pages\/2067\/revisions"}],"predecessor-version":[{"id":4117,"href":"https:\/\/people.unica.it\/scienzepedagogicheedeiservizieducativi\/wp-json\/wp\/v2\/pages\/2067\/revisions\/4117"}],"up":[{"embeddable":true,"href":"https:\/\/people.unica.it\/scienzepedagogicheedeiservizieducativi\/wp-json\/wp\/v2\/pages\/1269"}],"wp:attachment":[{"href":"https:\/\/people.unica.it\/scienzepedagogicheedeiservizieducativi\/wp-json\/wp\/v2\/media?parent=2067"}],"curies":[{"name":"wp","href":"https:\/\/api.w.org\/{rel}","templated":true}]}}