{"id":1534,"date":"2013-07-25T11:34:52","date_gmt":"2013-07-25T11:34:52","guid":{"rendered":"http:\/\/people.unica.it\/scienzepedagogicheedeiservizieducativi\/?page_id=1534"},"modified":"2022-02-15T11:44:23","modified_gmt":"2022-02-15T11:44:23","slug":"commissione-tirocini-e-extracurricolari","status":"publish","type":"page","link":"https:\/\/people.unica.it\/scienzepedagogicheedeiservizieducativi\/chi-siamo\/commissioni\/commissione-tirocini-e-extracurricolari\/","title":{"rendered":"Commissione tirocini"},"content":{"rendered":"<p>La Commissione tirocini ha il compito di individuare e predisporre le iniziative per favorire i tirocini formativi obbligatori degli studenti e mettere a punto gli strumenti per verificare il processo e la qualit\u00e0 delle esperienze. Ha il compito di coordinare i regolamenti, le modalit\u00e0 di accesso, svolgimento e rendicontazione delle attivit\u00e0 di tirocinio; di formulare criteri chiari e condivisi per l\u2019erogazione delle idoneit\u00e0 e degli esoneri, di gestire i rapporti con i docenti interni e i tutor accoglienti, di curare i rapporti e svolgere attivit\u00e0 di monitoraggio e controllo degli enti che ospitano gli studenti. La Commissione \u00e8 cos\u00ec composta (delibera 5\/10\/2021):<\/p>\n<ul>\n<li>prof.ssa Claudia Secci (Coordinatrice)<\/li>\n<li>prof. Andrea Marrone<\/li>\n<li>prof.ssa Laura Pinna<\/li>\n<li>prof. Michele Zedda<\/li>\n<\/ul>\n<hr \/>\n<p><strong>Ulteriori informazioni:<\/strong><\/p>\n<ul>\n<li><a href=\"http:\/\/people.unica.it\/scienzepedagogicheedeiservizieducativi\/didattica\/tirocini\/\">Modalit\u00e0 di svolgimento dei tirocini e modulistica<\/a><\/li>\n<li><a href=\"http:\/\/people.unica.it\/scienzepedagogicheedeiservizieducativi\/docenti-tutor-tirocini\/\">Docenti tutor per i tirocini<\/a><\/li>\n<li><a href=\"http:\/\/people.unica.it\/scienzepedagogicheedeiservizieducativi\/attivita-extracurricolari\/\">Attivit\u00e0 extracurricolari<\/a> (attivit\u00e0 formative a scelta dello studente)<\/li>\n<\/ul>\n<hr \/>\n<ul style=\"list-style-type: square\">\n<li><a href=\"http:\/\/people.unica.it\/scienzepedagogicheedeiservizieducativi\/chi-siamo\/commissioni\/\">visualizza le altre commissioni<\/a><\/li>\n<\/ul>\n","protected":false},"excerpt":{"rendered":"<p>La Commissione tirocini ha il compito di individuare e predisporre le iniziative per favorire i tirocini formativi obbligatori degli studenti e mettere a punto gli strumenti per verificare il processo e la qualit\u00e0 delle esperienze. Ha il compito di coordinare i regolamenti, le modalit\u00e0 di accesso, svolgimento e rendicontazione delle attivit\u00e0 di tirocinio; di formulare criteri chiari e condivisi per l\u2019erogazione delle idoneit\u00e0 e degli esoneri, di gestire i rapporti con i docenti interni e i tutor accoglienti, di curare i rapporti e svolgere attivit\u00e0 di monitoraggio e controllo degli enti che ospitano gli studenti. La Commissione \u00e8 cos\u00ec composta <a href='https:\/\/people.unica.it\/scienzepedagogicheedeiservizieducativi\/chi-siamo\/commissioni\/commissione-tirocini-e-extracurricolari\/' class='excerpt-more'>[&#8230;]<\/a><\/p>\n","protected":false},"author":455,"featured_media":0,"parent":14,"menu_order":0,"comment_status":"closed","ping_status":"closed","template":"","meta":{"footnotes":""},"class_list":["post-1534","page","type-page","status-publish","hentry","post-seq-1","post-parity-odd","meta-position-corners","fix"],"_links":{"self":[{"href":"https:\/\/people.unica.it\/scienzepedagogicheedeiservizieducativi\/wp-json\/wp\/v2\/pages\/1534","targetHints":{"allow":["GET"]}}],"collection":[{"href":"https:\/\/people.unica.it\/scienzepedagogicheedeiservizieducativi\/wp-json\/wp\/v2\/pages"}],"about":[{"href":"https:\/\/people.unica.it\/scienzepedagogicheedeiservizieducativi\/wp-json\/wp\/v2\/types\/page"}],"author":[{"embeddable":true,"href":"https:\/\/people.unica.it\/scienzepedagogicheedeiservizieducativi\/wp-json\/wp\/v2\/users\/455"}],"replies":[{"embeddable":true,"href":"https:\/\/people.unica.it\/scienzepedagogicheedeiservizieducativi\/wp-json\/wp\/v2\/comments?post=1534"}],"version-history":[{"count":19,"href":"https:\/\/people.unica.it\/scienzepedagogicheedeiservizieducativi\/wp-json\/wp\/v2\/pages\/1534\/revisions"}],"predecessor-version":[{"id":4412,"href":"https:\/\/people.unica.it\/scienzepedagogicheedeiservizieducativi\/wp-json\/wp\/v2\/pages\/1534\/revisions\/4412"}],"up":[{"embeddable":true,"href":"https:\/\/people.unica.it\/scienzepedagogicheedeiservizieducativi\/wp-json\/wp\/v2\/pages\/14"}],"wp:attachment":[{"href":"https:\/\/people.unica.it\/scienzepedagogicheedeiservizieducativi\/wp-json\/wp\/v2\/media?parent=1534"}],"curies":[{"name":"wp","href":"https:\/\/api.w.org\/{rel}","templated":true}]}}