{"id":2204,"date":"2017-05-31T10:59:40","date_gmt":"2017-05-31T10:59:40","guid":{"rendered":"http:\/\/people.unica.it\/scienzefilosoficheestorico-filosofiche\/?page_id=2204"},"modified":"2017-05-31T11:01:41","modified_gmt":"2017-05-31T11:01:41","slug":"orario-lezioni","status":"publish","type":"page","link":"https:\/\/people.unica.it\/scienzefilosoficheestorico-filosofiche\/calendario-e-orari\/orario-lezioni\/orario-lezioni\/","title":{"rendered":"Orario lezioni"},"content":{"rendered":"<p class=\"first-para\">Sulla base del calendario accademico \u00a0e del calendario delle attivit\u00e0 didattiche della Facolt\u00e0 , approvati annualmente rispettivamente dal Senato Accademico e dal Consiglio di Facolt\u00e0, il Corso di Studio definisce l\u2019orario delle lezioni, in modo da ottimizzare i tempi di permanenza degli studenti presso le strutture universitarie e conciliare i tempi di studio personali e gli spostamenti da e per la Facolt\u00e0.<\/p>\n<p>La Facolt\u00e0, in un\u2019ottica di armonizzazione delle risorse, raccoglie le richieste dei singoli Corsi di studio, definisce il calendario definitivo e attribuisce a ciascun insegnamento l\u2019aula, in funzione del numero di studenti previsti e della tipologia della lezione.<\/p>\n","protected":false},"excerpt":{"rendered":"<p>Sulla base del calendario accademico \u00a0e del calendario delle attivit\u00e0 didattiche della Facolt\u00e0 , approvati annualmente rispettivamente dal Senato Accademico e dal Consiglio di Facolt\u00e0, il Corso di Studio definisce l\u2019orario delle lezioni, in modo da ottimizzare i tempi di permanenza degli studenti presso le strutture universitarie e conciliare i tempi di studio personali e gli spostamenti da e per la Facolt\u00e0. La Facolt\u00e0, in un\u2019ottica di armonizzazione delle risorse, raccoglie le richieste dei singoli Corsi di studio, definisce il calendario definitivo e attribuisce a ciascun insegnamento l\u2019aula, in funzione del numero di studenti previsti e della tipologia della lezione.<\/p>\n","protected":false},"author":1816,"featured_media":0,"parent":155,"menu_order":0,"comment_status":"closed","ping_status":"closed","template":"","meta":{"footnotes":""},"class_list":["post-2204","page","type-page","status-publish","hentry","post-seq-1","post-parity-odd","meta-position-corners","fix"],"_links":{"self":[{"href":"https:\/\/people.unica.it\/scienzefilosoficheestorico-filosofiche\/wp-json\/wp\/v2\/pages\/2204","targetHints":{"allow":["GET"]}}],"collection":[{"href":"https:\/\/people.unica.it\/scienzefilosoficheestorico-filosofiche\/wp-json\/wp\/v2\/pages"}],"about":[{"href":"https:\/\/people.unica.it\/scienzefilosoficheestorico-filosofiche\/wp-json\/wp\/v2\/types\/page"}],"author":[{"embeddable":true,"href":"https:\/\/people.unica.it\/scienzefilosoficheestorico-filosofiche\/wp-json\/wp\/v2\/users\/1816"}],"replies":[{"embeddable":true,"href":"https:\/\/people.unica.it\/scienzefilosoficheestorico-filosofiche\/wp-json\/wp\/v2\/comments?post=2204"}],"version-history":[{"count":2,"href":"https:\/\/people.unica.it\/scienzefilosoficheestorico-filosofiche\/wp-json\/wp\/v2\/pages\/2204\/revisions"}],"predecessor-version":[{"id":2207,"href":"https:\/\/people.unica.it\/scienzefilosoficheestorico-filosofiche\/wp-json\/wp\/v2\/pages\/2204\/revisions\/2207"}],"up":[{"embeddable":true,"href":"https:\/\/people.unica.it\/scienzefilosoficheestorico-filosofiche\/wp-json\/wp\/v2\/pages\/155"}],"wp:attachment":[{"href":"https:\/\/people.unica.it\/scienzefilosoficheestorico-filosofiche\/wp-json\/wp\/v2\/media?parent=2204"}],"curies":[{"name":"wp","href":"https:\/\/api.w.org\/{rel}","templated":true}]}}

<p class="first-para">Sulla base del calendario accademico  e del calendario delle attività didattiche della Facoltà , approvati annualmente rispettivamente dal Senato Accademico e dal Consiglio di Facoltà, il Corso di Studio definisce l’orario delle lezioni, in modo da ottimizzare i tempi di permanenza degli studenti presso le strutture universitarie e conciliare i tempi di studio personali e gli spostamenti da e per la Facoltà.</p>
<p>La Facoltà, in un’ottica di armonizzazione delle risorse, raccoglie le richieste dei singoli Corsi di studio, definisce il calendario definitivo e attribuisce a ciascun insegnamento l’aula, in funzione del numero di studenti previsti e della tipologia della lezione.</p>

<p>Sulla base del calendario accademico  e del calendario delle attività didattiche della Facoltà , approvati annualmente rispettivamente dal Senato Accademico e dal Consiglio di Facoltà, il Corso di Studio definisce l’orario delle lezioni, in modo da ottimizzare i tempi di permanenza degli studenti presso le strutture universitarie e conciliare i tempi di studio personali e gli spostamenti da e per la Facoltà. La Facoltà, in un’ottica di armonizzazione delle risorse, raccoglie le richieste dei singoli Corsi di studio, definisce il calendario definitivo e attribuisce a ciascun insegnamento l’aula, in funzione del numero di studenti previsti e della tipologia della lezione.</p>
