{"id":197,"date":"2013-09-27T11:38:11","date_gmt":"2013-09-27T11:38:11","guid":{"rendered":"http:\/\/people.unica.it\/pascalcordara\/?page_id=197"},"modified":"2017-09-19T18:00:21","modified_gmt":"2017-09-19T18:00:21","slug":"didatticaexamenes","status":"publish","type":"page","link":"https:\/\/people.unica.it\/rosaparrapalacios\/news\/didatticaexamenes\/","title":{"rendered":"Didattica"},"content":{"rendered":"<ul>\n<li><strong>Lettorato: <a href=\"http:\/\/people.unica.it\/rosaparrapalacios\/?p=300&amp;preview=true\">lettore, risultati di anni\u00a0scritti, prove di anni precedenti<\/a><\/strong><\/li>\n<li><strong>Esami<\/strong>\n<ul>\n<li><a href=\"http:\/\/people.unica.it\/rosaparrapalacios\/?p=294&amp;preview=true\">Informaci\u00f3n importante<\/a><\/li>\n<li><a href=\"http:\/\/people.unica.it\/rosaparrapalacios\/files\/2017\/06\/EscritoLS2-MAYO-2017-SOLUCIONES.pdf\">Examen de mayo de 2017-Soluciones<\/a><\/li>\n<li><a href=\"http:\/\/people.unica.it\/rosaparrapalacios\/files\/2013\/09\/LS2-19dejunio2017-soluciones.docx.pdf\">Examen de junio de 2017-Soluciones<\/a><\/li>\n<li><a href=\"http:\/\/people.unica.it\/rosaparrapalacios\/files\/2013\/09\/Examen-de-septiembre-de-2017-Soluciones.pdf\">Examen de septiembre de 2017-Soluciones<\/a><\/li>\n<\/ul>\n<\/li>\n<li><strong>Insegnamenti<\/strong>\n<ul>\n<li>\u00a0Programas\n<ul>\n<li><a href=\"http:\/\/people.unica.it\/simonamariacocco\/didattica\/insegnamenti\/?mu=Guide\/PaginaADErogata.do;jsessionid=5961E201279EA9B2E134FD535CC33C16.jvm1?ad_er_id=2016*N0*N0*A1*23218*17105&amp;ANNO_ACCADEMICO=2016&amp;mostra_percorsi=S&amp;step=1\" target=\"_blank\" rel=\"noopener noreferrer\">LS1 Comunicazione 2016\/17 <\/a>\u00a0(Terzo anno)<\/li>\n<li><a href=\"http:\/\/people.unica.it\/hectorrubenriossantana\/files\/2017\/03\/Programa-Laboratorio-Comunicazione-2016-2017.pdf\" target=\"_blank\" rel=\"noopener noreferrer\">Laboratorio Lingua Spagnola Lingue e Comunicazione<\/a> (Secondo anno)<\/li>\n<li><a href=\"http:\/\/people.unica.it\/simonamariacocco\/didattica\/insegnamenti\/?mu=Guide\/PaginaADErogata.do;jsessionid=5961E201279EA9B2E134FD535CC33C16.jvm1?ad_er_id=2016*N0*N0*A1*23249*18325&amp;ANNO_ACCADEMICO=2016&amp;mostra_percorsi=S&amp;step=1\" target=\"_blank\" rel=\"noopener noreferrer\">LS1 Lingue e Culture per la Mediazione<\/a> (Primo anno)<\/li>\n<li><a href=\"http:\/\/people.unica.it\/simonamariacocco\/didattica\/insegnamenti\/?mu=Guide\/PaginaADErogata.do;jsessionid=5961E201279EA9B2E134FD535CC33C16.jvm1?ad_er_id=2016*N0*N0*A1*23250*18326&amp;ANNO_ACCADEMICO=2016&amp;mostra_percorsi=S&amp;step=1\" target=\"_blank\" rel=\"noopener noreferrer\">LS2 Lingue e Culture per la Mediazione<\/a>\u00a0(Secondo anno)<\/li>\n<\/ul>\n<\/li>\n<\/ul>\n<\/li>\n<\/ul>\n<ul>\n<li><strong>Materiale didattico:<\/strong><\/li>\n<\/ul>\n<p>Se recuerda que el material did\u00e1ctico utilizado en cada una de las clases de <em>esercitazione\u00a0<\/em>est\u00e1 disponible en la carpeta compartida de la plataforma <em>Google Drive.\u00a0<\/em><\/p>\n<p>Se debe pedir la adhesi\u00f3n al grupo para poder disfrutar de estos contenidos compartidos, si no est\u00e1s incluido, por favor, escribe un mensaje a\u00a0<em><span style=\"text-decoration: underline\">rosamparra@unica.it<\/span> <\/em>para que seas inscrito en la mayor brevedad posible.<\/p>\n<p>En el mensaje, debes indicar en el Asunto:\u00a0<strong>petici\u00f3n compartir Drive<\/strong>, y en el cuerpo del mensaje escribe tus datos: apellido, nombre y matr\u00edcula as\u00ed como tu direcci\u00f3n de correo electr\u00f3nico.<\/p>\n<p>&nbsp;<\/p>\n<p>&nbsp;<\/p>\n<p>&nbsp;<\/p>\n","protected":false},"excerpt":{"rendered":"<p>Lettorato: lettore, risultati di anni\u00a0scritti, prove di anni precedenti Esami Informaci\u00f3n importante Examen de mayo de 2017-Soluciones Examen de junio de 2017-Soluciones Examen de septiembre de 2017-Soluciones Insegnamenti \u00a0Programas LS1 Comunicazione 2016\/17 \u00a0(Terzo anno) Laboratorio Lingua Spagnola Lingue e Comunicazione (Secondo anno) LS1 Lingue e Culture per la Mediazione (Primo anno) LS2 Lingue e Culture per la Mediazione\u00a0(Secondo anno) Materiale didattico: Se recuerda que el material did\u00e1ctico utilizado en cada una de las clases de esercitazione\u00a0est\u00e1 disponible en la carpeta compartida de la plataforma Google Drive.\u00a0 Se debe pedir la adhesi\u00f3n al grupo para poder disfrutar de estos contenidos compartidos, <a href='https:\/\/people.unica.it\/rosaparrapalacios\/news\/didatticaexamenes\/' class='excerpt-more'>[&#8230;]<\/a><\/p>\n","protected":false},"author":643,"featured_media":0,"parent":42,"menu_order":0,"comment_status":"closed","ping_status":"closed","template":"","meta":{"footnotes":""},"class_list":["post-197","page","type-page","status-publish","hentry","post-seq-1","post-parity-odd","meta-position-corners","fix"],"publishpress_future_action":{"enabled":false,"date":"2026-04-15 13:33:23","action":"Draft","newStatus":"draft","terms":[],"taxonomy":"","extraData":[]},"publishpress_future_workflow_manual_trigger":{"enabledWorkflows":[]},"_links":{"self":[{"href":"https:\/\/people.unica.it\/rosaparrapalacios\/wp-json\/wp\/v2\/pages\/197","targetHints":{"allow":["GET"]}}],"collection":[{"href":"https:\/\/people.unica.it\/rosaparrapalacios\/wp-json\/wp\/v2\/pages"}],"about":[{"href":"https:\/\/people.unica.it\/rosaparrapalacios\/wp-json\/wp\/v2\/types\/page"}],"author":[{"embeddable":true,"href":"https:\/\/people.unica.it\/rosaparrapalacios\/wp-json\/wp\/v2\/users\/643"}],"replies":[{"embeddable":true,"href":"https:\/\/people.unica.it\/rosaparrapalacios\/wp-json\/wp\/v2\/comments?post=197"}],"version-history":[{"count":11,"href":"https:\/\/people.unica.it\/rosaparrapalacios\/wp-json\/wp\/v2\/pages\/197\/revisions"}],"predecessor-version":[{"id":358,"href":"https:\/\/people.unica.it\/rosaparrapalacios\/wp-json\/wp\/v2\/pages\/197\/revisions\/358"}],"up":[{"embeddable":true,"href":"https:\/\/people.unica.it\/rosaparrapalacios\/wp-json\/wp\/v2\/pages\/42"}],"wp:attachment":[{"href":"https:\/\/people.unica.it\/rosaparrapalacios\/wp-json\/wp\/v2\/media?parent=197"}],"curies":[{"name":"wp","href":"https:\/\/api.w.org\/{rel}","templated":true}]}}