{"id":2524,"date":"2014-04-07T10:24:52","date_gmt":"2014-04-07T09:24:52","guid":{"rendered":"http:\/\/people.unica.it\/researchersinmotion\/?page_id=2524"},"modified":"2015-03-04T15:42:26","modified_gmt":"2015-03-04T14:42:26","slug":"cv-silvia-acosta-gutierrez","status":"publish","type":"page","link":"https:\/\/people.unica.it\/researchersinmotion\/alumni-profiles\/silvia-acosta-gutierrez\/cv-silvia-acosta-gutierrez\/","title":{"rendered":"CV Silvia Acosta Guti\u00e9rrez"},"content":{"rendered":"<p>Nationality <b>Spanish<\/b><\/p>\n<p>Homepage <b>sacosta-gutierrez.weebly.com<\/b><\/p>\n<p>&nbsp;<\/p>\n<p><strong>Education<\/strong><\/p>\n<p>2011\u20132012 <b>Master in Physics<\/b>, <i>&#8220;Structure of matter&#8221;<\/i>, Universidad de La Laguna.<\/p>\n<p>First Class Honours<\/p>\n<p>2005\u20132010 <b>Degree in Physics<\/b>, <i>&#8220;Fundamental Physics&#8221;<\/i>, Universidad de La Laguna.<\/p>\n<p>Upper Second Class Honours<\/p>\n<p>Masters Thesis<\/p>\n<p>Title <i>Optimal covering of C<\/i>60 <i>by rare gases<\/i><\/p>\n<p>Supervisors Professor Jos\u00e9 Diego Bret\u00f3n Pe\u00f1a &amp; Dr Javier Hern\u00e1ndez Rojas<\/p>\n<p>&nbsp;<\/p>\n<p><strong>Publications<\/strong><\/p>\n<p>To date I have two publications in the refereed journal <i>Journal of Chemical Physics<\/i>.<\/p>\n<p>S. Acosta-Guti\u00e9rrez, J. Hern\u00e1ndez-Rojas, J. Bret\u00f3n, J.M. G\u00f3mez Llorente and D.J.<\/p>\n<p>Wales. <i>J. Chem. Phys.<\/i>,<b>135 <\/b>124303 (2011).<\/p>\n<p>S. Acosta-Guti\u00e9rrez,J. Bret\u00f3n, J.M. G\u00f3mez Llorente and J. Hern\u00e1ndez-Rojas. <i>J.<\/i><\/p>\n<p><i>Chem. Phys.<\/i>,<b>137 <\/b>074306 (2012).<\/p>\n<p><i>\u00a0<\/i><\/p>\n<p><strong>Talks and Posters<\/strong><\/p>\n<p><b>Talks<\/b><\/p>\n<p>May. 2013 Invited talk &#8220;Nobel Forum 2013&#8221; feat Sheldon Lee Glashow, Universidad de La<\/p>\n<p>Laguna<\/p>\n<p>Feb. 2013 Contributed talk &#8220;V Jornadas de J\u00f3venes investigadores en<\/p>\n<p>F\u00edsica At\u00f3mica y Molecular,(GEFAM) Universidad Complutense de<\/p>\n<p>Madrid.http:\/\/pendientedemigracion.ucm.es\/centros\/webs\/j2ifamv<\/p>\n<p>Feb. 2012 Contributed talk &#8220;IV Jornadas de J\u00f3venes investigadores en F\u00edsica At\u00f3mica y Molecular,<\/p>\n<p>Universidad de Granada. http:\/\/www.ugr.es\/_j2ifam<\/p>\n<p><b>Seminars<\/b><\/p>\n<p>Jun. 2011 Seminar talk in SEDFULL, phD\u2019s seminars talks in physics at Universidad de La<\/p>\n<p>Laguna. http:\/\/sedfull.wordpress.com<\/p>\n<p><b>Posters<\/b><\/p>\n<p>Oct. 2012 Poster contribution to &#8220;EPDIC 13 European Powder Diffraction Conference&#8221;, Grenoble,<\/p>\n<p>France. http:\/\/epdic13.grenoble.cnrs.fr<\/p>\n<p><b>Others<\/b><\/p>\n<p>Jul-Aug.<\/p>\n<p>2013<\/p>\n<p>Attendance to the 541. Wilhelm and Else Heraeus Seminar on &#8220;Transport through<\/p>\n<p>Nanopores: From Understanding to Engineering&#8221; at Jacobs University Bremen<\/p>\n<p>(Germany)<\/p>\n<p>Jun-Jul. 2011 Attendance to &#8220;V Encuentro de Altas Presiones&#8221; at Universidad de La Laguna<\/p>\n<p>&nbsp;<\/p>\n<p><strong>Experience<\/strong><\/p>\n<p>May- August<\/p>\n<p>2011<\/p>\n<p>Internship as Project Manager and Consultant in <i>M\u00e1quinas y equipos de Oficina<\/i><\/p>\n<p><strong>Awards<\/strong><\/p>\n<p>2011 Awarded by the <i>Fundaci\u00f3n Empresa Universidad de La Laguna and Agencia Canaria<\/i><\/p>\n<p><i>de Investigaci\u00f3n <\/i>with a 4000e, a 4 months intership as Project Manager and<\/p>\n<p>Consultant for Research,Development and Innovation and 40 hours training in<\/p>\n<p>Audit for Research and Development, as part of the <i>Training Program Innovation<\/i><\/p>\n<p><i>Managers <\/i>funded by The European Social Fund.<\/p>\n<p>2005 Awarded by the Ministry of Education and Science of the Government of Spain for<\/p>\n<p>First class honours in International Baccalaureate degree in Natural Science and<\/p>\n<p>International Baccalaureate degree in Science and Technology<\/p>\n<p><strong>Computer skills<\/strong><\/p>\n<p>Intermediate LATEX, OpenOffice, Linux, Microsoft Windows, Mathematica, Oppen Office<\/p>\n<p>Advanced Fortran, R language.<\/p>\n<p>&nbsp;<\/p>\n<p><strong>Languages<\/strong><\/p>\n<p>Spanish <b>Mothertongue<\/b><\/p>\n<p>English <b>Intermediate <\/b><i>Conversationally fluent<\/i><\/p>\n<p>&nbsp;<\/p>\n<p><strong>Interests<\/strong><\/p>\n<p>&#8211; Piano &#8211; Singing<\/p>\n<p>&#8211; Hiking &#8211; Dancing<\/p>\n<p>&nbsp;<\/p>\n","protected":false},"excerpt":{"rendered":"<p>Nationality Spanish Homepage sacosta-gutierrez.weebly.com &nbsp; Education 2011\u20132012 Master in Physics, &#8220;Structure of matter&#8221;, Universidad de La Laguna. First Class Honours 2005\u20132010 Degree in Physics, &#8220;Fundamental Physics&#8221;, Universidad de La Laguna. Upper Second Class Honours Masters Thesis Title Optimal covering of C60 by rare gases Supervisors Professor Jos\u00e9 Diego Bret\u00f3n Pe\u00f1a &amp; Dr Javier Hern\u00e1ndez Rojas &nbsp; Publications To date I have two publications in the refereed journal Journal of Chemical Physics. S. Acosta-Guti\u00e9rrez, J. Hern\u00e1ndez-Rojas, J. Bret\u00f3n, J.M. G\u00f3mez Llorente and D.J. Wales. J. Chem. Phys.,135 124303 (2011). S. Acosta-Guti\u00e9rrez,J. Bret\u00f3n, J.M. G\u00f3mez Llorente and J. Hern\u00e1ndez-Rojas. J. Chem. Phys.,137 <a href='https:\/\/people.unica.it\/researchersinmotion\/alumni-profiles\/silvia-acosta-gutierrez\/cv-silvia-acosta-gutierrez\/' class='excerpt-more'>[&#8230;]<\/a><\/p>\n","protected":false},"author":366,"featured_media":0,"parent":2516,"menu_order":0,"comment_status":"closed","ping_status":"closed","template":"","meta":{"ngg_post_thumbnail":0,"footnotes":""},"class_list":["post-2524","page","type-page","status-publish","hentry","post-seq-1","post-parity-odd","meta-position-corners","fix"],"publishpress_future_action":{"enabled":false,"date":"2026-04-11 06:49:27","action":"change-status","newStatus":"draft","terms":[],"taxonomy":"frm_application","extraData":[]},"publishpress_future_workflow_manual_trigger":{"enabledWorkflows":[]},"_links":{"self":[{"href":"https:\/\/people.unica.it\/researchersinmotion\/wp-json\/wp\/v2\/pages\/2524","targetHints":{"allow":["GET"]}}],"collection":[{"href":"https:\/\/people.unica.it\/researchersinmotion\/wp-json\/wp\/v2\/pages"}],"about":[{"href":"https:\/\/people.unica.it\/researchersinmotion\/wp-json\/wp\/v2\/types\/page"}],"author":[{"embeddable":true,"href":"https:\/\/people.unica.it\/researchersinmotion\/wp-json\/wp\/v2\/users\/366"}],"replies":[{"embeddable":true,"href":"https:\/\/people.unica.it\/researchersinmotion\/wp-json\/wp\/v2\/comments?post=2524"}],"version-history":[{"count":2,"href":"https:\/\/people.unica.it\/researchersinmotion\/wp-json\/wp\/v2\/pages\/2524\/revisions"}],"predecessor-version":[{"id":4557,"href":"https:\/\/people.unica.it\/researchersinmotion\/wp-json\/wp\/v2\/pages\/2524\/revisions\/4557"}],"up":[{"embeddable":true,"href":"https:\/\/people.unica.it\/researchersinmotion\/wp-json\/wp\/v2\/pages\/2516"}],"wp:attachment":[{"href":"https:\/\/people.unica.it\/researchersinmotion\/wp-json\/wp\/v2\/media?parent=2524"}],"curies":[{"name":"wp","href":"https:\/\/api.w.org\/{rel}","templated":true}]}}