{"id":150,"date":"2012-07-25T14:53:24","date_gmt":"2012-07-25T14:53:24","guid":{"rendered":"http:\/\/people.unica.it\/quasizero\/?page_id=150"},"modified":"2012-07-26T14:30:17","modified_gmt":"2012-07-26T14:30:17","slug":"ferdinando-fornara","status":"publish","type":"page","link":"https:\/\/people.unica.it\/quasizero\/chi-siamo\/ferdinando-fornara\/","title":{"rendered":"Ferdinando Fornara"},"content":{"rendered":"<p>Ferdinando Fornara \u00e8 ricercatore presso il Dipartimento di Pedagogia, Psicologia e Filosofia dell&#8217;Universit\u00e0 di Cagliari.<br \/>\nI suoi interessi di ricerca comprendono la percezione di qualit\u00e0 degli ambienti residenziali e ospedalieri, la valutazione di interventi di riqualificazione urbana, le determinanti dei comportamenti pro-ambientali e il potenziale rigenerativo dei luoghi naturali e costruiti.<\/p>\n","protected":false},"excerpt":{"rendered":"<p>Ferdinando Fornara \u00e8 ricercatore presso il Dipartimento di Pedagogia, Psicologia e Filosofia dell&#8217;Universit\u00e0 di Cagliari. I suoi interessi di ricerca comprendono la percezione di qualit\u00e0 degli ambienti residenziali e ospedalieri, la valutazione di interventi di riqualificazione urbana, le determinanti dei comportamenti pro-ambientali e il potenziale rigenerativo dei luoghi naturali e costruiti.<\/p>\n","protected":false},"author":644,"featured_media":0,"parent":211,"menu_order":0,"comment_status":"closed","ping_status":"closed","template":"","meta":{"footnotes":""},"class_list":["post-150","page","type-page","status-publish","hentry","post-seq-1","post-parity-odd","meta-position-corners","fix"],"publishpress_future_action":{"enabled":false,"date":"2026-05-09 07:01:44","action":"Draft","newStatus":"draft","terms":[],"taxonomy":"","extraData":[]},"publishpress_future_workflow_manual_trigger":{"enabledWorkflows":[]},"_links":{"self":[{"href":"https:\/\/people.unica.it\/quasizero\/wp-json\/wp\/v2\/pages\/150","targetHints":{"allow":["GET"]}}],"collection":[{"href":"https:\/\/people.unica.it\/quasizero\/wp-json\/wp\/v2\/pages"}],"about":[{"href":"https:\/\/people.unica.it\/quasizero\/wp-json\/wp\/v2\/types\/page"}],"author":[{"embeddable":true,"href":"https:\/\/people.unica.it\/quasizero\/wp-json\/wp\/v2\/users\/644"}],"replies":[{"embeddable":true,"href":"https:\/\/people.unica.it\/quasizero\/wp-json\/wp\/v2\/comments?post=150"}],"version-history":[{"count":6,"href":"https:\/\/people.unica.it\/quasizero\/wp-json\/wp\/v2\/pages\/150\/revisions"}],"predecessor-version":[{"id":195,"href":"https:\/\/people.unica.it\/quasizero\/wp-json\/wp\/v2\/pages\/150\/revisions\/195"}],"up":[{"embeddable":true,"href":"https:\/\/people.unica.it\/quasizero\/wp-json\/wp\/v2\/pages\/211"}],"wp:attachment":[{"href":"https:\/\/people.unica.it\/quasizero\/wp-json\/wp\/v2\/media?parent=150"}],"curies":[{"name":"wp","href":"https:\/\/api.w.org\/{rel}","templated":true}]}}