{"id":3177,"date":"2021-02-24T15:40:31","date_gmt":"2021-02-24T15:40:31","guid":{"rendered":"https:\/\/people.unica.it\/psicologiadellosviluppoedeiprocessisocio-lavorativi\/?page_id=3177"},"modified":"2021-02-24T15:57:15","modified_gmt":"2021-02-24T15:57:15","slug":"calendario-lezioni-di-psicologia-dello-sviluppo-e-dei-processi-socio-lavorativi","status":"publish","type":"page","link":"https:\/\/people.unica.it\/psicologiadellosviluppoedeiprocessisocio-lavorativi\/calendario-e-orari\/orario-lezioni\/calendario-lezioni-di-psicologia-dello-sviluppo-e-dei-processi-socio-lavorativi\/","title":{"rendered":"Calendario lezioni di Psicologia dello sviluppo e dei processi socio-lavorativi"},"content":{"rendered":"<ul>\n<li><span style=\"color: #0000ff\"><a style=\"color: #0000ff\" href=\"https:\/\/unica.easystaff.it\/AgendaWeb\/\" target=\"_blank\" rel=\"noopener\">Calendario delle attivit\u00e0 didattiche<\/a><\/span><\/li>\n<li><span style=\"color: #0000ff\"><a style=\"color: #0000ff\" href=\"http:\/\/facolta.unica.it\/studiumanistici\/files\/2021\/02\/CdS-LM-Psicologia-V.O.-2\u00b0-sem.-20-21.pdf\" target=\"_blank\" rel=\"noopener\">versione pdf del Calendario lezioni 2\u00b0 semestre A.A. 2020\/21<\/a><\/span> <span style=\"color: #ff0000\"><strong>***<\/strong><\/span><\/li>\n<\/ul>\n<p><span style=\"color: #ff0000\"><strong>*** <\/strong><\/span>La versione pdf dell\u2019orario delle lezioni \u00e8 una rappresentazione della settimana tipo, ma i calendari subiscono frequenti variazioni per annullamenti\/spostamenti di orario e\/o aula. Si consiglia dunque di consultare periodicamente i <span style=\"color: #0000ff\"><a style=\"color: #0000ff\" href=\"https:\/\/unica.easystaff.it\/AgendaWeb\/\/index.php?_lang=it\" target=\"_blank\" rel=\"noopener\">calendari online.<\/a><\/span><\/p>\n<p>Si ricorda che:<\/p>\n<ol>\n<li>la <strong>prima settimana<\/strong> di marzo le lezioni verranno erogate <strong>esclusivamente online<\/strong>;<\/li>\n<li>la <strong>seconda settimana<\/strong> verr\u00e0 adottata la <strong>modalit\u00e0 mista<\/strong> per i <strong>corsi di laurea magistrale;<\/strong><\/li>\n<li>la <strong>terza settimana<\/strong> la <strong>modalit\u00e0 mista <\/strong>verr\u00e0\u00a0 estesa anche ai <strong>corsi di laurea triennali<\/strong> e <strong>magistrali a ciclo unico.<\/strong><\/li>\n<\/ol>\n","protected":false},"excerpt":{"rendered":"<p>Calendario delle attivit\u00e0 didattiche versione pdf del Calendario lezioni 2\u00b0 semestre A.A. 2020\/21 *** *** La versione pdf dell\u2019orario delle lezioni \u00e8 una rappresentazione della settimana tipo, ma i calendari subiscono frequenti variazioni per annullamenti\/spostamenti di orario e\/o aula. Si consiglia dunque di consultare periodicamente i calendari online. Si ricorda che: la prima settimana di marzo le lezioni verranno erogate esclusivamente online; la seconda settimana verr\u00e0 adottata la modalit\u00e0 mista per i corsi di laurea magistrale; la terza settimana la modalit\u00e0 mista verr\u00e0\u00a0 estesa anche ai corsi di laurea triennali e magistrali a ciclo unico.<\/p>\n","protected":false},"author":455,"featured_media":0,"parent":155,"menu_order":0,"comment_status":"closed","ping_status":"closed","template":"","meta":{"footnotes":""},"class_list":["post-3177","page","type-page","status-publish","hentry","post-seq-1","post-parity-odd","meta-position-corners","fix"],"_links":{"self":[{"href":"https:\/\/people.unica.it\/psicologiadellosviluppoedeiprocessisocio-lavorativi\/wp-json\/wp\/v2\/pages\/3177","targetHints":{"allow":["GET"]}}],"collection":[{"href":"https:\/\/people.unica.it\/psicologiadellosviluppoedeiprocessisocio-lavorativi\/wp-json\/wp\/v2\/pages"}],"about":[{"href":"https:\/\/people.unica.it\/psicologiadellosviluppoedeiprocessisocio-lavorativi\/wp-json\/wp\/v2\/types\/page"}],"author":[{"embeddable":true,"href":"https:\/\/people.unica.it\/psicologiadellosviluppoedeiprocessisocio-lavorativi\/wp-json\/wp\/v2\/users\/455"}],"replies":[{"embeddable":true,"href":"https:\/\/people.unica.it\/psicologiadellosviluppoedeiprocessisocio-lavorativi\/wp-json\/wp\/v2\/comments?post=3177"}],"version-history":[{"count":1,"href":"https:\/\/people.unica.it\/psicologiadellosviluppoedeiprocessisocio-lavorativi\/wp-json\/wp\/v2\/pages\/3177\/revisions"}],"predecessor-version":[{"id":3178,"href":"https:\/\/people.unica.it\/psicologiadellosviluppoedeiprocessisocio-lavorativi\/wp-json\/wp\/v2\/pages\/3177\/revisions\/3178"}],"up":[{"embeddable":true,"href":"https:\/\/people.unica.it\/psicologiadellosviluppoedeiprocessisocio-lavorativi\/wp-json\/wp\/v2\/pages\/155"}],"wp:attachment":[{"href":"https:\/\/people.unica.it\/psicologiadellosviluppoedeiprocessisocio-lavorativi\/wp-json\/wp\/v2\/media?parent=3177"}],"curies":[{"name":"wp","href":"https:\/\/api.w.org\/{rel}","templated":true}]}}