{"id":246,"date":"2016-02-12T11:49:14","date_gmt":"2016-02-12T11:49:14","guid":{"rendered":"http:\/\/people.unica.it\/pqa\/?page_id=246"},"modified":"2018-09-08T09:48:41","modified_gmt":"2018-09-08T09:48:41","slug":"documenti","status":"publish","type":"page","link":"https:\/\/people.unica.it\/pqa\/documenti\/","title":{"rendered":"Documenti"},"content":{"rendered":"<p style=\"text-align: justify\">In questa pagina sono pubblicati tutti i documenti prodotti dal <span style=\"color: #800000\"><strong>Presidio della Qualit\u00e0 di Ateneo<\/strong><\/span>, la documentazione completa sull&#8217;Assicurazione della Qualit\u00e0 di Ateneo \u00e8 resa disponibile sul sito <span style=\"color: #0000ff\"><a style=\"color: #0000ff\" href=\"https:\/\/www.unica.it\/unica\/it\/ateneo_s11.page\" target=\"_blank\" rel=\"noopener\">UNICA per la Qualit\u00e0 e il Miglioramento<\/a><\/span>.<\/p>\n<p>&nbsp;<\/p>\n<p style=\"text-align: justify\">\n<table id=\"tablepress-3\" class=\"tablepress tablepress-id-3\">\n<thead>\n<tr class=\"row-1\">\n\t<th class=\"column-1\">Assicurazione della Qualit\u00e0 di Ateneo<\/th>\n<\/tr>\n<\/thead>\n<tbody class=\"row-striping row-hover\">\n<tr class=\"row-2\">\n\t<td class=\"column-1\"><a href=\"http:\/\/people.unica.it\/pqa\/files\/2018\/09\/Organizzazione-e-Gestione-Qualit\u00e0-di-Ateneo-Quadro-D1-SUA-CdS-Rev.-3-del-14-05-2018.pdf\" target=\"_blank\">Organizzazione e Gestione della Qualit\u00e0 a livello di Ateneo \u2013 Rev. 3 del 14\/05\/2018<\/a><\/td>\n<\/tr>\n<tr class=\"row-3\">\n\t<td class=\"column-1\"><a href=\"http:\/\/people.unica.it\/pqa\/files\/2018\/09\/Il-Processo-di-AQ-di-Ateneo-SUA-Rev.-3-del-15-05-2018.pdf\" target=\"_blank\">Il Processo di Assicurazione della Qualit\u00e0 di Ateneo \u2013 Rev. 3 del 15\/05\/2018<\/a><\/td>\n<\/tr>\n<tr class=\"row-4\">\n\t<td class=\"column-1\">Scadenzario Generale di Ateneo<\/td>\n<\/tr>\n<\/tbody>\n<\/table>\n<!-- #tablepress-3 from cache --><\/p>\n<p style=\"text-align: justify\">\n<table id=\"tablepress-4\" class=\"tablepress tablepress-id-4\">\n<thead>\n<tr class=\"row-1\">\n\t<th class=\"column-1\">Relazioni del Presidio della Qualit\u00e0 di Ateneo<\/th>\n<\/tr>\n<\/thead>\n<tbody class=\"row-striping row-hover\">\n<tr class=\"row-2\">\n\t<td class=\"column-1\"><a href=\"http:\/\/people.unica.it\/pqa\/documenti\/relazioni-del-presidio-della-qualita-di-ateneo\/\">Relazione Semestrale<\/a><\/td>\n<\/tr>\n<tr class=\"row-3\">\n\t<td class=\"column-1\"><a href=\"http:\/\/people.unica.it\/pqa\/documenti\/relazioni-del-presidio-della-qualita-di-ateneo\/\">Relazione Annuale<\/a><\/td>\n<\/tr>\n<\/tbody>\n<\/table>\n<!-- #tablepress-4 from cache --><\/p>\n<p style=\"text-align: justify\">\n<table id=\"tablepress-5\" class=\"tablepress tablepress-id-5\">\n<thead>\n<tr class=\"row-1\">\n\t<th class=\"column-1\">Didattica<\/th>\n<\/tr>\n<\/thead>\n<tbody class=\"row-striping row-hover\">\n<tr class=\"row-2\">\n\t<td class=\"column-1\">Linee Guida PQA \u2013 Sistema di AQ dei CdS \u2013 Rev. 2 del 27\/04\/2017 (<a href=\"http:\/\/people.unica.it\/pqa\/files\/2017\/06\/Linee-Guida-PQA-Sistema-di-AQ-dei-CdS-Rev.-2-del-27-04-2017.docx\" target=\"_blank\">DOCX<\/a> \u2013 <a href=\"http:\/\/people.unica.it\/pqa\/files\/2017\/06\/Linee-Guida-PQA-Sistema-di-AQ-dei-CdS-Rev.-2-del-27-04-2017.pdf\" target=\"_blank\">PDF<\/a>)<\/td>\n<\/tr>\n<tr class=\"row-3\">\n\t<td class=\"column-1\">Guida Operativa PQA \u2013 Relazione Annuale CPDS \u2013 Rev. 5 del 08\/10\/2018 (<a href=\"http:\/\/people.unica.it\/pqa\/files\/2018\/11\/Guida-Operativa-PQA-Relazione-Annuale-CPDS-Rev.-5-del-08-10-2018.docx\" target=\"_blank\">DOCX<\/a> \u2013 <a href=\"http:\/\/people.unica.it\/pqa\/files\/2018\/11\/Guida-Operativa-PQA-Relazione-Annuale-CPDS-Rev.-5-del-08-10-2018.pdf\" target=\"_blank\">PDF<\/a>)<\/td>\n<\/tr>\n<tr class=\"row-4\">\n\t<td class=\"column-1\">Modello Relazione Annuale CPDS \u2013 Rev. 4 del 08\/10\/2018 (<a href=\"http:\/\/people.unica.it\/pqa\/files\/2018\/11\/Modello-Relazione-Annuale-CPDS-Rev.-4-del-08-10-2018.docx\" target=\"_blank\">DOCX<\/a> \u2013 <a href=\"http:\/\/people.unica.it\/pqa\/files\/2018\/11\/Modello-Relazione-Annuale-CPDS-Rev.-4-del-08-10-2018.pdf\" target=\"_blank\">PDF<\/a>)<\/td>\n<\/tr>\n<tr class=\"row-5\">\n\t<td class=\"column-1\"><a href=\"http:\/\/people.unica.it\/pqa\/files\/2018\/09\/Guida-Operativa-PQA-Schede-Insegnamento-Rev.-2-del-05-07-2018.pdf\" target=\"_blank\">Guida Operativa PQA \u2013 Schede Insegnamento \u2013 Rev. 2 del 05\/07\/2018<\/a><\/td>\n<\/tr>\n<tr class=\"row-6\">\n\t<td class=\"column-1\"><a href=\"http:\/\/people.unica.it\/pqa\/files\/2017\/07\/Guida-Operativa-PQA-Consultazione-PI-CdS-Rev-1-del-15-06-2017.pdf\" target=\"_blank\">Guida Operativa PQA \u2013 Parti Interessate CdS \u2013 Rev. 1 del 15\/06\/2017<\/a><\/td>\n<\/tr>\n<tr class=\"row-7\">\n\t<td class=\"column-1\"><a href=\"http:\/\/people.unica.it\/pqa\/files\/2018\/09\/Guida-operativa-PQA-Redazione-SUA-CdS-2018-2019-Rev.2-del-30-03-2018.pdf\" target=\"_blank\">Guida Operativa PQA \u2013 Redazione SUA\u2013CdS \u2013 Rev. 2 del 30\/03\/2018<\/a><\/td>\n<\/tr>\n<tr class=\"row-8\">\n\t<td class=\"column-1\"><a href=\"http:\/\/sites.unica.it\/qualita\/documenti\/monitoraggio-annuale-e-riesame-dei-corsi-di-studio\/\" target=\"_blank\">Monitoraggio Annuale e Riesame dei Corsi di Studio (SMA e RCR)<\/a><\/td>\n<\/tr>\n<tr class=\"row-9\">\n\t<td class=\"column-1\"><a href=\"http:\/\/sites.unica.it\/qualita\/documenti\/report-carriere-studenti\/\" target=\"_blank\">Report Carriere Studenti<\/a><\/td>\n<\/tr>\n<\/tbody>\n<\/table>\n<!-- #tablepress-5 from cache --><\/p>\n<p style=\"text-align: justify\">\n<table id=\"tablepress-6\" class=\"tablepress tablepress-id-6\">\n<thead>\n<tr class=\"row-1\">\n\t<th class=\"column-1\">Ricerca e Terza Missione<\/th>\n<\/tr>\n<\/thead>\n<tbody class=\"row-striping row-hover\">\n<tr class=\"row-2\">\n\t<td class=\"column-1\">Linee Guida PQA \u2013 Sistema di AQ dei Dipartimenti \u2013 Rev. 0 del 27\/04\/2017 (<a href=\"http:\/\/people.unica.it\/pqa\/files\/2017\/06\/Linee-Guida-PQA-Sistema-di-AQ-dei-Dipartimenti-Rev.-0-del-27-04-2017.docx\" target=\"_blank\">DOCX<\/a> \u2013 <a href=\"http:\/\/people.unica.it\/pqa\/files\/2017\/06\/Linee-Guida-PQA-Sistema-di-AQ-dei-Dipartimenti-Rev.-0-del-27-04-2017.pdf\" target=\"_blank\">PDF<\/a>)<\/td>\n<\/tr>\n<tr class=\"row-3\">\n\t<td class=\"column-1\">Guida Operativa PQA \u2013 Redazione Piano Triennale Dipartimenti \u2013 Rev. 0 del 07\/04\/2017<br \/>\n(<a href=\"http:\/\/people.unica.it\/pqa\/files\/2017\/04\/Guida-Operativa-PQA-Redazione-Piano-Triennale-Dipartimenti-Rev.-0-del-07-04-2017.docx\" target=\"_blank\">DOCX<\/a> \u2013 <a href=\"http:\/\/people.unica.it\/pqa\/files\/2017\/04\/Guida-Operativa-PQA-Redazione-Piano-Triennale-Dipartimenti-Rev.-0-del-07-04-2017.pdf\" target=\"_blank\">PDF<\/a>)<\/td>\n<\/tr>\n<\/tbody>\n<\/table>\n<!-- #tablepress-6 from cache --><\/p>\n<p style=\"text-align: justify\">\n<table id=\"tablepress-7\" class=\"tablepress tablepress-id-7\">\n<thead>\n<tr class=\"row-1\">\n\t<th class=\"column-1\">Materiale Formativo<\/th>\n<\/tr>\n<\/thead>\n<tbody class=\"row-striping row-hover\">\n<tr class=\"row-2\">\n\t<td class=\"column-1\"><a href=\"http:\/\/people.unica.it\/pqa\/files\/2016\/11\/Il-Sistema-di-Assicurazione-Qualit\u00e0-di-Ateneo-Modulo-1-PQA-Gruppo-Galgano-Ott-Nov-2016.pdf\" target=\"_blank\">Il Sistema di Assicurazione Qualit\u00e0 di Ateneo \u2013 Modulo 1 (PQA\/Gruppo Galgano \u2013 Ott\/Nov 2016)<\/a><\/td>\n<\/tr>\n<tr class=\"row-3\">\n\t<td class=\"column-1\"><a href=\"http:\/\/people.unica.it\/pqa\/files\/2016\/12\/Il-Sistema-di-Assicurazione-Qualit\u00e0-di-Ateneo-Modulo-2-PQA-Gruppo-Galgano-Nov-Dic-2016.pdf\" target=\"_blank\">Il Sistema di Assicurazione Qualit\u00e0 di Ateneo \u2013 Modulo 2 (PQA\/Gruppo Galgano \u2013 Nov\/Dic 2016)<\/a><\/td>\n<\/tr>\n<tr class=\"row-4\">\n\t<td class=\"column-1\"><a href=\"http:\/\/people.unica.it\/pqa\/files\/2017\/02\/Il-Processo-di-AQ-nelle-Universit\u00e0-Italiane-e-in-UniCa-PQA-Feb-2017.pdf\" target=\"_blank\">Il Processo di Assicurazione della Qualit\u00e0 nelle Universit\u00e0 Italiane e in UniCa (PQA \u2013 Feb 2017)<\/a><\/td>\n<\/tr>\n<\/tbody>\n<\/table>\n<!-- #tablepress-7 from cache --><\/p>\n","protected":false},"excerpt":{"rendered":"<p>In questa pagina sono pubblicati tutti i documenti prodotti dal Presidio della Qualit\u00e0 di Ateneo, la documentazione completa sull&#8217;Assicurazione della Qualit\u00e0 di Ateneo \u00e8 resa disponibile sul sito UNICA per la Qualit\u00e0 e il Miglioramento. &nbsp;<\/p>\n","protected":false},"author":2712,"featured_media":0,"parent":0,"menu_order":11,"comment_status":"closed","ping_status":"closed","template":"","meta":{"footnotes":""},"class_list":["post-246","page","type-page","status-publish","hentry","post-seq-1","post-parity-odd","meta-position-corners","fix"],"publishpress_future_action":{"enabled":false,"date":"2026-04-23 22:48:48","action":"Draft","newStatus":"draft","terms":[],"taxonomy":"","extraData":[]},"publishpress_future_workflow_manual_trigger":{"enabledWorkflows":[]},"_links":{"self":[{"href":"https:\/\/people.unica.it\/pqa\/wp-json\/wp\/v2\/pages\/246","targetHints":{"allow":["GET"]}}],"collection":[{"href":"https:\/\/people.unica.it\/pqa\/wp-json\/wp\/v2\/pages"}],"about":[{"href":"https:\/\/people.unica.it\/pqa\/wp-json\/wp\/v2\/types\/page"}],"author":[{"embeddable":true,"href":"https:\/\/people.unica.it\/pqa\/wp-json\/wp\/v2\/users\/2712"}],"replies":[{"embeddable":true,"href":"https:\/\/people.unica.it\/pqa\/wp-json\/wp\/v2\/comments?post=246"}],"version-history":[{"count":10,"href":"https:\/\/people.unica.it\/pqa\/wp-json\/wp\/v2\/pages\/246\/revisions"}],"predecessor-version":[{"id":1201,"href":"https:\/\/people.unica.it\/pqa\/wp-json\/wp\/v2\/pages\/246\/revisions\/1201"}],"wp:attachment":[{"href":"https:\/\/people.unica.it\/pqa\/wp-json\/wp\/v2\/media?parent=246"}],"curies":[{"name":"wp","href":"https:\/\/api.w.org\/{rel}","templated":true}]}}