{"id":1566,"date":"2013-09-25T15:58:15","date_gmt":"2013-09-25T15:58:15","guid":{"rendered":"http:\/\/people.unica.it\/politichesocietaeterritorio\/?page_id=1566"},"modified":"2014-12-22T10:44:45","modified_gmt":"2014-12-22T10:44:45","slug":"referente-per-la-qualita","status":"publish","type":"page","link":"https:\/\/people.unica.it\/politichesocietaeterritorio\/ava\/referente-per-la-qualita\/","title":{"rendered":"Referente per la Qualit\u00e0"},"content":{"rendered":"<p>Dott.ssa Ester Cois, nominata Referente per la Qualit\u00e0 del Corso di Studio in Politiche, Societ\u00e0 e Territorio dal\u00a0Consiglio di Corso il\u00a028 novembre\u00a02014.<\/p>","protected":false},"excerpt":{"rendered":"<p>Dott.ssa Ester Cois, nominata Referente per la Qualit\u00e0 del Corso di Studio in Politiche, Societ\u00e0 e Territorio dal\u00a0Consiglio di Corso il\u00a028 novembre\u00a02014.<\/p>\n","protected":false},"author":683,"featured_media":0,"parent":1801,"menu_order":1,"comment_status":"closed","ping_status":"closed","template":"","meta":{"footnotes":""},"class_list":["post-1566","page","type-page","status-publish","hentry","post-seq-1","post-parity-odd","meta-position-corners","fix"],"publishpress_future_action":{"enabled":false,"date":"2026-04-18 06:45:41","action":"change-status","newStatus":"draft","terms":[],"taxonomy":"","extraData":[]},"publishpress_future_workflow_manual_trigger":{"enabledWorkflows":[]},"_links":{"self":[{"href":"https:\/\/people.unica.it\/politichesocietaeterritorio\/wp-json\/wp\/v2\/pages\/1566","targetHints":{"allow":["GET"]}}],"collection":[{"href":"https:\/\/people.unica.it\/politichesocietaeterritorio\/wp-json\/wp\/v2\/pages"}],"about":[{"href":"https:\/\/people.unica.it\/politichesocietaeterritorio\/wp-json\/wp\/v2\/types\/page"}],"author":[{"embeddable":true,"href":"https:\/\/people.unica.it\/politichesocietaeterritorio\/wp-json\/wp\/v2\/users\/683"}],"replies":[{"embeddable":true,"href":"https:\/\/people.unica.it\/politichesocietaeterritorio\/wp-json\/wp\/v2\/comments?post=1566"}],"version-history":[{"count":3,"href":"https:\/\/people.unica.it\/politichesocietaeterritorio\/wp-json\/wp\/v2\/pages\/1566\/revisions"}],"predecessor-version":[{"id":1800,"href":"https:\/\/people.unica.it\/politichesocietaeterritorio\/wp-json\/wp\/v2\/pages\/1566\/revisions\/1800"}],"up":[{"embeddable":true,"href":"https:\/\/people.unica.it\/politichesocietaeterritorio\/wp-json\/wp\/v2\/pages\/1801"}],"wp:attachment":[{"href":"https:\/\/people.unica.it\/politichesocietaeterritorio\/wp-json\/wp\/v2\/media?parent=1566"}],"curies":[{"name":"wp","href":"https:\/\/api.w.org\/{rel}","templated":true}]}}