{"id":190,"date":"2016-12-23T14:00:35","date_gmt":"2016-12-23T12:00:35","guid":{"rendered":"http:\/\/people.unica.it\/orientamento\/?page_id=190"},"modified":"2021-04-13T12:52:34","modified_gmt":"2021-04-13T10:52:34","slug":"collaborazioni-studentesche","status":"publish","type":"page","link":"https:\/\/people.unica.it\/orientamento\/collaborazioni-studentesche\/","title":{"rendered":"Collaborazioni studentesche"},"content":{"rendered":"<p><strong><a href=\"https:\/\/www.unica.it\/unica\/it\/studenti_s10.page\">Vai alla pagina delle collaborazioni studentesche nel nuovo sito dell&#8217;Universit\u00e0 di Cagliari<\/a><\/strong><br \/>\n&nbsp;<\/p>\n<hr>\n<p>Per ulteriori informazioni \u00e8 possibile contattare il Settore Orientamento:<\/p>\n<p><!-- --><\/p>\n<p><em><a title=\"Dove siamo\" href=\"http:\/\/maps.google.com\/maps?q=via+Universit%C3\"><em><strong>Dove siamo<\/strong>: via Universit\u00e0 40, 09124 Cagliari<\/em><\/a><br \/>\n<\/em><\/p>\n<p><strong><a title=\"Contattaci\" href=\"http:\/\/people.unica.it\/orientamento\/collaborazioni-studentesche\/contattaci\/\"><span style=\"text-decoration: underline\">Invia una mail<\/span><\/a><\/strong><\/p>\n<p>&nbsp;<\/p>\n<p>&nbsp;<\/p>\n","protected":false},"excerpt":{"rendered":"<p>Vai alla pagina delle collaborazioni studentesche nel nuovo sito dell&#8217;Universit\u00e0 di Cagliari &nbsp; Per ulteriori informazioni \u00e8 possibile contattare il Settore Orientamento: Dove siamo: via Universit\u00e0 40, 09124 Cagliari Invia una mail &nbsp; &nbsp;<\/p>\n","protected":false},"author":628,"featured_media":0,"parent":0,"menu_order":0,"comment_status":"closed","ping_status":"closed","template":"","meta":{"ngg_post_thumbnail":0,"footnotes":""},"class_list":["post-190","page","type-page","status-publish","hentry"],"_links":{"self":[{"href":"https:\/\/people.unica.it\/orientamento\/wp-json\/wp\/v2\/pages\/190","targetHints":{"allow":["GET"]}}],"collection":[{"href":"https:\/\/people.unica.it\/orientamento\/wp-json\/wp\/v2\/pages"}],"about":[{"href":"https:\/\/people.unica.it\/orientamento\/wp-json\/wp\/v2\/types\/page"}],"author":[{"embeddable":true,"href":"https:\/\/people.unica.it\/orientamento\/wp-json\/wp\/v2\/users\/628"}],"replies":[{"embeddable":true,"href":"https:\/\/people.unica.it\/orientamento\/wp-json\/wp\/v2\/comments?post=190"}],"version-history":[{"count":88,"href":"https:\/\/people.unica.it\/orientamento\/wp-json\/wp\/v2\/pages\/190\/revisions"}],"predecessor-version":[{"id":4127,"href":"https:\/\/people.unica.it\/orientamento\/wp-json\/wp\/v2\/pages\/190\/revisions\/4127"}],"wp:attachment":[{"href":"https:\/\/people.unica.it\/orientamento\/wp-json\/wp\/v2\/media?parent=190"}],"curies":[{"name":"wp","href":"https:\/\/api.w.org\/{rel}","templated":true}]}}