{"id":179,"date":"2012-09-20T11:48:59","date_gmt":"2012-09-20T11:48:59","guid":{"rendered":"http:\/\/people.unica.it\/nuvat\/?page_id=179"},"modified":"2012-09-20T14:04:08","modified_gmt":"2012-09-20T14:04:08","slug":"norme-generali","status":"publish","type":"page","link":"https:\/\/people.unica.it\/nuvat\/normativa-2\/norme-generali\/","title":{"rendered":"Norme Generali"},"content":{"rendered":"<ul type=\"square\">\n<li><a href=\"http:\/\/localhost\/Nuvat\/normativa\/1_art_17_statuto.pdf\" target=\"_blank\">Statuto dell\u2019Universit\u00e0 &#8211; art. 17: Nucleo di Valutazione <\/a><\/li>\n<\/ul>\n<p>&nbsp;<\/p>\n<ul type=\"square\">\n<li><a title=\"scarica file formato rtf\" href=\"http:\/\/localhost\/Nuvat\/normativa\/2_Legge9maggio1989_168.rtf\">L. 9 maggio 1989, n. 168: Istituzione del Ministero dell&#8217;Universit\u00e0 e della Ricerca Scientifica e Tecnologica<\/a><\/li>\n<\/ul>\n<p>&nbsp;<\/p>\n<ul type=\"square\">\n<li><a title=\"scarica file formato rtf\" href=\"http:\/\/localhost\/Nuvat\/normativa\/3_Legge_19ottobre99_370note.rtf\">L. 19 ottobre 1999, n. 370: Disposizioni in materia di Universit\u00e0 e di Ricerca scientifica e tecnologica<\/a><\/li>\n<\/ul>\n<p>&nbsp;<\/p>\n<ul type=\"square\">\n<li><a title=\"scarica file formato rtf\" href=\"http:\/\/localhost\/Nuvat\/normativa\/4_Legge_30dicembre10_240.rtf\">L. 30 dicembre 2010, n. 240: Norme in materia di organizzazione delle Universita&#8217;, di personale accademico e reclutamento, nonche&#8217; delega al Governo per incentivare la qualita&#8217; e l&#8217;efficienza del sistema universitario. <\/a><\/li>\n<\/ul>\n","protected":false},"excerpt":{"rendered":"<p>Statuto dell\u2019Universit\u00e0 &#8211; art. 17: Nucleo di Valutazione &nbsp; L. 9 maggio 1989, n. 168: Istituzione del Ministero dell&#8217;Universit\u00e0 e della Ricerca Scientifica e Tecnologica &nbsp; L. 19 ottobre 1999, n. 370: Disposizioni in materia di Universit\u00e0 e di Ricerca scientifica e tecnologica &nbsp; L. 30 dicembre 2010, n. 240: Norme in materia di organizzazione <a href='https:\/\/people.unica.it\/nuvat\/normativa-2\/norme-generali\/' class='excerpt-more'>[&#8230;]<\/a><\/p>\n","protected":false},"author":665,"featured_media":0,"parent":32,"menu_order":1,"comment_status":"closed","ping_status":"closed","template":"","meta":{"footnotes":""},"class_list":["post-179","page","type-page","status-publish","hentry","post-seq-1","post-parity-odd","meta-position-corners","fix"],"publishpress_future_action":{"enabled":false,"date":"2026-04-18 00:33:14","action":"Draft","newStatus":"draft","terms":[],"taxonomy":"","extraData":[]},"publishpress_future_workflow_manual_trigger":{"enabledWorkflows":[]},"_links":{"self":[{"href":"https:\/\/people.unica.it\/nuvat\/wp-json\/wp\/v2\/pages\/179","targetHints":{"allow":["GET"]}}],"collection":[{"href":"https:\/\/people.unica.it\/nuvat\/wp-json\/wp\/v2\/pages"}],"about":[{"href":"https:\/\/people.unica.it\/nuvat\/wp-json\/wp\/v2\/types\/page"}],"author":[{"embeddable":true,"href":"https:\/\/people.unica.it\/nuvat\/wp-json\/wp\/v2\/users\/665"}],"replies":[{"embeddable":true,"href":"https:\/\/people.unica.it\/nuvat\/wp-json\/wp\/v2\/comments?post=179"}],"version-history":[{"count":7,"href":"https:\/\/people.unica.it\/nuvat\/wp-json\/wp\/v2\/pages\/179\/revisions"}],"predecessor-version":[{"id":243,"href":"https:\/\/people.unica.it\/nuvat\/wp-json\/wp\/v2\/pages\/179\/revisions\/243"}],"up":[{"embeddable":true,"href":"https:\/\/people.unica.it\/nuvat\/wp-json\/wp\/v2\/pages\/32"}],"wp:attachment":[{"href":"https:\/\/people.unica.it\/nuvat\/wp-json\/wp\/v2\/media?parent=179"}],"curies":[{"name":"wp","href":"https:\/\/api.w.org\/{rel}","templated":true}]}}