{"id":76,"date":"2009-05-25T10:10:10","date_gmt":"2009-05-25T08:10:10","guid":{"rendered":"http:\/\/people.unica.it\/mvgebm\/?page_id=76"},"modified":"2010-05-24T10:49:15","modified_gmt":"2010-05-24T08:49:15","slug":"servizi","status":"publish","type":"page","link":"https:\/\/people.unica.it\/mvgebm\/servizi\/","title":{"rendered":"Servizi"},"content":{"rendered":"<p><span><a href=\"http:\/\/people.unica.it\/mvgebm\">Home<span style=\"color: #ffffff\"> <\/span><\/a><span style=\"color: #ffffff\">\u2013 Servizi<br \/>\n<\/span> <\/span><\/p>\n<p><span style=\"color: #ffffff\"><span style=\"color: #ffffff\">La Sezione di Microbiologia e Virologia Generale e Biotecnologie Microbiche del Dipartimento in intestazione, svolge dal 1980 attivit\u00e0 di ricerca nei settori delle Biotecnologie <\/span>per lo sviluppo di farmaci e di bioprodotti per applicazioni industriali ed per il risanamento ambientale.<\/span><\/p>\n<p><span style=\"color: #ffffff\">In linea con la sempre pi\u00f9 pressante necessit\u00e0 di collaborazione Universit\u00e0\/Impresa volta al rafforzamento della competitivit\u00e0, la Sezione svolge le seguenti attivit\u00e0 in collaborazione e\/o per conto di aziende private:<br \/>\n<\/span><\/p>\n<h6><span style=\"color: #ffffff\"><em><em>I Link sotto riportati ti sposteranno nella pagina dei laboratori. Per ritornare in questa sezione, sar\u00e0 sufficiente cliccare (nel menu principale alla vostra destra), la voce &#8220;Servizi&#8221;<\/em><\/em><\/span><\/h6>\n<p><span style=\"color: #ffffff\"> \u2666 <a href=\"http:\/\/people.unica.it\/mvgebm\/ricerca\/studi-e-laboratori\/laboratori-bl3\/\" target=\"_blank\">Valutazione attivit\u00e0 antivirale (anti HIV, anti HCV, anti Flaviviridae, etc.) <\/a><br \/>\n\u2666 <a href=\"http:\/\/people.unica.it\/mvgebm\/ricerca\/studi-e-laboratori\/laboratorio-di-protein-misfolding\/\" target=\"_blank\">Valutazione attivit\u00e0 anti prioni <\/a><br \/>\n\u2666 <a href=\"http:\/\/people.unica.it\/mvgebm\/ricerca\/studi-e-laboratori\/laboratorio-di-batteriologia\/\" target=\"_blank\">Valutazione attivit\u00e0 antibatterica ed antifungina <\/a><br \/>\n\u2666 <a href=\"http:\/\/people.unica.it\/mvgebm\/ricerca\/studi-e-laboratori\/laboratorio-di-batteriologia\/\" target=\"_blank\">Valutazione attivit\u00e0 anti biofilm<\/a><br \/>\n\u2666 <a href=\"http:\/\/people.unica.it\/mvgebm\/ricerca\/studi-e-laboratori\/laboratorio-di-batteriologia\/\" target=\"_blank\">Valutazione dell\u2019attivit\u00e0 biocida<\/a><br \/>\n\u2666 <a href=\"http:\/\/people.unica.it\/mvgebm\/ricerca\/studi-e-laboratori\/laboratorio-di-microbiologia-ambientale\/\" target=\"_blank\">Identificazione di batteri con tecniche molecolari <\/a><br \/>\n\u2666 <a href=\"http:\/\/people.unica.it\/mvgebm\/ricerca\/studi-e-laboratori\/laboratorio-di-microbiologia-ambientale\/\" target=\"_blank\">Monitoraggio di comunit\u00e0 microbiche ambientali con tecniche molecolari<\/a><\/span><\/p>\n<p><span style=\"color: #ffffff\">Per richiedere informazioni sui servizi e\/o un preventivo, Vi preghiamo di contattarci al seguente indirizzo e-mail: <a href=\"mailto:segrmicro@unica.it\">segrmicro@unica.it<\/a><\/span><\/p>\n","protected":false},"excerpt":{"rendered":"<p>Home \u2013 Servizi La Sezione di Microbiologia e Virologia Generale e Biotecnologie Microbiche del Dipartimento in intestazione, svolge dal 1980 attivit\u00e0 di ricerca nei settori delle Biotecnologie per lo sviluppo di farmaci e di bioprodotti per applicazioni industriali ed per il risanamento ambientale. In linea con la sempre pi\u00f9 pressante necessit\u00e0 di collaborazione Universit\u00e0\/Impresa volta al rafforzamento della competitivit\u00e0, la Sezione svolge le seguenti attivit\u00e0 in collaborazione e\/o per conto di aziende private: I Link sotto riportati ti sposteranno nella pagina dei laboratori. Per ritornare in questa sezione, sar\u00e0 sufficiente cliccare (nel menu principale alla vostra destra), la voce &#8220;Servizi&#8221; <a href='https:\/\/people.unica.it\/mvgebm\/servizi\/' class='excerpt-more'>[&#8230;]<\/a><\/p>\n","protected":false},"author":49,"featured_media":0,"parent":0,"menu_order":0,"comment_status":"closed","ping_status":"open","template":"","meta":{"footnotes":""},"class_list":["post-76","page","type-page","status-publish","hentry","category-646-id","post-seq-1","post-parity-odd","meta-position-corners","fix"],"_links":{"self":[{"href":"https:\/\/people.unica.it\/mvgebm\/wp-json\/wp\/v2\/pages\/76","targetHints":{"allow":["GET"]}}],"collection":[{"href":"https:\/\/people.unica.it\/mvgebm\/wp-json\/wp\/v2\/pages"}],"about":[{"href":"https:\/\/people.unica.it\/mvgebm\/wp-json\/wp\/v2\/types\/page"}],"author":[{"embeddable":true,"href":"https:\/\/people.unica.it\/mvgebm\/wp-json\/wp\/v2\/users\/49"}],"replies":[{"embeddable":true,"href":"https:\/\/people.unica.it\/mvgebm\/wp-json\/wp\/v2\/comments?post=76"}],"version-history":[{"count":12,"href":"https:\/\/people.unica.it\/mvgebm\/wp-json\/wp\/v2\/pages\/76\/revisions"}],"predecessor-version":[{"id":1090,"href":"https:\/\/people.unica.it\/mvgebm\/wp-json\/wp\/v2\/pages\/76\/revisions\/1090"}],"wp:attachment":[{"href":"https:\/\/people.unica.it\/mvgebm\/wp-json\/wp\/v2\/media?parent=76"}],"curies":[{"name":"wp","href":"https:\/\/api.w.org\/{rel}","templated":true}]}}