{"id":137,"date":"2009-05-25T12:11:08","date_gmt":"2009-05-25T10:11:08","guid":{"rendered":"http:\/\/people.unica.it\/mvgebm\/?page_id=137"},"modified":"2010-05-19T10:22:25","modified_gmt":"2010-05-19T08:22:25","slug":"laboratorio-di-microbiologia-ambientale","status":"publish","type":"page","link":"https:\/\/people.unica.it\/mvgebm\/ricerca\/studi-e-laboratori\/laboratorio-di-microbiologia-ambientale\/","title":{"rendered":"Laboratorio di Microbiologia Ambientale"},"content":{"rendered":"<p><a href=\"http:\/\/people.unica.it\/mvgebm\">Home <\/a>&#8211; <a href=\"http:\/\/people.unica.it\/mvgebm\/ricerca\/\">Ricerca<\/a>&#8211; <a href=\"http:\/\/people.unica.it\/mvgebm\/studi-e-laboratori\/\">Studi e Laboratori <\/a>&#8211; <a href=\"http:\/\/people.unica.it\/mvgebm\/laboratori\/\">Laboratori Macchiareddu <\/a> <span style=\"color: #ffffff\">&#8211;\u00a0 Laboratorio di Microbiologia Ambientale<\/span><\/p>\n<p><span style=\"color: #ffffff\"><strong>Caratteristiche tecniche: <\/strong>Laboratorio specializzato nello studio delle comunit\u00e0 microbiche ambientali e nello sviluppo di biotecnologie microbiche per applicazioni ambientali ed industriali.<\/span><\/p>\n<p><span style=\"color: #ffffff\"><strong>Complessivamente si dispone di<\/strong><strong>:<\/strong> 2 Cappe a Flusso Laminare, 1 Incubatore, 1 Incubatore raffreddato, 1 Incubatore a CO2, 3 Agitatori orbitali, 1 Frigorifero, 2 Congelatori (-20 \u00b0C), 1 Cappa Chimica, 1 PCR Real-Time, 2 PCR classiche, 1 Tensiometro, 1 Centrifuga refrigerata, 1 Centrifuga, 1 Microcentrifuga, 1 Omogenizzatore Fast Prep, 1 Spettrofotometro, 1 Transilluminatore, 1 Sistema di acquisizione di immagini per gel, 3 Microscopi, 1 Microscopio a fluorescenza dotato di software di analisi delle immagini, 1 Fermentatore da 3  litri, 1 Liofilizzatore, Apparati per elettroforesi su gel di acidi nucleici e proteine, 1 Bagno Termostatato, 1 Termoblock, 1 Stufa, 2 Sistemi di scuotimento Vibrax.<\/span><\/p>\n<div>\n<table style=\"text-align: center;height: 155px\" border=\"0\" cellspacing=\"0\" cellpadding=\"0\" width=\"470\">\n<tbody>\n<tr>\n<td width=\"200\"><span style=\"color: #ffffff\"><img decoding=\"async\" style=\"border: 2px solid black\" src=\"http:\/\/people.unica.it\/mvgebm\/files\/2009\/05\/img001-microbiologia.gif\" alt=\"Laboratorio di Microbiologia Ambientale\" width=\"200\" height=\"151\" \/><\/span><\/td>\n<td width=\"200\"><span style=\"color: #ffffff\"><br \/>\n<\/span><\/td>\n<\/tr>\n<\/tbody>\n<\/table>\n<\/div>\n<p><span style=\"color: #ffffff\"><strong>Anno di acquisizione:<\/strong> 2004.<\/span><\/p>\n<p><span style=\"color: #ffffff\"><strong>Responsabile: Dott.ssa Elena Tamburini<\/strong>.<\/span><\/p>\n<p><span style=\"color: #ffffff\"><strong>Inventario<\/strong>: Dipartimento di Scienze e Tecnologie Biomediche \u2013 Sezione di Microbiologia e Virologia Generale e Biotecnologie Microbiche.<\/span><\/p>\n<p><span style=\"color: #ffffff\"><strong>Principali applicazioni:<\/strong><\/span><\/p>\n<p><span style=\"color: #ffffff\">\u2666 Nuove strategie per l\u2019isolamento di \u201cmicrorganismi ancora non coltivabili\u201d in condizioni di laboratorio.<\/span><\/p>\n<p><span style=\"color: #ffffff\">\u2666 Tipizzazione ed identificazione di ceppi microbici tramite tecniche molecolari (es. analisi del gene 16S rRNA, AFLP).<\/span><\/p>\n<p><span style=\"color: #ffffff\">\u2666<strong> <\/strong>Studio e monitoraggio della diversit\u00e0 e attivit\u00e0 delle comunit\u00e0 microbiche negli ambienti naturali tramite tecniche di microbiologia classica e molecolari (es. T-RFLP).<\/span><\/p>\n<p><span style=\"color: #ffffff\">\u2666 Studio e monitoraggio di microrganismi in grado di degradare \/ trasformare le sostanze inquinanti durante i processi di biorisanamento.<\/span><\/p>\n<p><span style=\"color: #ffffff\">\u2666 Tecniche high-throughput per l&#8217;isolamento e lo screening di microrganismi produttori di surfattanti ed emulsionanti e valutazione dell\u2019efficienza di produzione ed efficacia dei prodotti.<\/span><\/p>\n<p><span style=\"color: #ffffff\">\u2666 Ottimizzazione delle condizioni di coltura per la produzione di bioprodotti di origine microbica attraverso tecniche di disegno sperimentale.<\/span><\/p>\n<p><span style=\"color: #ffffff\">\u2666 Clonaggio, espressione in E. coli e purificazione di enzimi di interesse industriale (es. pectinasi).<\/span><\/p>\n<p><span style=\"color: #ffffff\">\u2666 Analisi in silico di sequenze nucleotidiche ed aminoacidiche per studi filogenetici ed evolutivi.<\/span><\/p>\n","protected":false},"excerpt":{"rendered":"<p>Home &#8211; Ricerca&#8211; Studi e Laboratori &#8211; Laboratori Macchiareddu &#8211;\u00a0 Laboratorio di Microbiologia Ambientale Caratteristiche tecniche: Laboratorio specializzato nello studio delle comunit\u00e0 microbiche ambientali e nello sviluppo di biotecnologie microbiche per applicazioni ambientali ed industriali. Complessivamente si dispone di: 2 Cappe a Flusso Laminare, 1 Incubatore, 1 Incubatore raffreddato, 1 Incubatore a CO2, 3 Agitatori orbitali, 1 Frigorifero, 2 Congelatori (-20 \u00b0C), 1 Cappa Chimica, 1 PCR Real-Time, 2 PCR classiche, 1 Tensiometro, 1 Centrifuga refrigerata, 1 Centrifuga, 1 Microcentrifuga, 1 Omogenizzatore Fast Prep, 1 Spettrofotometro, 1 Transilluminatore, 1 Sistema di acquisizione di immagini per gel, 3 Microscopi, 1 Microscopio <a href='https:\/\/people.unica.it\/mvgebm\/ricerca\/studi-e-laboratori\/laboratorio-di-microbiologia-ambientale\/' class='excerpt-more'>[&#8230;]<\/a><\/p>\n","protected":false},"author":88,"featured_media":0,"parent":116,"menu_order":8,"comment_status":"closed","ping_status":"closed","template":"","meta":{"footnotes":""},"class_list":["post-137","page","type-page","status-publish","hentry","category-1-id","post-seq-1","post-parity-odd","meta-position-corners","fix"],"_links":{"self":[{"href":"https:\/\/people.unica.it\/mvgebm\/wp-json\/wp\/v2\/pages\/137","targetHints":{"allow":["GET"]}}],"collection":[{"href":"https:\/\/people.unica.it\/mvgebm\/wp-json\/wp\/v2\/pages"}],"about":[{"href":"https:\/\/people.unica.it\/mvgebm\/wp-json\/wp\/v2\/types\/page"}],"author":[{"embeddable":true,"href":"https:\/\/people.unica.it\/mvgebm\/wp-json\/wp\/v2\/users\/88"}],"replies":[{"embeddable":true,"href":"https:\/\/people.unica.it\/mvgebm\/wp-json\/wp\/v2\/comments?post=137"}],"version-history":[{"count":13,"href":"https:\/\/people.unica.it\/mvgebm\/wp-json\/wp\/v2\/pages\/137\/revisions"}],"predecessor-version":[{"id":261,"href":"https:\/\/people.unica.it\/mvgebm\/wp-json\/wp\/v2\/pages\/137\/revisions\/261"}],"up":[{"embeddable":true,"href":"https:\/\/people.unica.it\/mvgebm\/wp-json\/wp\/v2\/pages\/116"}],"wp:attachment":[{"href":"https:\/\/people.unica.it\/mvgebm\/wp-json\/wp\/v2\/media?parent=137"}],"curies":[{"name":"wp","href":"https:\/\/api.w.org\/{rel}","templated":true}]}}