{"id":122,"date":"2009-05-25T12:05:33","date_gmt":"2009-05-25T10:05:33","guid":{"rendered":"http:\/\/people.unica.it\/mvgebm\/?page_id=122"},"modified":"2010-03-02T13:52:06","modified_gmt":"2010-03-02T11:52:06","slug":"laboratori-virologia-bl2","status":"publish","type":"page","link":"https:\/\/people.unica.it\/mvgebm\/ricerca\/studi-e-laboratori\/laboratori-virologia-bl2\/","title":{"rendered":"Laboratori Virologia BL2 (Biosafety Labs Level 2)"},"content":{"rendered":"<p><span><span style=\"color: #ffffff\"><a href=\"http:\/\/people.unica.it\/mvgebm\/\">Home <\/a>&#8211; <a href=\"http:\/\/people.unica.it\/mvgebm\/ricerca\/\">Ricerca<\/a>&#8211; <a href=\"http:\/\/people.unica.it\/mvgebm\/ricerca\/studi-e-laboratori\/\">Studi e Laboratori <\/a>&#8211; <a href=\"http:\/\/people.unica.it\/mvgebm\/laboratori\/\">Laboratori <\/a>&#8211;  Laboratori Virologia BL2<\/span><\/span><\/p>\n<p><span><span style=\"color: #ffffff\"><strong>Caratteristiche tecniche<\/strong>: Laboratorio di contenimento per la manipolazione di virus (ceppi di laboratorio e isolati clinici) compresi nell&#8217;elenco degli agenti da infezioni che richiedono un livello di sicurezza 2.<br \/>\nIl Laboratorio \u00e8 equipaggiato con: 4 Cappe a Flusso Laminare, 4 Incubatori a CO2, 1 Microscopio invertito, 2 Congelatori (-20 \u00b0C e -80 \u00b0C), 4 Frigo\/Freezer (+4\/-20 \u00b0C), 1 Centrifuga da banco, 1 Minicentrifuga, 1 Spettrofotometro per minipiastre, 1 contenitore azoto liquido (-196 \u00b0C), 1 Bilanci<\/span><span style=\"color: #ffffff\">a Analitica, 1 pHmetro, 1 Bagno Termostatato.<\/span><\/span><\/p>\n<div>\n<table style=\"height: 155px;text-align: center\" border=\"0\" cellspacing=\"0\" cellpadding=\"0\" width=\"470\">\n<tbody>\n<tr>\n<td width=\"200\"><span><span style=\"color: #ffffff\"><img decoding=\"async\" style=\"border: 2px solid black\" src=\"http:\/\/people.unica.it\/mvgebm\/files\/2009\/05\/img001-bl2.gif\" alt=\"Laboratori BL2\" width=\"200\" height=\"151\" \/><\/span><\/span><\/td>\n<td width=\"200\"><span><span style=\"color: #ffffff\"><img decoding=\"async\" style=\"border: 2px solid black\" src=\"http:\/\/people.unica.it\/mvgebm\/files\/2009\/07\/001.gif\" alt=\"Laboratori BL2\" width=\"200\" height=\"151\" \/><\/span><\/span><\/td>\n<\/tr>\n<\/tbody>\n<\/table>\n<\/div>\n<p><span><span style=\"color: #ffffff\"><strong>Anno di acquisizione:<\/strong> 1999<\/span><\/span><\/p>\n<p><span><span style=\"color: #ffffff\"><strong>Responsabile<\/strong>: Dott.ssa Giuseppina Sanna<\/span><\/span><\/p>\n<p><span><span style=\"color: #ffffff\"><strong>Inventario<\/strong>: Dipartimento di Scienze e Tecnologie Biomediche \u2013 Sezione di Microbiologia e Virologia Generale e Biotecnologie Microbiche.<\/span><\/span><\/p>\n<p><span><span style=\"color: #ffffff\"><strong>Principali applicazioni<\/strong>:<br \/>\n\u2666 Crescita e titolazione di virus di livello di biosicurezza 2 (BL2): <em>Flavivirus <\/em>(YFV, BVDV), <em>Picornavirus <\/em>(Entero, Rhino, Hepato, Aphto); <em>Coronavirus <\/em>(HCoV); <em>Orthomyxovirus <\/em>(Influenza); <em>Paramyxovirus <\/em>(RSV, Measles); <em>Rhabdovirus <\/em>(VSV); <em>Herpesvirus <\/em>(HSV, HCMV); <em>Iridovirus<\/em><em>Poxvirus <\/em>(VV), <em>Reovirus <\/em>(Blue Tongue).<br \/>\n\u2666 Valutazione della citotossicit\u00e0 (CC50) e dell&#8217;attivit\u00e0 antivirale (EC50) di composti di sintesi e di origine naturale: saggi di citopatogenicit\u00e0 (CP), di plaque reduction (PR), di yield reduction (YR).<br \/>\n\u2666 Selezione di mutanti farmaco-resistenti e studi di cross-resistenza. (ASFV);<\/span><\/span><\/p>\n","protected":false},"excerpt":{"rendered":"<p>Home &#8211; Ricerca&#8211; Studi e Laboratori &#8211; Laboratori &#8211; Laboratori Virologia BL2 Caratteristiche tecniche: Laboratorio di contenimento per la manipolazione di virus (ceppi di laboratorio e isolati clinici) compresi nell&#8217;elenco degli agenti da infezioni che richiedono un livello di sicurezza 2. Il Laboratorio \u00e8 equipaggiato con: 4 Cappe a Flusso Laminare, 4 Incubatori a CO2, 1 Microscopio invertito, 2 Congelatori (-20 \u00b0C e -80 \u00b0C), 4 Frigo\/Freezer (+4\/-20 \u00b0C), 1 Centrifuga da banco, 1 Minicentrifuga, 1 Spettrofotometro per minipiastre, 1 contenitore azoto liquido (-196 \u00b0C), 1 Bilancia Analitica, 1 pHmetro, 1 Bagno Termostatato. Anno di acquisizione: 1999 Responsabile: Dott.ssa Giuseppina <a href='https:\/\/people.unica.it\/mvgebm\/ricerca\/studi-e-laboratori\/laboratori-virologia-bl2\/' class='excerpt-more'>[&#8230;]<\/a><\/p>\n","protected":false},"author":88,"featured_media":0,"parent":116,"menu_order":3,"comment_status":"closed","ping_status":"closed","template":"","meta":{"footnotes":""},"class_list":["post-122","page","type-page","status-publish","hentry","category-1-id","post-seq-1","post-parity-odd","meta-position-corners","fix"],"_links":{"self":[{"href":"https:\/\/people.unica.it\/mvgebm\/wp-json\/wp\/v2\/pages\/122","targetHints":{"allow":["GET"]}}],"collection":[{"href":"https:\/\/people.unica.it\/mvgebm\/wp-json\/wp\/v2\/pages"}],"about":[{"href":"https:\/\/people.unica.it\/mvgebm\/wp-json\/wp\/v2\/types\/page"}],"author":[{"embeddable":true,"href":"https:\/\/people.unica.it\/mvgebm\/wp-json\/wp\/v2\/users\/88"}],"replies":[{"embeddable":true,"href":"https:\/\/people.unica.it\/mvgebm\/wp-json\/wp\/v2\/comments?post=122"}],"version-history":[{"count":71,"href":"https:\/\/people.unica.it\/mvgebm\/wp-json\/wp\/v2\/pages\/122\/revisions"}],"predecessor-version":[{"id":221,"href":"https:\/\/people.unica.it\/mvgebm\/wp-json\/wp\/v2\/pages\/122\/revisions\/221"}],"up":[{"embeddable":true,"href":"https:\/\/people.unica.it\/mvgebm\/wp-json\/wp\/v2\/pages\/116"}],"wp:attachment":[{"href":"https:\/\/people.unica.it\/mvgebm\/wp-json\/wp\/v2\/media?parent=122"}],"curies":[{"name":"wp","href":"https:\/\/api.w.org\/{rel}","templated":true}]}}