{"id":860,"date":"2020-04-22T10:17:49","date_gmt":"2020-04-22T08:17:49","guid":{"rendered":"http:\/\/people.unica.it\/maurosalis\/?page_id=860"},"modified":"2020-05-12T18:41:56","modified_gmt":"2020-05-12T16:41:56","slug":"materiale-didattico","status":"publish","type":"page","link":"https:\/\/people.unica.it\/maurosalis\/didattica\/insegnamenti\/storia-dellarte-moderna\/materiale-didattico\/","title":{"rendered":"Materiale didattico &#8211; Registrazioni"},"content":{"rendered":"<p>Si comunica a tutti gli interessati che le registrazioni delle lezioni di Storia dell&#8217;arte moderna 1 (12 cfu) a.a. 2019-2020 tenute in Aula virtuale sono visionabili ai link indicati sotto.<\/p>\n<p>I link di tutte le registrazioni verranno pubblicati in questa pagina, ragion per cui si consiglia di annotarne l&#8217;indirizzo tra i segnalibri del proprio browser.<\/p>\n<p>Le registrazioni delle lezioni svolte in Aula virtuale, di seguito riportate, non sono state oggetto di post-produzione, ma sono la mera riproduzione della lezione on line svolta. Si ricorda che, secondo quanto disposto nel D.R. 341\/2020 del 24\/03\/2020 (art. 4), \u00ab\u00c8 fatto divieto agli studenti fruitori di registrare, fare copia, elaborare o diffondere in alcun modo, nonch\u00e9 di utilizzare per altre finalit\u00e0 diverse da quelle didattiche o comunque con altre finalit\u00e0 e modalit\u00e0 non consentite dalla normativa, il materiale in teledidattica messo a disposizione dall\u2019Ateneo\u00bb.<\/p>\n<p>\u00ab\u00c8 vietata la copia, la rielaborazione, la riproduzione dei contenuti e immagini in qualsiasi forma. \u00c8 inoltre vietata la diffusione, la redistribuzione e la pubblicazione dei contenuti e immagini, incluse le registrazioni delle videolezioni con qualsiasi modalit\u00e0 e mezzo non autorizzate espressamente<br \/>\ndall&#8217;autore o da Unica\u00bb<\/p>\n<p>Le registrazioni saranno fruibili non oltre la fine del secondo semestre dell\u2019anno accademico 2019-2020 (come previsto nella Comunicazione del Rettore inviata il 31\/03\/2020).<\/p>\n<p>01 <a href=\"https:\/\/unica.adobeconnect.com\/pqs08pvy78xd\/\" target=\"_blank\" rel=\"noopener noreferrer\">Lezione del 20\/04\/2020<\/a><\/p>\n<p>02 <a href=\"https:\/\/unica.adobeconnect.com\/pnpblw5s2o6w\/\" target=\"_blank\" rel=\"noopener noreferrer\">Lezione del 21\/04\/2020<\/a><\/p>\n<p>03 <a href=\"https:\/\/unica.adobeconnect.com\/pixppl9rpah2\/\" target=\"_blank\" rel=\"noopener noreferrer\">Lezione del 27\/04\/2020<\/a><\/p>\n<p>04 <a href=\"https:\/\/unica.adobeconnect.com\/pyha876tuo49\/\" target=\"_blank\" rel=\"noopener noreferrer\">Lezione del 28\/04\/2020<\/a><\/p>\n<p>05 <a href=\"https:\/\/unica.adobeconnect.com\/pxunxcspoygv\/\" target=\"_blank\" rel=\"noopener noreferrer\">Lezione del 29\/04\/2020<\/a><\/p>\n<p>06 <a href=\"https:\/\/unica.adobeconnect.com\/ptn8sbi7o3oq\/\" target=\"_blank\" rel=\"noopener noreferrer\">Lezione del 04\/05\/2020<\/a><\/p>\n<p>07 <a href=\"https:\/\/unica.adobeconnect.com\/p9ag4ilwmpjp\/\" target=\"_blank\" rel=\"noopener noreferrer\">Lezione del 05\/05\/2020<\/a><\/p>\n<p>08 <a href=\"https:\/\/unica.adobeconnect.com\/pzjbodvll8hr\/\" target=\"_blank\" rel=\"noopener noreferrer\">Lezione del 06\/05\/2020<\/a><\/p>\n<p>09 <a href=\"https:\/\/unica.adobeconnect.com\/p1d4g24ay3yl\/\" target=\"_blank\" rel=\"noopener noreferrer\">Lezione del 11\/05\/2020<\/a><\/p>\n<p>10 <a href=\"https:\/\/unica.adobeconnect.com\/pe76ljva495h\/\" target=\"_blank\" rel=\"noopener noreferrer\">Lezione del 12\/05\/2020<\/a><\/p>","protected":false},"excerpt":{"rendered":"<p>Si comunica a tutti gli interessati che le registrazioni delle lezioni di Storia dell&#8217;arte moderna 1 (12 cfu) a.a. 2019-2020 tenute in Aula virtuale sono visionabili ai link indicati sotto. I link di tutte le registrazioni verranno pubblicati in questa pagina, ragion per cui si consiglia di annotarne l&#8217;indirizzo tra i segnalibri del proprio browser. Le registrazioni delle lezioni svolte in Aula virtuale, di seguito riportate, non sono state oggetto di post-produzione, ma sono la mera riproduzione della lezione on line svolta. Si ricorda che, secondo quanto disposto nel D.R. 341\/2020 del 24\/03\/2020 (art. 4), \u00ab\u00c8 fatto divieto agli studenti <a href='https:\/\/people.unica.it\/maurosalis\/didattica\/insegnamenti\/storia-dellarte-moderna\/materiale-didattico\/' class='excerpt-more'>[&#8230;]<\/a><\/p>\n","protected":false},"author":2766,"featured_media":0,"parent":791,"menu_order":0,"comment_status":"closed","ping_status":"closed","template":"insegnamenti_docente.php","meta":{"footnotes":""},"class_list":["post-860","page","type-page","status-publish","hentry","post-seq-1","post-parity-odd","meta-position-corners","fix"],"publishpress_future_action":{"enabled":false,"date":"2026-04-15 04:29:14","action":"Draft","newStatus":"draft","terms":[],"taxonomy":"","extraData":[]},"publishpress_future_workflow_manual_trigger":{"enabledWorkflows":[]},"_links":{"self":[{"href":"https:\/\/people.unica.it\/maurosalis\/wp-json\/wp\/v2\/pages\/860","targetHints":{"allow":["GET"]}}],"collection":[{"href":"https:\/\/people.unica.it\/maurosalis\/wp-json\/wp\/v2\/pages"}],"about":[{"href":"https:\/\/people.unica.it\/maurosalis\/wp-json\/wp\/v2\/types\/page"}],"author":[{"embeddable":true,"href":"https:\/\/people.unica.it\/maurosalis\/wp-json\/wp\/v2\/users\/2766"}],"replies":[{"embeddable":true,"href":"https:\/\/people.unica.it\/maurosalis\/wp-json\/wp\/v2\/comments?post=860"}],"version-history":[{"count":12,"href":"https:\/\/people.unica.it\/maurosalis\/wp-json\/wp\/v2\/pages\/860\/revisions"}],"predecessor-version":[{"id":893,"href":"https:\/\/people.unica.it\/maurosalis\/wp-json\/wp\/v2\/pages\/860\/revisions\/893"}],"up":[{"embeddable":true,"href":"https:\/\/people.unica.it\/maurosalis\/wp-json\/wp\/v2\/pages\/791"}],"wp:attachment":[{"href":"https:\/\/people.unica.it\/maurosalis\/wp-json\/wp\/v2\/media?parent=860"}],"curies":[{"name":"wp","href":"https:\/\/api.w.org\/{rel}","templated":true}]}}