{"id":9,"date":"2011-02-15T15:38:29","date_gmt":"2011-02-15T15:38:29","guid":{"rendered":"http:\/\/people.unica.it\/master-efecs\/"},"modified":"2011-03-04T12:10:07","modified_gmt":"2011-03-04T12:10:07","slug":"il-master","status":"publish","type":"page","link":"https:\/\/people.unica.it\/master-efecs\/il-master\/","title":{"rendered":"Master"},"content":{"rendered":"<p>__________________________________________________________________________________<\/p>\n<p>L&#8217;Universit\u00e0 degli Studi di Cagliari (Facolt\u00e0 di Economia), in collaborazione con la Regione Autonoma della Sardegna (Assessorato del Lavoro, Formazione Professionale, Cooperazione e Sicurezza Sociale), organizza per l\u2019anno accademico 2010-2011, un Master di I livello in<\/p>\n<p style=\"text-align: center\"><span style=\"color: #ff9900\"><span style=\"color: #ffcc99\"><em><strong><span style=\"color: #993300\">ECONOMIA E FINANZA ETICA\u00a0PER LA COOPERAZIONE E LO SVILUPPO<\/span><\/strong><\/em><\/span><\/span><\/p>\n<p>Il master si propone di realizzare un percorso formativo finalizzato a rendere pi\u00f9 qualificata la capacit\u00e0 professionale di coloro che vogliono sostenere il proprio impegno civile e sociale con competenza e professionalit\u00e0 nelle diverse funzioni (ricerca, programmazione, gestione di servizi) e a vario livello (direttivo o di consulenza) presso amministrazioni pubbliche, associazioni imprenditoriali, imprese private, banche, organismi istituzionali, fondazioni, organizzazioni no-profit.<\/p>\n<p>Al termine del percorso formativo, i partecipanti al master avranno un\u2019adeguata conoscenza delle discipline economiche, gestionali e giuridiche e saranno in grado di operare con un elevato grado di autonomia all\u2019interno di varie tipologie di organizzazioni, civili, finanziarie pubbliche e private.<\/p>\n<p>__________________________________________________________________________________<\/p>\n<p>L&#8217;offerta didattica del Master-EFECS si articola in quattro moduli tematici:<\/p>\n<p><span style=\"color: #993300\">1) Economia Politica, Economia Sociale e del Welfare State (50 ore)<\/span><\/p>\n<p><span style=\"color: #993300\">2) Il Sistema Finanziario, la microfinanza e la finanza etica (130 ore)<\/span><\/p>\n<p><span style=\"color: #993300\">3) Elementi di Diritto e Legislazione (35 ore)<\/span><\/p>\n<p><span style=\"color: #993300\">4) Progettazione, implementazione e gestione (35 ore)<\/span><\/p>\n<p>I moduli formati da lezioni frontali ed esercitazioni saranno integrati da una serie nutrita di seminari nei quali verranno discussi temi specifici e analizzate esperienze e realizzazioni concrete con protagonisti, osservatori privilegiati e operatori del settore.<\/p>\n<p>__________________________________________________________________________________<\/p>\n<p><span style=\"text-decoration: underline\">Direttore del Master<\/span><\/p>\n<p>Roberto Malavsi<\/p>\n<p><span style=\"text-decoration: underline\">Componenti della Giunta<\/span><\/p>\n<p>Fabrizio Crespi<\/p>\n<p>Ernestina Giudici<\/p>\n<p>Vittorio Pelligra<\/p>\n<p><span style=\"line-height: normal;font-size: small\"><br \/>\n<\/span><\/p>\n","protected":false},"excerpt":{"rendered":"<p>__________________________________________________________________________________ L&#8217;Universit\u00e0 degli Studi di Cagliari (Facolt\u00e0 di Economia), in collaborazione con la Regione Autonoma della Sardegna (Assessorato del Lavoro, Formazione Professionale, Cooperazione e Sicurezza Sociale), organizza per l\u2019anno accademico 2010-2011, un Master di I livello in ECONOMIA E FINANZA ETICA\u00a0PER LA COOPERAZIONE E LO SVILUPPO Il master si propone di realizzare un percorso formativo finalizzato a rendere pi\u00f9 qualificata la capacit\u00e0 professionale di coloro che vogliono sostenere il proprio impegno civile e sociale con competenza e professionalit\u00e0 nelle diverse funzioni (ricerca, programmazione, gestione di servizi) e a vario livello (direttivo o di consulenza) presso amministrazioni pubbliche, associazioni imprenditoriali, imprese <a href='https:\/\/people.unica.it\/master-efecs\/il-master\/' class='excerpt-more'>[&#8230;]<\/a><\/p>\n","protected":false},"author":221,"featured_media":0,"parent":0,"menu_order":1,"comment_status":"closed","ping_status":"closed","template":"","meta":{"footnotes":""},"class_list":["post-9","page","type-page","status-publish","hentry","post-seq-1","post-parity-odd","meta-position-corners","fix"],"_links":{"self":[{"href":"https:\/\/people.unica.it\/master-efecs\/wp-json\/wp\/v2\/pages\/9","targetHints":{"allow":["GET"]}}],"collection":[{"href":"https:\/\/people.unica.it\/master-efecs\/wp-json\/wp\/v2\/pages"}],"about":[{"href":"https:\/\/people.unica.it\/master-efecs\/wp-json\/wp\/v2\/types\/page"}],"author":[{"embeddable":true,"href":"https:\/\/people.unica.it\/master-efecs\/wp-json\/wp\/v2\/users\/221"}],"replies":[{"embeddable":true,"href":"https:\/\/people.unica.it\/master-efecs\/wp-json\/wp\/v2\/comments?post=9"}],"version-history":[{"count":23,"href":"https:\/\/people.unica.it\/master-efecs\/wp-json\/wp\/v2\/pages\/9\/revisions"}],"predecessor-version":[{"id":129,"href":"https:\/\/people.unica.it\/master-efecs\/wp-json\/wp\/v2\/pages\/9\/revisions\/129"}],"wp:attachment":[{"href":"https:\/\/people.unica.it\/master-efecs\/wp-json\/wp\/v2\/media?parent=9"}],"curies":[{"name":"wp","href":"https:\/\/api.w.org\/{rel}","templated":true}]}}