{"id":56,"date":"2010-10-21T07:13:21","date_gmt":"2010-10-21T07:13:21","guid":{"rendered":"http:\/\/people.unica.it\/ltossicologia\/"},"modified":"2017-07-24T10:10:48","modified_gmt":"2017-07-24T10:10:48","slug":"regolamento-corso-di-studi-e-propedeuticita","status":"publish","type":"page","link":"https:\/\/people.unica.it\/ltossicologia\/regolamenti\/regolamento-corso-di-studi-e-propedeuticita\/","title":{"rendered":"Regolamento Didattico del Corso di Studio"},"content":{"rendered":"<p><em><strong>Il Regolamento Didattico \u00e8 il documento che specifica gli aspetti organizzativi del Corso di Studio (obiettivi, modalit\u00e0 di accesso, insegnamenti e altre attivit\u00e0 formative, propedeuticit\u00e0, curriculum, indicazioni relative agli esami di profitto e alla prova finale, eventuali obblighi di frequenza e altre informazioni utili).<\/strong><\/em><\/p>\n<p>&nbsp;<\/p>\n<p><strong><a href=\"http:\/\/people.unica.it\/ltossicologia\/files\/2010\/10\/Regolamento-didattico-Tossicologia_Versione-approvata-1.pdf\">REGOLAMENTO DIDATTICO TOSSICOLOGIA<\/a><\/strong><\/p>\n<p>&nbsp;<\/p>\n<p><em>Per l\u2019elenco degli insegnamenti con l\u2019indicazione dei settori scientifico-disciplinari di riferimento e dell\u2019eventuale articolazione in moduli, nonch\u00e9 delle altre attivit\u00e0 formative si rimanda alla pagina relativa al <a href=\"http:\/\/people.unica.it\/ltossicologia\/piano-di-studio\/\">Piano degli Studi<\/a>.<\/em><\/p>\n<p>&nbsp;<\/p>\n<p>&nbsp;<\/p>\n","protected":false},"excerpt":{"rendered":"<p>Il Regolamento Didattico \u00e8 il documento che specifica gli aspetti organizzativi del Corso di Studio (obiettivi, modalit\u00e0 di accesso, insegnamenti e altre attivit\u00e0 formative, propedeuticit\u00e0, curriculum, indicazioni relative agli esami di profitto e alla prova finale, eventuali obblighi di frequenza e altre informazioni utili). &nbsp; REGOLAMENTO DIDATTICO TOSSICOLOGIA &nbsp; Per l\u2019elenco degli insegnamenti con l\u2019indicazione dei settori scientifico-disciplinari di riferimento e dell\u2019eventuale articolazione in moduli, nonch\u00e9 delle altre attivit\u00e0 formative si rimanda alla pagina relativa al Piano degli Studi. &nbsp; &nbsp;<\/p>\n","protected":false},"author":358,"featured_media":0,"parent":33,"menu_order":1,"comment_status":"closed","ping_status":"closed","template":"","meta":{"footnotes":""},"class_list":["post-56","page","type-page","status-publish","hentry","post-seq-1","post-parity-odd","meta-position-corners","fix"],"publishpress_future_action":{"enabled":false,"date":"2026-04-12 20:57:14","action":"Draft","newStatus":"draft","terms":[],"taxonomy":"","extraData":[]},"publishpress_future_workflow_manual_trigger":{"enabledWorkflows":[]},"_links":{"self":[{"href":"https:\/\/people.unica.it\/ltossicologia\/wp-json\/wp\/v2\/pages\/56","targetHints":{"allow":["GET"]}}],"collection":[{"href":"https:\/\/people.unica.it\/ltossicologia\/wp-json\/wp\/v2\/pages"}],"about":[{"href":"https:\/\/people.unica.it\/ltossicologia\/wp-json\/wp\/v2\/types\/page"}],"author":[{"embeddable":true,"href":"https:\/\/people.unica.it\/ltossicologia\/wp-json\/wp\/v2\/users\/358"}],"replies":[{"embeddable":true,"href":"https:\/\/people.unica.it\/ltossicologia\/wp-json\/wp\/v2\/comments?post=56"}],"version-history":[{"count":27,"href":"https:\/\/people.unica.it\/ltossicologia\/wp-json\/wp\/v2\/pages\/56\/revisions"}],"predecessor-version":[{"id":3121,"href":"https:\/\/people.unica.it\/ltossicologia\/wp-json\/wp\/v2\/pages\/56\/revisions\/3121"}],"up":[{"embeddable":true,"href":"https:\/\/people.unica.it\/ltossicologia\/wp-json\/wp\/v2\/pages\/33"}],"wp:attachment":[{"href":"https:\/\/people.unica.it\/ltossicologia\/wp-json\/wp\/v2\/media?parent=56"}],"curies":[{"name":"wp","href":"https:\/\/api.w.org\/{rel}","templated":true}]}}