{"id":3288,"date":"2017-06-16T09:39:20","date_gmt":"2017-06-16T09:39:20","guid":{"rendered":"http:\/\/people.unica.it\/lingueeletteraturemoderneeuropeeeamericane\/?page_id=3288"},"modified":"2021-04-23T12:37:12","modified_gmt":"2021-04-23T12:37:12","slug":"calendario-esami","status":"publish","type":"page","link":"https:\/\/people.unica.it\/lingueeletteraturemoderneeuropeeeamericane\/calendario-e-orari\/calendario-esami\/","title":{"rendered":"Calendario esami"},"content":{"rendered":"<p class=\"first-para\" style=\"text-align: justify\">Gli appelli d\u2019esame sono reperibili pubblicamente attraverso la <strong><a href=\"https:\/\/unica.esse3.cineca.it\/ListaAppelliOfferta.do;jsessionid=824885841B16D8D109EC49257743049F.jvm1?menu_opened_cod=navbox_didattica_Esami\" target=\"_blank\" rel=\"noopener\">BACHECA APPELLI<\/a><\/strong>.<\/p>\n<p style=\"text-align: justify\">Selezionando Facolt\u00e0 [SU \u2013 STUDI UMANISTICI] e Corso di studio [32\/15 \u2013 LINGUE E LETTERATURE MODERNE EUROPEE E AMERICANE] e avviando la ricerca, vengono visualizzati tutti gli appelli disponibili per il Corso. Inserendo il nome della disciplina o del docente, o una data, \u00e8 possibile filtrare al dettaglio desiderato.<\/p>\n<p style=\"text-align: justify\">Lo studente pu\u00f2 visualizzare gli appelli a lui disponibili sulla propria area riservata, pagina <em>Esami<\/em>, accedendo dall\u2019indirizzo <a href=\"https:\/\/unica.esse3.cineca.it\/Home.do\" target=\"_blank\" rel=\"noopener\">https:\/\/unica.esse3.cineca.it\/Home.do<\/a><\/p>\n<p style=\"text-align: justify\"><strong>CALENDARIO ESAMI<br \/>\n<\/strong><\/p>\n<p style=\"text-align: justify\">Il calendario degli esami del Corso di laurea magistrale \u00e8 cos\u00ec organizzato [cfr. <a href=\"http:\/\/people.unica.it\/lingueeletteraturemoderneeuropeeeamericane\/calendario-e-orari\/calendario-esami\/delibera-appelli-esami\/\" rel=\"attachment wp-att-3538\">delibera Consiglio di Facolt\u00e0 13\/06\/2013<\/a>]:<\/p>\n<p style=\"text-align: justify\"><em>Per tutti gli insegnamenti<\/em><\/p>\n<ul style=\"text-align: justify\">\n<li>sessione di<em> gennaio-febbraio<\/em>: <strong>2<\/strong> appelli d\u2019esame;<\/li>\n<li>sessione di<em> maggio-giugno-luglio<\/em>: <strong>3<\/strong> appelli d\u2019esame;<\/li>\n<li>sessione di<em> settembre<\/em>: <strong>1<\/strong> appello d\u2019esame;<\/li>\n<\/ul>\n<p style=\"text-align: justify\"><em>In aggiunta, per gli insegnamenti che prevedono un esame esclusivamente orale<\/em><\/p>\n<ul style=\"text-align: justify\">\n<li>ottobre e dicembre: <strong>2<\/strong> appelli d\u2019esame riservati agli studenti fuoricorso e agli iscritti ai corsi singoli.<\/li>\n<\/ul>\n<p style=\"text-align: justify\"><strong>Esami di lingua straniera<\/strong><\/p>\n<p style=\"text-align: justify\">Gli esami di lingua straniera sono sempre composti da <em>prova scritta<\/em> e <em>prova orale<\/em> (non sono previsti pertanto gli appelli di ottobre e dicembre). Si accede alla prova orale solo dopo aver superato la prova scritta. E\u2019 consentito sostenere la prova scritta e la prova orale in appelli diversi: lo scritto superato rimane valido per <em>due sessioni<\/em> d\u2019esame, compresa quella di superamento. Allo scadere delle due sessioni, se non si \u00e8 superato l\u2019orale, occorrer\u00e0 ripetere anche lo scritto. Segue prospetto esplicativo.<\/p>\n<ul style=\"text-align: justify\">\n<li><em>prova scritta superata a gennaio o febbraio<\/em>: si pu\u00f2 sostenere l\u2019orale fino all\u2019appello di <em>luglio<\/em> compreso;<\/li>\n<li><em>prova scritta superata a maggio, giugno, luglio<\/em>: si pu\u00f2 sostenere l\u2019orale fino all\u2019appello di <em>settembre<\/em> compreso;<\/li>\n<li><em>prova scritta superata a settembre<\/em>: si pu\u00f2 sostenere l\u2019orale fino all\u2019appello di <em>febbraio<\/em> compreso.<\/li>\n<\/ul>\n<p style=\"text-align: justify\"><strong>PRENOTARSI AGLI ESAMI<\/strong><\/p>\n<p style=\"text-align: justify\">Per prenotarsi agli esami occorre accedere alla propria area riservata, <em>pagina Esami<\/em>. Verranno visualizzati gli appelli disponibili relativi a insegnamenti del proprio anno di corso e, nel caso di iscrizione al 2\u00b0 anno, anche quelli relativi a insegnamenti dell&#8217;anno di corso precedente (se gli esami relativi non sono ancora stati superati).<\/p>\n<p style=\"text-align: justify\">Gli appelli delle <em>prove parziali<\/em> (ad esempio le prove scritte di lingua straniera) sono disponibili alla pagina <em>Bacheca appelli parziali<\/em>.<\/p>\n<p style=\"text-align: justify\">Per procedere alla prenotazione a un appello, occorre prima compilare un <em>questionario di valutazione<\/em> della relativa attivit\u00e0 didattica. Una volta compilato il questionario, lo studente deve selezionare nuovamente l\u2019appello e prenotarsi.<\/p>\n<p style=\"text-align: justify\">La prenotazione effettuata si pu\u00f2 visualizzare alla pagina <em>Bacheca prenotazioni<\/em>; dalla stessa pagina si pu\u00f2 procedere alla cancellazione della prenotazione, entro la data di scadenza dell\u2019iscrizione all\u2019esame.<\/p>\n<p style=\"text-align: justify\">La prenotazione agli esami si chiude cinque giorni prima della data dell\u2019appello.<\/p>\n<p style=\"text-align: justify\">(Consulta la <a href=\"http:\/\/www.unica.it\/UserFiles\/File\/Utenti\/gmelis\/GuidaStudentiQuestionariValutazioneIscrizioneAppelli.pdf\" target=\"_blank\" rel=\"noopener\">guida a compilazione questionario e iscrizione esami<\/a>)<\/p>\n<p style=\"text-align: justify\"><em><strong>Prenotarsi agli esami opzionali<\/strong><\/em><\/p>\n<p style=\"text-align: justify\">Gli esami opzionali sono quelli che, nel percorso formativo, fanno parte di un gruppo di insegnamenti fra i quali lo studente ne deve scegliere uno (o pi\u00f9). Questi non sono immediatamente disponibili sulla pagina <em>Esami<\/em>. Per selezionare l\u2019esame opzionale prescelto, e quindi prenotarsi ai relativi appelli, lo studente deve scorrere in basso nella pagina <em>Esami<\/em>, e cliccare sul pulsante <em>Ricerca Appelli<\/em>. Si aprir\u00e0 una sezione contenente la lista degli esami opzionali disponibili. Occorre quindi selezionare l\u2019esame desiderato e iscriversi all\u2019appello. Automaticamente, sulla pagina <em>Esami<\/em> compariranno anche tutti gli appelli successivi del medesimo insegnamento.<\/p>\n<p style=\"text-align: justify\"><em><strong>Prenotarsi agli esami a scelta dello studente<\/strong><\/em><\/p>\n<p style=\"text-align: justify\">Gli esami a scelta sono quelli che lo studente sceglie in modo totalmente libero, fra tutti i Corsi magistrali dell\u2019Ateneo, purch\u00e9 attinenti con il proprio percorso formativo. Non \u00e8 consentito sostenere un esame a scelta in un Corso di laurea triennale. Per sostenere un esame a scelta occorre prenotarsi come per gli altri esami. E\u2019 dunque necessario che, una volta individuato l\u2019esame a scelta da sostenere, lo studente contatti la segreteria studenti per richiedere il caricamento sul proprio libretto online dell\u2019attivit\u00e0 didattica, e quindi poter avere i relativi appelli sulla propria pagina <em>Esami<\/em>.<\/p>\n<p style=\"text-align: justify\"><em><strong>Sostenimento di esami di anno di corso successivo<\/strong><\/em><\/p>\n<p style=\"text-align: justify\">Allo studente non \u00e8 consentito anticipare esami di un anno di corso successivo: lo studente iscritto al 1\u00b0 anno non pu\u00f2 sostenere esami previsti per il 2\u00b0 anno. Solo nel caso in cui lo studente termini con anticipo tutti gli esami previsti dal percorso formativo per il proprio anno di corso, potr\u00e0 richiedere di anticipare esami dell\u2019anno di corso successivo:<\/p>\n<ul style=\"text-align: justify\">\n<li><em>potr\u00e0 anticipare esami del 2\u00b0 anno<\/em> lo studente che, iscritto al 1\u00b0 anno, abbia superato tutti gli esami del 1\u00b0 anno.<\/li>\n<\/ul>\n<p style=\"text-align: justify\">Lo studente che rispetti tali condizioni potr\u00e0 richiedere alla segreteria studenti il caricamento sul proprio libretto online di esami dell\u2019anno successivo.<\/p>\n","protected":false},"excerpt":{"rendered":"<p>Gli appelli d\u2019esame sono reperibili pubblicamente attraverso la BACHECA APPELLI. Selezionando Facolt\u00e0 [SU \u2013 STUDI UMANISTICI] e Corso di studio [32\/15 \u2013 LINGUE E LETTERATURE MODERNE EUROPEE E AMERICANE] e avviando la ricerca, vengono visualizzati tutti gli appelli disponibili per il Corso. Inserendo il nome della disciplina o del docente, o una data, \u00e8 possibile filtrare al dettaglio desiderato. Lo studente pu\u00f2 visualizzare gli appelli a lui disponibili sulla propria area riservata, pagina Esami, accedendo dall\u2019indirizzo https:\/\/unica.esse3.cineca.it\/Home.do CALENDARIO ESAMI Il calendario degli esami del Corso di laurea magistrale \u00e8 cos\u00ec organizzato [cfr. delibera Consiglio di Facolt\u00e0 13\/06\/2013]: Per tutti gli <a href='https:\/\/people.unica.it\/lingueeletteraturemoderneeuropeeeamericane\/calendario-e-orari\/calendario-esami\/' class='excerpt-more'>[&#8230;]<\/a><\/p>\n","protected":false},"author":2071,"featured_media":0,"parent":1269,"menu_order":0,"comment_status":"closed","ping_status":"closed","template":"","meta":{"footnotes":""},"class_list":["post-3288","page","type-page","status-publish","hentry","post-seq-1","post-parity-odd","meta-position-corners","fix"],"_links":{"self":[{"href":"https:\/\/people.unica.it\/lingueeletteraturemoderneeuropeeeamericane\/wp-json\/wp\/v2\/pages\/3288","targetHints":{"allow":["GET"]}}],"collection":[{"href":"https:\/\/people.unica.it\/lingueeletteraturemoderneeuropeeeamericane\/wp-json\/wp\/v2\/pages"}],"about":[{"href":"https:\/\/people.unica.it\/lingueeletteraturemoderneeuropeeeamericane\/wp-json\/wp\/v2\/types\/page"}],"author":[{"embeddable":true,"href":"https:\/\/people.unica.it\/lingueeletteraturemoderneeuropeeeamericane\/wp-json\/wp\/v2\/users\/2071"}],"replies":[{"embeddable":true,"href":"https:\/\/people.unica.it\/lingueeletteraturemoderneeuropeeeamericane\/wp-json\/wp\/v2\/comments?post=3288"}],"version-history":[{"count":7,"href":"https:\/\/people.unica.it\/lingueeletteraturemoderneeuropeeeamericane\/wp-json\/wp\/v2\/pages\/3288\/revisions"}],"predecessor-version":[{"id":5004,"href":"https:\/\/people.unica.it\/lingueeletteraturemoderneeuropeeeamericane\/wp-json\/wp\/v2\/pages\/3288\/revisions\/5004"}],"up":[{"embeddable":true,"href":"https:\/\/people.unica.it\/lingueeletteraturemoderneeuropeeeamericane\/wp-json\/wp\/v2\/pages\/1269"}],"wp:attachment":[{"href":"https:\/\/people.unica.it\/lingueeletteraturemoderneeuropeeeamericane\/wp-json\/wp\/v2\/media?parent=3288"}],"curies":[{"name":"wp","href":"https:\/\/api.w.org\/{rel}","templated":true}]}}