{"id":10718,"date":"2020-07-23T09:25:08","date_gmt":"2020-07-23T09:25:08","guid":{"rendered":"http:\/\/people.unica.it\/liaisonoffice\/?page_id=10718"},"modified":"2021-09-29T12:41:40","modified_gmt":"2021-09-29T12:41:40","slug":"commissione-tecnica-brevetti-e-spin-off","status":"publish","type":"page","link":"https:\/\/people.unica.it\/liaisonoffice\/commissione-tecnica-brevetti-e-spin-off\/","title":{"rendered":"Commissione tecnica brevetti e spin off"},"content":{"rendered":"<p><strong>Competenze in materia di spin off<\/strong><\/p>\n<ul>\n<li>effettua la valutazione delle proposte di costituzione di spin off dell\u2019Universit\u00e0<\/li>\n<li>effettua la verifica annuale delle attivit\u00e0 e dei risultati degli spin off e la fattibilit\u00e0 delle loro future linee di attivit\u00e0<\/li>\n<li>valuta l\u2019opportunit\u00e0 di prosecuzione dello status di spin off<\/li>\n<\/ul>\n<p><strong>Competenze in materia di brevetti<\/strong><\/p>\n<ul>\n<li>valuta le proposte di gestione dei diritti sulle invenzioni presentate dai ricercatori dell\u2019Universit\u00e0<\/li>\n<li style=\"text-align: justify\">valuta in merito all&#8217;opportunit\u00e0 di estensione territoriale di domande di brevetto ed al mantenimento in vita dei brevetti di cui l\u2019Universit\u00e0 \u00e8 titolare<\/li>\n<li style=\"text-align: justify\">valuta le proposte di licenza o cessione all&#8217;Universit\u00e0 da parte di terzi della propriet\u00e0 industriale e le proposte di cessione dell\u2019Universit\u00e0 rivolte a terzi, nonch\u00e9 di rinegoziazione di licenze<\/li>\n<\/ul>\n<p>&nbsp;<\/p>\n<p><a href=\"https:\/\/people.unica.it\/liaisonoffice\/componenti-della-commissione-tecnica-brevetti-e-spin-off\/\">COMPONENTI COMMISSIONE TECNICA BREVETTI E SPIN OFF<\/a><\/p>\n","protected":false},"excerpt":{"rendered":"<p> &#8230; <a href=\"https:\/\/people.unica.it\/liaisonoffice\/commissione-tecnica-brevetti-e-spin-off\/\" class=\"more-link\">Read More<\/a><\/p>\n","protected":false},"author":2926,"featured_media":0,"parent":0,"menu_order":0,"comment_status":"closed","ping_status":"closed","template":"","meta":{"footnotes":""},"class_list":["post-10718","page","type-page","status-publish","hentry","no-post-thumbnail"],"_links":{"self":[{"href":"https:\/\/people.unica.it\/liaisonoffice\/wp-json\/wp\/v2\/pages\/10718","targetHints":{"allow":["GET"]}}],"collection":[{"href":"https:\/\/people.unica.it\/liaisonoffice\/wp-json\/wp\/v2\/pages"}],"about":[{"href":"https:\/\/people.unica.it\/liaisonoffice\/wp-json\/wp\/v2\/types\/page"}],"author":[{"embeddable":true,"href":"https:\/\/people.unica.it\/liaisonoffice\/wp-json\/wp\/v2\/users\/2926"}],"replies":[{"embeddable":true,"href":"https:\/\/people.unica.it\/liaisonoffice\/wp-json\/wp\/v2\/comments?post=10718"}],"version-history":[{"count":8,"href":"https:\/\/people.unica.it\/liaisonoffice\/wp-json\/wp\/v2\/pages\/10718\/revisions"}],"predecessor-version":[{"id":11496,"href":"https:\/\/people.unica.it\/liaisonoffice\/wp-json\/wp\/v2\/pages\/10718\/revisions\/11496"}],"wp:attachment":[{"href":"https:\/\/people.unica.it\/liaisonoffice\/wp-json\/wp\/v2\/media?parent=10718"}],"curies":[{"name":"wp","href":"https:\/\/api.w.org\/{rel}","templated":true}]}}