{"id":322,"date":"2013-03-01T16:30:38","date_gmt":"2013-03-01T16:30:38","guid":{"rendered":"http:\/\/people.unica.it\/lamemoriaritrovata\/?page_id=322"},"modified":"2016-07-04T16:58:46","modified_gmt":"2016-07-04T16:58:46","slug":"pubblicazione-3-merlin","status":"publish","type":"page","link":"https:\/\/people.unica.it\/lamemoriaritrovata\/pubblicazioni\/pubblicazione-3-merlin\/","title":{"rendered":"Pubblicazione 3 &#8211; Merlin"},"content":{"rendered":"<p>PIERPAOLO MERLIN<br \/>\n<b>Progettare una riforma. La rifondazione dell&#8217;Universit\u00e0 di Cagliari (1755-1765)<br \/>\n<\/b><\/p>\n<p>&nbsp;<\/p>\n<p><a href=\"http:\/\/people.unica.it\/lamemoriaritrovata\/cop-merlin_lmr-3\/\"><img decoding=\"async\" class=\"alignnone size-full wp-image-412\" style=\"float: left;border: 3px solid white\" src=\"http:\/\/people.unica.it\/lamemoriaritrovata\/files\/2016\/06\/Cop-Merlin_LMR-3.jpg\" alt=\"Cop Merlin_LMR 3\" width=\"71\" height=\"96\" \/><\/a>2010, cm 20\u00d728, pp. 176, \u20ac 20,00<br \/>\nISBN 978-88-95692-36-4<br \/>\nLa Memoria Ritrovata<br \/>\nAipsa Edizioni<\/p>\n<p>&nbsp;<\/p>\n<p>Il volume contiene una raccolta di documenti conservati nel fondo Sardegna dell&#8217;Archivio di Stato di Torino (sezione di Corte), che testimoniano il lungo e complesso dibattico politico-amministrativo che precedette la rifondazione delle universit\u00e0 sarde a met\u00e0 degli anni sessanta del Settecento. I testi sono preceduti da un&#8217;introduzione storica e da una nota archivistica e corredati da un inserto iconografico con 14 immagini, da un elenco delle sigle, dagli indici dei documenti, delle illustrazioni e dei nomi.<\/p>\n<p>Clicca per visualizzare <a href=\"http:\/\/people.unica.it\/lamemoriaritrovata\/files\/2016\/07\/3_MERLIN_indice.pdf\" target=\"_blank\">l&#8217;indice<\/a>.<\/p>\n<p>&nbsp;<\/p>\n<p><b>Pierpaolo Merlin<\/b> \u00e8 professore associato di Storia moderna presso la Facolt\u00e0 di Scienze Politiche dell&#8217;Universit\u00e0 degli Studi di Cagliari. Si occupa di storia politica e istituzionale degli Stati di antico regime, sia italiani che europei. \u00c8 membro dell&#8217;IULCE (Instituto universitario La Corte en Europa) dell&#8217;Universit\u00e0 Autonoma di Madrid.<\/p>","protected":false},"excerpt":{"rendered":"<p>PIERPAOLO MERLIN Progettare una riforma. La rifondazione dell&#8217;Universit\u00e0 di Cagliari (1755-1765) &nbsp; 2010, cm 20\u00d728, pp. 176, \u20ac 20,00 ISBN 978-88-95692-36-4 La Memoria Ritrovata Aipsa Edizioni &nbsp; Il volume contiene una raccolta di documenti conservati nel fondo Sardegna dell&#8217;Archivio di Stato di Torino (sezione di Corte), che testimoniano il lungo e complesso dibattico politico-amministrativo che precedette la rifondazione delle universit\u00e0 sarde a met\u00e0 degli anni sessanta del Settecento. I testi sono preceduti da un&#8217;introduzione storica e da una nota archivistica e corredati da un inserto iconografico con 14 immagini, da un elenco delle sigle, dagli indici dei documenti, delle illustrazioni <a href='https:\/\/people.unica.it\/lamemoriaritrovata\/pubblicazioni\/pubblicazione-3-merlin\/' class='excerpt-more'>[&#8230;]<\/a><\/p>\n","protected":false},"author":699,"featured_media":0,"parent":241,"menu_order":0,"comment_status":"closed","ping_status":"closed","template":"","meta":{"footnotes":""},"class_list":["post-322","page","type-page","status-publish","hentry","post-seq-1","post-parity-odd","meta-position-corners","fix"],"publishpress_future_action":{"enabled":false,"date":"2026-04-17 22:19:18","action":"Draft","newStatus":"draft","terms":[],"taxonomy":"","extraData":[]},"publishpress_future_workflow_manual_trigger":{"enabledWorkflows":[]},"_links":{"self":[{"href":"https:\/\/people.unica.it\/lamemoriaritrovata\/wp-json\/wp\/v2\/pages\/322","targetHints":{"allow":["GET"]}}],"collection":[{"href":"https:\/\/people.unica.it\/lamemoriaritrovata\/wp-json\/wp\/v2\/pages"}],"about":[{"href":"https:\/\/people.unica.it\/lamemoriaritrovata\/wp-json\/wp\/v2\/types\/page"}],"author":[{"embeddable":true,"href":"https:\/\/people.unica.it\/lamemoriaritrovata\/wp-json\/wp\/v2\/users\/699"}],"replies":[{"embeddable":true,"href":"https:\/\/people.unica.it\/lamemoriaritrovata\/wp-json\/wp\/v2\/comments?post=322"}],"version-history":[{"count":5,"href":"https:\/\/people.unica.it\/lamemoriaritrovata\/wp-json\/wp\/v2\/pages\/322\/revisions"}],"predecessor-version":[{"id":451,"href":"https:\/\/people.unica.it\/lamemoriaritrovata\/wp-json\/wp\/v2\/pages\/322\/revisions\/451"}],"up":[{"embeddable":true,"href":"https:\/\/people.unica.it\/lamemoriaritrovata\/wp-json\/wp\/v2\/pages\/241"}],"wp:attachment":[{"href":"https:\/\/people.unica.it\/lamemoriaritrovata\/wp-json\/wp\/v2\/media?parent=322"}],"curies":[{"name":"wp","href":"https:\/\/api.w.org\/{rel}","templated":true}]}}