{"id":689,"date":"2012-12-06T11:24:17","date_gmt":"2012-12-06T11:24:17","guid":{"rendered":"http:\/\/people.unica.it\/laboratoriodifisiologiadeglisport\/?page_id=689"},"modified":"2012-12-06T11:25:06","modified_gmt":"2012-12-06T11:25:06","slug":"progetti-di-ricerca-finanziati","status":"publish","type":"page","link":"https:\/\/people.unica.it\/laboratoriodifisiologiadeglisport\/attivita-di-ricerca\/progetti-di-ricerca-finanziati\/","title":{"rendered":"Progetti di Ricerca Finanziati"},"content":{"rendered":"<p><strong>Ricerca di base<\/strong><\/p>\n<ul>\n<li>2008-12 &#8211; Validazione funzionale e clinica di un dispositivo robotizzato per il recupero della funzionalit\u00e0 cardiovascolare nei paraplegici. Responsabile di unit\u00e0 locale del PRIN: Dispositivo robotico biomeccanico per il recupero della funzionalit\u00e0 cardiovascolare nei paraplegici (finanziamento ottenuto: \u00a042.285 \u20ac)<\/li>\n<li>2011-13 &#8211; Attivit\u00e0 fisica adattata nella Sclerosi Multipla in Sardegna. Contributo attribuito al Dipartimento di Scienze Mediche \u201cMario Aresu\u201d dell\u2019Universit\u00e0 di Cagliari dalla Regione Autonoma della Sardegna sulla base della Legge Regionale 7 Agosto 2007, N. 7: Promozione della Ricerca Scientifica e dell\u2019Innovazione Tecnologica in Sardegna. (finanziamento: 300.000 \u20ac)<\/li>\n<li>2012-13 &#8211; Attivit\u00e0 e prospettive di sviluppo negli agriturismi e nelle zone rurali: quali attivit\u00e0 motorie, sportive e wellness attuate in ambiente naturale (AGRIWELLNESS). Contributo assegnato al Dipartimento di Scienze Mediche \u201cMario Aresu\u201d dell\u2019Universit\u00e0 di Cagliari da parte dell\u2019Assessorato all\u2019Agricoltura e Riforma Agro-Pastorale della Regione Sardegna, sulla base della legge 17 Novembre 20 n. 15, art. 16, commi 1 e 2, Contributo alle Universit\u00e0 della Sardegna per attivit\u00e0 di supporto nell\u2019elaborazione di strategie di politica agricola funzionali alla diversificazione. (finanziamento: 20.000 \u20ac)<\/li>\n<li>2012-13 &#8211; Applicazioni di metodiche informatiche e bioingegneristiche allo sviluppo dei metodi di tracciabilit\u00e0 lungo la catena di produzione e distribuzione dei prodotti orticoli. (AGROTRACK). Contributo assegnato al Dipartimento di Scienze Mediche \u201cMario Aresu\u201d dell\u2019Universit\u00e0 di Cagliari da parte dell\u2019Assessorato all\u2019Agricoltura e Riforma Agro-Pastorale della Regione Sardegna, sulla base della legge 17 Novembre 20 n. 15, art. 16, commi 1 e 2, Contributo alle Universit\u00e0 della Sardegna per attivit\u00e0 di supporto nell\u2019elaborazione di strategie di politica agricola funzionali alla diversificazione. (finanziamento: 70.000 \u20ac)<\/li>\n<li>2012-13 &#8211; Valorizzazione del patrimonio rurale, culturale, paesaggistico, ambientale e agroalimentare della Sardegna attraverso la creazione di ippovie ed attivit\u00e0 equestri. (IPPOSANDALIA). Contributo assegnato al Dipartimento di Scienze Mediche \u201cMario Aresu\u201d dell\u2019Universit\u00e0 di Cagliari da parte dell\u2019Assessorato all\u2019Agricoltura e Riforma Agro-Pastorale della Regione Sardegna, sulla base della legge 17 Novembre 20 n. 15, art. 16, commi 1 e 2, Contributo alle Universit\u00e0 della Sardegna per attivit\u00e0 di supporto nell\u2019elaborazione di strategie di politica agricola funzionali alla diversificazione. (finanziamento: 20.000 \u20ac)<\/li>\n<li>2012-13 &#8211; Valorizzazione dei prodotti della filiera agro-alimentare della Sardegna ai fini di una loro pi\u00f9 elevata penetrazione nel mercato dei prodotti nutraceutici (NUTRACEUTICA). Contributo assegnato al Dipartimento di Scienze Mediche \u201cMario Aresu\u201d dell\u2019Universit\u00e0 di Cagliari da parte dell\u2019Assessorato all\u2019Agricoltura e Riforma Agro-Pastorale della Regione Sardegna, sulla base della legge 17 Novembre 20 n. 15, art. 16, commi 1 e 2, Contributo alle Universit\u00e0 della Sardegna per attivit\u00e0 di supporto nell\u2019elaborazione di strategie di politica agricola funzionali alla diversificazione. (finanziamento: 40.000 \u20ac)<\/li>\n<\/ul>\n<p><strong>Ricerca industriale e pre-competitiva<\/strong><\/p>\n<ul>\n<li>2012-13 &#8211; Definizione di un modello matematico e un software per l\u2019eliminazione degli artefatti che limitano l\u2019interpretazione clinica dei segnali rilevati con la Transthoracic Electrical Bioimpedance. Finanziamento erogato al Dipartimento di Scienze Mediche \u201cMario Aresu\u201d dell\u2019Universit\u00e0 di Cagliari dalla societ\u00e0 MASHIN SCaRL. (finanziamento: 100.000 \u20ac)<\/li>\n<\/ul>\n","protected":false},"excerpt":{"rendered":"<p>Ricerca di base 2008-12 &#8211; Validazione funzionale e clinica di un dispositivo robotizzato per il recupero della funzionalit\u00e0 cardiovascolare nei paraplegici. Responsabile di unit\u00e0 locale del PRIN: Dispositivo robotico biomeccanico per il recupero della funzionalit\u00e0 cardiovascolare nei paraplegici (finanziamento ottenuto: \u00a042.285 \u20ac) 2011-13 &#8211; Attivit\u00e0 fisica adattata nella Sclerosi Multipla in Sardegna. Contributo attribuito al Dipartimento di Scienze Mediche \u201cMario Aresu\u201d dell\u2019Universit\u00e0 di Cagliari dalla Regione Autonoma della Sardegna sulla base della Legge Regionale 7 Agosto 2007, N. 7: Promozione della Ricerca Scientifica e dell\u2019Innovazione Tecnologica in Sardegna. (finanziamento: 300.000 \u20ac) 2012-13 &#8211; Attivit\u00e0 e prospettive di sviluppo negli agriturismi <a href='https:\/\/people.unica.it\/laboratoriodifisiologiadeglisport\/attivita-di-ricerca\/progetti-di-ricerca-finanziati\/' class='excerpt-more'>[&#8230;]<\/a><\/p>\n","protected":false},"author":681,"featured_media":0,"parent":196,"menu_order":0,"comment_status":"closed","ping_status":"closed","template":"","meta":{"footnotes":""},"class_list":["post-689","page","type-page","status-publish","hentry","post-seq-1","post-parity-odd","meta-position-corners","fix"],"_links":{"self":[{"href":"https:\/\/people.unica.it\/laboratoriodifisiologiadeglisport\/wp-json\/wp\/v2\/pages\/689","targetHints":{"allow":["GET"]}}],"collection":[{"href":"https:\/\/people.unica.it\/laboratoriodifisiologiadeglisport\/wp-json\/wp\/v2\/pages"}],"about":[{"href":"https:\/\/people.unica.it\/laboratoriodifisiologiadeglisport\/wp-json\/wp\/v2\/types\/page"}],"author":[{"embeddable":true,"href":"https:\/\/people.unica.it\/laboratoriodifisiologiadeglisport\/wp-json\/wp\/v2\/users\/681"}],"replies":[{"embeddable":true,"href":"https:\/\/people.unica.it\/laboratoriodifisiologiadeglisport\/wp-json\/wp\/v2\/comments?post=689"}],"version-history":[{"count":2,"href":"https:\/\/people.unica.it\/laboratoriodifisiologiadeglisport\/wp-json\/wp\/v2\/pages\/689\/revisions"}],"predecessor-version":[{"id":691,"href":"https:\/\/people.unica.it\/laboratoriodifisiologiadeglisport\/wp-json\/wp\/v2\/pages\/689\/revisions\/691"}],"up":[{"embeddable":true,"href":"https:\/\/people.unica.it\/laboratoriodifisiologiadeglisport\/wp-json\/wp\/v2\/pages\/196"}],"wp:attachment":[{"href":"https:\/\/people.unica.it\/laboratoriodifisiologiadeglisport\/wp-json\/wp\/v2\/media?parent=689"}],"curies":[{"name":"wp","href":"https:\/\/api.w.org\/{rel}","templated":true}]}}