{"id":215,"date":"2012-11-15T16:23:00","date_gmt":"2012-11-15T16:23:00","guid":{"rendered":"http:\/\/people.unica.it\/laboratoriodifisiologiadeglisport\/?page_id=215"},"modified":"2015-01-20T09:02:50","modified_gmt":"2015-01-20T09:02:50","slug":"orari","status":"publish","type":"page","link":"https:\/\/people.unica.it\/laboratoriodifisiologiadeglisport\/ambulatorio\/orari\/","title":{"rendered":"Orari"},"content":{"rendered":"<p>Il <strong>Laboratorio di Fisiologia degli Sport<\/strong> riceve solo <span style=\"text-decoration: underline\"><a href=\"mailto:medicina.sport.unica@gmail.com?Subject=Richiesta appuntamento\">previo appuntamento<\/a>.<\/span><\/p>\n<p>L\u2019orario di apertura \u00e8 il seguente:<\/p>\n<ul>\n<li><span style=\"text-decoration: underline\">Luned\u00ec: 15.00 &#8211; 18.30<\/span><\/li>\n<\/ul>\n<ul>\n<li><span style=\"text-decoration: underline\">Marted\u00ec: 9.30 &#8211; 13.00, 15.00-18.30<br \/>\n<\/span><\/li>\n<\/ul>\n<ul>\n<li><span style=\"text-decoration: underline\">Mercoled\u00ec: 15.00-18.30<br \/>\n<\/span><\/li>\n<\/ul>\n<ul>\n<li><span style=\"text-decoration: underline\">Gioved\u00ec: 9.30-13.00, 15.00-18.30<\/span><\/li>\n<\/ul>\n<ul>\n<li><span style=\"text-decoration: underline\">Venerd\u00ec: 15.00-18.30<\/span><\/li>\n<\/ul>\n<p>* il Laboratorio \u00e8 chiuso tutti i Sabati, le Domeniche ed i giorni festivi.<\/p>","protected":false},"excerpt":{"rendered":"<p>Il Laboratorio di Fisiologia degli Sport riceve solo previo appuntamento. L\u2019orario di apertura \u00e8 il seguente: Luned\u00ec: 15.00 &#8211; 18.30 Marted\u00ec: 9.30 &#8211; 13.00, 15.00-18.30 Mercoled\u00ec: 15.00-18.30 Gioved\u00ec: 9.30-13.00, 15.00-18.30 Venerd\u00ec: 15.00-18.30 * il Laboratorio \u00e8 chiuso tutti i Sabati, le Domeniche ed i giorni festivi.<\/p>\n","protected":false},"author":1,"featured_media":0,"parent":200,"menu_order":0,"comment_status":"closed","ping_status":"closed","template":"","meta":{"footnotes":""},"class_list":["post-215","page","type-page","status-publish","hentry","post-seq-1","post-parity-odd","meta-position-corners","fix"],"_links":{"self":[{"href":"https:\/\/people.unica.it\/laboratoriodifisiologiadeglisport\/wp-json\/wp\/v2\/pages\/215","targetHints":{"allow":["GET"]}}],"collection":[{"href":"https:\/\/people.unica.it\/laboratoriodifisiologiadeglisport\/wp-json\/wp\/v2\/pages"}],"about":[{"href":"https:\/\/people.unica.it\/laboratoriodifisiologiadeglisport\/wp-json\/wp\/v2\/types\/page"}],"author":[{"embeddable":true,"href":"https:\/\/people.unica.it\/laboratoriodifisiologiadeglisport\/wp-json\/wp\/v2\/users\/1"}],"replies":[{"embeddable":true,"href":"https:\/\/people.unica.it\/laboratoriodifisiologiadeglisport\/wp-json\/wp\/v2\/comments?post=215"}],"version-history":[{"count":13,"href":"https:\/\/people.unica.it\/laboratoriodifisiologiadeglisport\/wp-json\/wp\/v2\/pages\/215\/revisions"}],"predecessor-version":[{"id":954,"href":"https:\/\/people.unica.it\/laboratoriodifisiologiadeglisport\/wp-json\/wp\/v2\/pages\/215\/revisions\/954"}],"up":[{"embeddable":true,"href":"https:\/\/people.unica.it\/laboratoriodifisiologiadeglisport\/wp-json\/wp\/v2\/pages\/200"}],"wp:attachment":[{"href":"https:\/\/people.unica.it\/laboratoriodifisiologiadeglisport\/wp-json\/wp\/v2\/media?parent=215"}],"curies":[{"name":"wp","href":"https:\/\/api.w.org\/{rel}","templated":true}]}}