{"id":17,"date":"2009-06-12T17:57:29","date_gmt":"2009-06-12T15:57:29","guid":{"rendered":"http:\/\/people.unica.it\/labdi\/?page_id=17"},"modified":"2010-07-01T17:33:43","modified_gmt":"2010-07-01T15:33:43","slug":"workshop","status":"publish","type":"page","link":"https:\/\/people.unica.it\/labdi\/workshop\/","title":{"rendered":"Workshop"},"content":{"rendered":"<p style=\"text-align: center\"><strong>\u00a0<\/strong><\/p>\n<p style=\"text-align: center\"><strong>POSTICIPATA LA SCADENZA PER LE ISCRIZIONI AL 28 GIUGNO 2010<\/strong><\/p>\n<p style=\"text-align: center\">\u00a0<\/p>\n<p style=\"text-align: center\"><strong>WORKSHOP DI DISEGNO<\/strong><\/p>\n<p style=\"text-align: center\"><strong>Analisi, rappresentazione e simulazione virtuale del paesaggio urbano.<\/strong><\/p>\n<p style=\"text-align: center\"><strong>Le piazze di Cagliari<\/strong><\/p>\n<p style=\"text-align: center\"><strong>Cagliari\u00a005-10 luglio\u00a02010<\/strong><\/p>\n<p style=\"text-align: center\"><strong>\u00a0<\/strong><strong>BANDO PER LA SELEZIONE DI N\u00b0 20 PARTECIPANTI<\/strong><\/p>\n<p><strong>Finalit\u00e0 e contenuti<\/strong><\/p>\n<p>Un aspetto fondamentale della progettazione per la riqualificazione di spazi urbani \u00e8 lo studio preliminare dell\u2019esistente, sia dei manufatti architettonici, sia del paesaggio urbano che li circonda. Non sempre viene data la giusta importanza a questa fase della progettazione, generalmente ci si approccia al luogo in modo superficiale senza indagare le radici storiche e morfologiche che hanno generato un determinato spazio. L\u2019obbiettivo del workshop \u00e8 quello di suggerire i mezzi e i metodi per svolgere una corretta analisi di un sito prima di procedere alla progettazione, tramite le metodologie del disegno tradizionale supportate dalle nuove tecnologie che permettono di ottenere modelli virtuali della realt\u00e0 su cui poi lavorare.<\/p>\n<p><strong>Il tema<\/strong><\/p>\n<p>La citt\u00e0 di Cagliari offre una vasta panoramica di spazi urbani e piazze di notevole interesse storico e culturale. Molti di questi non sono mai stati letti con la dovuta attenzione e sono stati oggetto di interventi poco risolutivi sia dal punto di vista urbanistico, che di significato architettonico per l\u2019aspetto formale della citt\u00e0. Lo spazio progettato come luogo pubblico integrato di funzioni diverse nasce tra fine \u2018800 e i primi del \u2018900. A Cagliari alcune piazze nascono su elementi gi\u00e0 esistenti quali bastioni, altre sono semplicemente degli spazi ricavati dall\u2019incontro di alcune vie, altre vengono pensate in funzione di edifici religiosi o civili di rilievo, raramente sorgono proprio come luoghi di incontro per accogliere diverse attivit\u00e0. Ci\u00f2 che le accomuna \u00e8 la presenza ancora oggi di diversi problemi di tipo urbano, legati alla fruibilit\u00e0 e percorribilit\u00e0 degli spazi, e di tipo percettivo, perch\u00e9 non ancora completamente codificate e nella gran parte dei casi caratterizzate dalla presenza di edifici fatiscenti e di degrado generalizzato dovuto all\u2019incuria da parte delle amministrazioni. L\u2019ambito di studio ricadr\u00e0 proprio su alcune delle piazze pi\u00f9 significative e al contempo meno \u201ccomprese\u201d del quartiere storico di Castello a Cagliari.<\/p>\n<p><strong>Svolgimento dei lavori<\/strong><\/p>\n<p>Il lavoro verr\u00e0 articolato in diverse fasi conoscitive, partendo dalla percezione degli spazi con la lettura dei siti dal vivo attraverso il disegno a mano libera e il rilievo, (laddove necessario anche tramite la strumentazione a disposizione del laboratorio) per poi passare al lavoro di restituzione e rappresentazione da svolgere in aula supportato dai mezzi informatici con l\u2019utilizzo di specifici software per la modellazione tridimensionale. Agli studenti, riuniti in gruppi, verr\u00e0 richiesto di rappresentare gli spazi oggetto di studio, individuando la emergenze ambientali e architettoniche che caratterizzano i luoghi interpretandole e mettendole in relazione fra loro al fine di ottenere degli schemi sintetici di lettura dei siti. Contestualmente si proporr\u00e0 una metodologia di ricerca che contempler\u00e0 l\u2019analisi storica e la lettura del territorio attraverso la cartografia. Successivamente si passer\u00e0 alla rappresentazione del reale attraverso alcuni software di modellazione 3d: in questa fase ogni gruppo utilizzer\u00e0 metodologie e software differenti al fine di ottenere diversi risultati confrontabili, in modo da creare lo spunto per una discussione sul metodo di rappresentazione pi\u00f9 appropriato a ogni tema affrontato. Il risultato di tale lavoro fornir\u00e0 una solida base di partenza per la futura progettazione dei medesimi spazi, attraverso un metodo di conoscenza che porter\u00e0 poi all\u2019idea progettuale. Data la rilevanza culturale ed architettonica dei siti, le attivit\u00e0 si concluderanno con la presentazione finale dei lavori attraverso una mostra e una tavola rotonda. Il lavoro sar\u00e0 infine oggetto di una pubblicazione.<\/p>\n<p><strong>\u00a0<\/strong><\/p>\n<p><strong>Attivit\u00e0<\/strong><\/p>\n<p>L\u2019impegno complessivo \u00e8 di circa 50 ore, articolato in: laboratorio di rappresentazione, lezioni, confronti, visite sui siti, presentazione e discussione del lavoro.<\/p>\n<p>L\u2019offerta didattica prevede l\u2019articolazione in gruppi di lavoro guidati dai coordinatori del progetto, assistiti dai tutores, giovani professionisti con esperienza di attivit\u00e0 di supporto didattico.<\/p>\n<p>Ad ogni partecipante verr\u00e0 rilasciato un attestato di frequenza, necessario per la richiesta del riconoscimento di <strong>N\u00b0 2 CFU<\/strong> (crediti formativi).<\/p>\n<p><strong>Lingue ufficiali<\/strong><\/p>\n<p>Italiano e Inglese<\/p>\n<p><strong>Comitato scientifico<\/strong><\/p>\n<p>Antonello Sanna, Antonio Tramontin, Gianni Montaldo, Serafino Casu, Marisa Lallai<\/p>\n<p><strong>Comitato Organizzativo<\/strong><\/p>\n<p>Paola Casu, Claudia Pisu \u2013 Universit\u00e0 di Cagliari<\/p>\n<p><strong>Condizioni di partecipazione e requisiti di ammissione<\/strong><\/p>\n<p>Il workshop \u00e8 rivolto a <strong>20 partecipanti<\/strong> tra laureandi* e giovani laureati in Architettura e Ingegneria Edile-Architettura.<\/p>\n<p>* Per laureandi si intendono gli studenti, con almeno <strong>10 crediti di disegno<\/strong> gi\u00e0 acquisiti.<\/p>\n<p>Ciascun partecipante dovr\u00e0 dotarsi di proprio computer portatile e fotocamera digitale. I vari software utilizzati saranno forniti dall\u2019organizzazione attraverso le licenze a tempo.<\/p>\n<p>I partecipanti saranno selezionati sulla base del curriculum vitae e universitario, oltre che della domanda di ammissione, che dovr\u00e0 essere inviata secondo criteri conformi al bando.<\/p>\n<p>Il bando e le domande di partecipazione possono essere ritirate presso la Segreteria del Dipartimento di Architettura dell\u2019Universit\u00e0 di Cagliari \u2013 <strong>Signora Pau<\/strong> \u2013 Via Corte d\u2019Appello 87\u2013 Cagliari oppure scaricate dal sito internet <strong>http:\/\/people.unica.it\/labdi.<\/strong><\/p>\n<p>Gli interessati dovranno far pervenire la domanda di partecipazione, il curriculum vitae e universitario inviando una e-mail all\u2019indirizzo: <strong>labdi@unica.it<\/strong> oppure facendo pervenire la documentazione alla segreteria del workshop entro le ore <strong>13,00<\/strong> del <strong>28 giugno 2010<\/strong>.<\/p>\n<p><strong>Selezione<\/strong><\/p>\n<p>La selezione dei partecipanti sar\u00e0 effettuata da una apposita commissione composta da docenti dell\u2019Universit\u00e0 di Cagliari e dai coordinatori del workshop. I candidati idonei saranno inseriti in una graduatoria provvisoria fino a conferma del pagamento della quota di iscrizione (vedi punto successivo), o a comunicazione di rinuncia. In quest\u2019ultimo caso avranno diritto a subentrare altri candidati secondo graduatoria.<\/p>\n<p><strong>\u00a0<\/strong><\/p>\n<p><strong>Costo di partecipazione<\/strong><\/p>\n<p>La quota di iscrizione \u00e8 fissata in 150,00 euro.<\/p>\n<p>Per tutti gli iscritti la quota comprende la partecipazione a tutte le attivit\u00e0 del workshop, il materiale didattico, il pranzo per tutte le giornate, una copia della pubblicazione.<\/p>\n<p><strong>Iscrizione<\/strong><\/p>\n<p>Ai candidati selezionati verr\u00e0 inviata comunicazione via mail dalla segreteria organizzativa del workshop entro <strong>29 giugno 2010<\/strong>. La quota dovr\u00e0 essere regolarizzata entro e non oltre il\u00a0<strong>02\u00a0luglio\u00a02010<\/strong>, facendo pervenire copia della ricevuta dell\u2019avvenuto versamento all\u2019indirizzo di posta elettronica <a href=\"mailto:labdi@unica.it\">labdi@unica.it<\/a>, o alla Segreteria del Workshop\u2013 Via Corte d\u2019Appello 87 \u2013 Cagliari, terzo piano, nei seguenti orari: 8.00 \u2013 13.00.<\/p>\n<p>I versamenti dovranno avvenire mediante bonifico, indicando la causale del versamento (quota di iscrizione workshop di Disegno \u2013 LABDI 010 \u2013 05-10 luglio 2010) sul conto corrente bancario:<\/p>\n<p><strong>Banco di Sardegna ABI 01015 \u2013 CAB 04800 \u2013 CCB n. 00000043225 <\/strong><\/p>\n<p><strong>codice IBAN: IT45K0101504800000000043225 <\/strong><\/p>\n<p>intestato a:<\/p>\n<p><strong>Dipartimento di Architettura \u2013 Universit\u00e0 degli Studi di Cagliari \u2013 Via Corte d\u2019Appello 87.<\/strong><\/p>\n<p>Per i bonifici dall\u2019estero codice BIC: SARDIT3SXXX.<\/p>\n<p><strong>Segreteria<\/strong><\/p>\n<p>Per ogni chiarimento contattare la segreteria del workshop:<\/p>\n<p>dalle ore 9,00 alle ore 13,00<\/p>\n<p>Claudia Pisu Cell. +39 3208415372<\/p>\n<p>Paola Casu Cell. +39 3287242044<\/p>\n<p>Tel. Dipartimento di Architettura: +39 070\/67553-40\/52<\/p>\n<p>E-mail: labdi@unica.it<\/p>\n<p><strong>\u00a0<\/strong><\/p>\n<p><strong>Riepilogo date e scadenze<\/strong><\/p>\n<p><strong>28 giugno 2010<\/strong>\u00a0\u00a0 \u00a0\u00a0\u00a0\u00a0\u00a0\u00a0\u00a0\u00a0\u00a0\u00a0\u00a0 INVIO DOMANDA DI PARTECIPAZIONE<\/p>\n<p><strong>29 giugno 2010<\/strong>\u00a0\u00a0 \u00a0\u00a0\u00a0\u00a0\u00a0\u00a0\u00a0\u00a0\u00a0\u00a0\u00a0 COMUNICAZIONE ESITO DELLA SELEZIONE<\/p>\n<p><strong>2 luglio\u00a02010<\/strong>\u00a0\u00a0 \u00a0\u00a0\u00a0\u00a0\u00a0\u00a0\u00a0\u00a0\u00a0\u00a0\u00a0 VERSAMENTO QUOTA DI PARTECIPAZIONE<\/p>\n<p><strong>5 luglio 2010<\/strong>\u00a0\u00a0\u00a0\u00a0\u00a0\u00a0\u00a0\u00a0\u00a0\u00a0\u00a0 \u00a0\u00a0\u00a0\u00a0\u00a0\u00a0\u00a0\u00a0\u00a0\u00a0\u00a0 INIZIO WORKSHOP<\/p>\n<p><strong>10 luglio 2010<\/strong>\u00a0\u00a0 \u00a0\u00a0\u00a0\u00a0\u00a0\u00a0\u00a0\u00a0\u00a0\u00a0\u00a0 CONCLUSIONE WORKSHOP<\/p>\n<p style=\"text-align: center\">\u00a0<\/p>\n<p style=\"text-align: center\"><a href=\"http:\/\/people.unica.it\/labdi\/files\/2009\/12\/BANDO1.pdf\">BANDO<\/a><\/p>\n<p style=\"text-align: center\"><a href=\"http:\/\/people.unica.it\/labdi\/files\/2009\/12\/Schema-di-domanda.doc\">Schema di domanda<\/a><\/p>\n<p style=\"text-align: center\"><a href=\"http:\/\/people.unica.it\/labdi\/files\/2009\/06\/PROGRAMMA-WORKSHOP-DI-DISEGNO2.pdf\">PROGRAMMA WORKSHOP DI DISEGNO<\/a><\/p>\n<p style=\"text-align: center\"><a href=\"http:\/\/people.unica.it\/labdi\/files\/2009\/06\/LEZIONI-APERTE.pdf\">LEZIONI APERTE<\/a><a href=\"http:\/\/people.unica.it\/labdi\/files\/2009\/06\/PROGRAMMA-WORKSHOP-DI-DISEGNO1.pdf\"><\/a><\/p>\n","protected":false},"excerpt":{"rendered":"<p>\u00a0 POSTICIPATA LA SCADENZA PER LE ISCRIZIONI AL 28 GIUGNO 2010 \u00a0 WORKSHOP DI DISEGNO Analisi, rappresentazione e simulazione virtuale del paesaggio urbano. Le piazze di Cagliari Cagliari\u00a005-10 luglio\u00a02010 \u00a0BANDO PER LA SELEZIONE DI N\u00b0 20 PARTECIPANTI Finalit\u00e0 e contenuti Un aspetto fondamentale della progettazione per la riqualificazione di spazi urbani \u00e8 lo studio preliminare dell\u2019esistente, sia dei manufatti architettonici, sia del paesaggio urbano che li circonda. Non sempre viene data la giusta importanza a questa fase della progettazione, generalmente ci si approccia al luogo in modo superficiale senza indagare le radici storiche e morfologiche che hanno generato un determinato <a href='https:\/\/people.unica.it\/labdi\/workshop\/' class='excerpt-more'>[&#8230;]<\/a><\/p>\n","protected":false},"author":305,"featured_media":0,"parent":0,"menu_order":0,"comment_status":"open","ping_status":"open","template":"","meta":{"footnotes":""},"class_list":["post-17","page","type-page","status-publish","hentry","category-1-id","post-seq-1","post-parity-odd","meta-position-corners","fix"],"_links":{"self":[{"href":"https:\/\/people.unica.it\/labdi\/wp-json\/wp\/v2\/pages\/17","targetHints":{"allow":["GET"]}}],"collection":[{"href":"https:\/\/people.unica.it\/labdi\/wp-json\/wp\/v2\/pages"}],"about":[{"href":"https:\/\/people.unica.it\/labdi\/wp-json\/wp\/v2\/types\/page"}],"author":[{"embeddable":true,"href":"https:\/\/people.unica.it\/labdi\/wp-json\/wp\/v2\/users\/305"}],"replies":[{"embeddable":true,"href":"https:\/\/people.unica.it\/labdi\/wp-json\/wp\/v2\/comments?post=17"}],"version-history":[{"count":16,"href":"https:\/\/people.unica.it\/labdi\/wp-json\/wp\/v2\/pages\/17\/revisions"}],"predecessor-version":[{"id":23,"href":"https:\/\/people.unica.it\/labdi\/wp-json\/wp\/v2\/pages\/17\/revisions\/23"}],"wp:attachment":[{"href":"https:\/\/people.unica.it\/labdi\/wp-json\/wp\/v2\/media?parent=17"}],"curies":[{"name":"wp","href":"https:\/\/api.w.org\/{rel}","templated":true}]}}