{"id":295,"date":"2012-10-17T20:01:53","date_gmt":"2012-10-17T20:01:53","guid":{"rendered":"http:\/\/people.unica.it\/hotelmanagement\/?page_id=295"},"modified":"2012-10-21T09:20:45","modified_gmt":"2012-10-21T09:20:45","slug":"macchia","status":"publish","type":"page","link":"https:\/\/people.unica.it\/hotelmanagement\/docenti\/cv\/macchia\/","title":{"rendered":"Silvia Macchia, Ricercatrice di Economia aziendale, Universit\u00e0 di Cagliari"},"content":{"rendered":"<p>Ricercatore a tempo indeterminato in Economia Aziendale presso l\u2019Universit\u00e0 degli Studi di Cagliari dal 2004, \u00e8 attualmente docente di Programmazione e Controllo nel Corso di Studi in Economia e Gestione Aziendale per la facolt\u00e0 di Scienze Economiche e Giuridiche dell\u2019Universit\u00e0 di Cagliari.<\/p>\n<p>Laureata nel 2002 presso la ex Facolt\u00e0 di Economia della Universit\u00e0 degli Studi di Cagliari, ove ha ottenuto anche il titolo di Dottore di Ricerca, ha perfezionato gli studi in Management Accounting presso la Business School dell\u2019Universit\u00e0 di Birmingham (UK) dove nel 2005 ha conseguito un MSc in Accounting and Finance.<\/p>\n<p>Ha partecipato in qualit\u00e0 di ricercatore a Progetti di Ricerca a Rilevanza Nazionale (PRIN) ed \u00e8 autore di diverse pubblicazioni in campo nazionale.<\/p>\n<div>\n<p>Ha collaborato con molteplici aziende private in qualit\u00e0 di consulente nell\u2019ambito di processi di miglioramento continuo e sviluppo di nuove tecniche di controllo di manageriale.<\/p>\n<p>Attualmente i suoi interessi di ricerca si concentrano sulle tematiche del Management Control System e sulle relazioni esistenti tra struttura finanziaria d\u2019impresa e modelli di creazione del valore.<\/p>\n<\/div>\n<p>Nel master insegna nel modulo: <a href=\"http:\/\/people.unica.it\/hotelmanagement\/didattica-2\/generalmngt\/bilancio\/\">Bilancio ed Analisi finanziaria<\/a>.<\/p>","protected":false},"excerpt":{"rendered":"<p>Ricercatore a tempo indeterminato in Economia Aziendale presso l\u2019Universit\u00e0 degli Studi di Cagliari dal 2004, \u00e8 attualmente docente di Programmazione e Controllo nel Corso di Studi in Economia e Gestione Aziendale per la facolt\u00e0 di Scienze Economiche e Giuridiche dell\u2019Universit\u00e0 di Cagliari. Laureata nel 2002 presso la ex Facolt\u00e0 di Economia della Universit\u00e0 degli Studi <a href='https:\/\/people.unica.it\/hotelmanagement\/docenti\/cv\/macchia\/' class='excerpt-more'>[&#8230;]<\/a><\/p>\n","protected":false},"author":252,"featured_media":0,"parent":36,"menu_order":0,"comment_status":"closed","ping_status":"closed","template":"","meta":{"footnotes":""},"class_list":["post-295","page","type-page","status-publish","hentry","post-seq-1","post-parity-odd","meta-position-corners","fix"],"publishpress_future_action":{"enabled":false,"date":"2026-04-13 12:57:14","action":"Draft","newStatus":"draft","terms":[],"taxonomy":"","extraData":[]},"publishpress_future_workflow_manual_trigger":{"enabledWorkflows":[]},"_links":{"self":[{"href":"https:\/\/people.unica.it\/hotelmanagement\/wp-json\/wp\/v2\/pages\/295","targetHints":{"allow":["GET"]}}],"collection":[{"href":"https:\/\/people.unica.it\/hotelmanagement\/wp-json\/wp\/v2\/pages"}],"about":[{"href":"https:\/\/people.unica.it\/hotelmanagement\/wp-json\/wp\/v2\/types\/page"}],"author":[{"embeddable":true,"href":"https:\/\/people.unica.it\/hotelmanagement\/wp-json\/wp\/v2\/users\/252"}],"replies":[{"embeddable":true,"href":"https:\/\/people.unica.it\/hotelmanagement\/wp-json\/wp\/v2\/comments?post=295"}],"version-history":[{"count":13,"href":"https:\/\/people.unica.it\/hotelmanagement\/wp-json\/wp\/v2\/pages\/295\/revisions"}],"predecessor-version":[{"id":538,"href":"https:\/\/people.unica.it\/hotelmanagement\/wp-json\/wp\/v2\/pages\/295\/revisions\/538"}],"up":[{"embeddable":true,"href":"https:\/\/people.unica.it\/hotelmanagement\/wp-json\/wp\/v2\/pages\/36"}],"wp:attachment":[{"href":"https:\/\/people.unica.it\/hotelmanagement\/wp-json\/wp\/v2\/media?parent=295"}],"curies":[{"name":"wp","href":"https:\/\/api.w.org\/{rel}","templated":true}]}}