{"id":90,"date":"2009-05-22T12:23:15","date_gmt":"2009-05-22T10:23:15","guid":{"rendered":"http:\/\/people.unica.it\/firb\/?page_id=90"},"modified":"2009-05-22T12:27:41","modified_gmt":"2009-05-22T10:27:41","slug":"ur3","status":"publish","type":"page","link":"https:\/\/people.unica.it\/firb\/partner\/ur3\/","title":{"rendered":"Unit\u00e0 di Ricerca 3"},"content":{"rendered":"<p><strong>L\u2019unit\u00e0 di ricerca del Politecnico di Torino<\/strong>, anch\u2019essa molto giovane \u00e8 una delle pi\u00f9 attive nel panorama nazionale. Ha sviluppato la ricerca in pi\u00f9 direzioni, sia verso gli aspetti pratici (applicabilit\u00e0 di metodi in condizioni particolari , qualit\u00e0 dell\u2019informazione) sia verso gli aspetti teorici (inversione di dati magnetici ed elettromagnetici, algoritmi per tomografia elettrica in corrente alternata), sia, ancora, verso i collegamenti con altre discipline quali l\u2019elettronica e l\u2019informatica. Il gruppo ha ottenuto ottimi risultati nei molti campi in cui si \u00e8 cimentato. In questo progetto avr\u00e0 il compito di sviluppare metodi di elaborazione del segnale geofisico, essenzialmente magnetico ed elettromagnetico multifrequenza per una interpretazione pi\u00f9 raffinata e per una visualizzazione organizzata del dato numerico. L\u2019unit\u00e0 parteciper\u00e0 anche alla fase finale, che prevede appunto un\u2019uscita grafica dell\u2019insieme dei dati per una maggiore fruibilit\u00e0 e in ultima analisi per una valorizzazione ancor prima dello scavo.<\/p>\n<p><strong>Composizione dell&#8217;Unit\u00e0 di Ricerca<\/strong><\/p>\n<ul>\n<li>Sambuelli Luigi<\/li>\n<li>Socco Laura<\/li>\n<li>Festa Stefano<\/li>\n<li>Bena Emanuele<\/li>\n<li>Dall&#8217;ara Andrea<\/li>\n<li>De Bacco Gianluca<\/li>\n<\/ul>\n","protected":false},"excerpt":{"rendered":"<p>L\u2019unit\u00e0 di ricerca del Politecnico di Torino, anch\u2019essa molto giovane \u00e8 una delle pi\u00f9 attive nel panorama nazionale. Ha sviluppato la ricerca in pi\u00f9 direzioni, sia verso gli aspetti pratici (applicabilit\u00e0 di metodi in condizioni particolari , qualit\u00e0 dell\u2019informazione) sia verso gli aspetti teorici (inversione di dati magnetici ed elettromagnetici, algoritmi per tomografia elettrica in corrente alternata), sia, ancora, verso i collegamenti con altre discipline quali l\u2019elettronica e l\u2019informatica. Il gruppo ha ottenuto ottimi risultati nei molti campi in cui si \u00e8 cimentato. In questo progetto avr\u00e0 il compito di sviluppare metodi di elaborazione del segnale geofisico, essenzialmente magnetico ed <a href='https:\/\/people.unica.it\/firb\/partner\/ur3\/' class='excerpt-more'>[&#8230;]<\/a><\/p>\n","protected":false},"author":95,"featured_media":0,"parent":10,"menu_order":0,"comment_status":"closed","ping_status":"open","template":"","meta":{"footnotes":""},"class_list":["post-90","page","type-page","status-publish","hentry","category-1-id","post-seq-1","post-parity-odd","meta-position-corners","fix"],"_links":{"self":[{"href":"https:\/\/people.unica.it\/firb\/wp-json\/wp\/v2\/pages\/90","targetHints":{"allow":["GET"]}}],"collection":[{"href":"https:\/\/people.unica.it\/firb\/wp-json\/wp\/v2\/pages"}],"about":[{"href":"https:\/\/people.unica.it\/firb\/wp-json\/wp\/v2\/types\/page"}],"author":[{"embeddable":true,"href":"https:\/\/people.unica.it\/firb\/wp-json\/wp\/v2\/users\/95"}],"replies":[{"embeddable":true,"href":"https:\/\/people.unica.it\/firb\/wp-json\/wp\/v2\/comments?post=90"}],"version-history":[{"count":3,"href":"https:\/\/people.unica.it\/firb\/wp-json\/wp\/v2\/pages\/90\/revisions"}],"predecessor-version":[{"id":97,"href":"https:\/\/people.unica.it\/firb\/wp-json\/wp\/v2\/pages\/90\/revisions\/97"}],"up":[{"embeddable":true,"href":"https:\/\/people.unica.it\/firb\/wp-json\/wp\/v2\/pages\/10"}],"wp:attachment":[{"href":"https:\/\/people.unica.it\/firb\/wp-json\/wp\/v2\/media?parent=90"}],"curies":[{"name":"wp","href":"https:\/\/api.w.org\/{rel}","templated":true}]}}