{"id":9,"date":"2010-09-14T10:04:34","date_gmt":"2010-09-14T10:04:34","guid":{"rendered":"http:\/\/people.unica.it\/disabilita\/"},"modified":"2026-04-17T12:47:16","modified_gmt":"2026-04-17T12:47:16","slug":"chi-siamo","status":"publish","type":"page","link":"https:\/\/people.unica.it\/disabilita\/chi-siamo\/","title":{"rendered":"Chi Siamo"},"content":{"rendered":"<h4>S.I.A. (Servizi per l&#8217;Inclusione e l&#8217;Apprendimento)<\/h4>\n<p>E&#8217; un servizio di consulenza, intermediazione, integrazione per gli studenti e le studentesse con disabilit\u00e0 e D.S.A. (Disturbi Specifici di Apprendimento) iscritte nei percorsi di laurea (laurea triennale, magistrale, magistrale a ciclo unico) e nei percorsi di studio post lauream (master, scuole di specializzazione e dottorati).<br \/>\nIl S.I.A. -Ufficio Disabilit\u00e0 \u00e8 stato attivato nell&#8217;Anno Accademico 2001\/2002 con l&#8217;obiettivo di realizzare una serie di servizi ed interventi che permettano agli studenti e alle studentesse con disabilit\u00e0 di seguire il percorso di studi prescelto, attenuando o eliminando le difficolt\u00e0 derivanti dalla propria condizione di disabilit\u00e0, cos\u00ec come previsto dalla Legge <abbr title=\"numero\">n.<\/abbr> 17\/99. I servizi del S.I.A. sono rivolti\u00a0 a tutti gli studenti con disabilit\u00e0 e D.S.A. (Disturbi Specifici di Apprendimento).<br \/>\nI servizi, compatibilmente con le linee progettuali e le risorse disponibili, vengono attivati su richiesta, allo scopo di realizzare interventi il pi\u00f9 possibile personalizzati e rispondenti alle esigenze del singolo studente\/essa.<br \/>\nPresso la sede centrale del S.I.A. in via San Giorgio n.12 e presso\u00a0 le Facolt\u00e0 dell&#8217;Ateneo sono presenti i\/le <a href=\"http:\/\/people.unica.it\/disabilita\/tutorato-specializzato\/\"><em><strong>tutor specializzati\/e<\/strong><\/em><\/a>\u00a0 esperti\/e nelle problematiche della disabilit\u00e0 e dei D.S.A..<\/p>\n<h4><\/h4>\n<h4>Organigramma<\/h4>\n<p><strong>Delegato del Rettore per le politiche sulla disabilit\u00e0, i D.S.A. e i B.E.S.<\/strong><\/p>\n<p><a href=\"https:\/\/www.unica.it\/unica\/it\/ateneo_s07_ss01.page?contentId=SHD30741\">Prof.ssa<strong> Donatella Rita Petretto<\/strong><\/a><\/p>\n<h3>Direzione Comunicazione servizi agli studenti e servizi generali<strong>:<\/strong><\/h3>\n<p><strong>Dirigente <\/strong><\/p>\n<p><a href=\"https:\/\/www.unica.it\/unica\/page\/it\/alba_roberto_it_1\">Dott.<\/a><strong><a href=\"https:\/\/www.unica.it\/unica\/page\/it\/alba_roberto_it_1\"> Roberto Alba\u00a0<\/a><\/strong><\/p>\n<p><strong>Coordinatore<\/strong><\/p>\n<p>Dott. <a href=\"https:\/\/www.unica.it\/unica\/it\/ateneo_s08_ss03_sss03_01.page?contentId=SHP7738\"><strong>Fabrizio Mattana<\/strong><\/a><\/p>\n<p><strong>Funzionario tecnico psicologo<\/strong><\/p>\n<p>Dott.ssa <a href=\"https:\/\/www.unica.it\/unica\/it\/ateneo_s08_ss03_sss03_01.page?contentId=SHP2685\"><strong>Silvia Vinci<\/strong><\/a><\/p>\n<p><strong>Funzionario amministrativo<\/strong><\/p>\n<p>Dott.ssa <strong><a href=\"https:\/\/www.unica.it\/unica\/page\/it\/locci_manuela\">Manuela Locci<\/a><\/strong><\/p>\n<p><strong>Funzionario amministrativo<\/strong><\/p>\n<p>Dott. <a href=\"https:\/\/www.unica.it\/unica\/page\/it\/ledda_pierluigi_it_1\"><strong>Pierluigi Ledda<\/strong><\/a><\/p>\n<p><strong>Tutor specializzate per la disabilit\u00e0 e i DSA<\/strong><\/p>\n<p>Dott.ssa <strong>Silvia Ambus<\/strong><\/p>\n<p>Dott.ssa <strong>Francesca Pani<\/strong><\/p>\n<p>Dott.ssa\u00a0<strong>Silvia Ferrari<\/strong><\/p>\n<p>Dott.ssa\u00a0<strong>Milena Grecu<\/strong><\/p>\n<p>Dott.ssa <strong>\u00a0Anna Pisanu<\/strong><\/p>\n<p>Dott.ssa <strong>Luciana Loi<\/strong><\/p>\n<p>Dott.ssa <strong>Michela Faggian<\/strong><\/p>\n","protected":false},"excerpt":{"rendered":"<p>S.I.A. (Servizi per l&#8217;Inclusione e l&#8217;Apprendimento) E&#8217; un servizio di consulenza, intermediazione, integrazione per gli studenti e le studentesse con disabilit\u00e0 e D.S.A. (Disturbi Specifici di Apprendimento) iscritte nei percorsi di laurea (laurea triennale, magistrale, magistrale a ciclo unico) e nei percorsi di studio post lauream (master, scuole di specializzazione e dottorati). Il S.I.A. -Ufficio Disabilit\u00e0 \u00e8 stato attivato nell&#8217;Anno Accademico 2001\/2002 con l&#8217;obiettivo di realizzare una serie di servizi ed interventi che permettano agli studenti e alle studentesse con disabilit\u00e0 di seguire il percorso di studi prescelto, attenuando o eliminando le difficolt\u00e0 derivanti dalla propria condizione di disabilit\u00e0, cos\u00ec <a href='https:\/\/people.unica.it\/disabilita\/chi-siamo\/' class='excerpt-more'>[&#8230;]<\/a><\/p>\n","protected":false},"author":361,"featured_media":0,"parent":0,"menu_order":0,"comment_status":"closed","ping_status":"closed","template":"","meta":{"footnotes":""},"class_list":["post-9","page","type-page","status-publish","hentry","post-seq-1","post-parity-odd","meta-position-corners","fix"],"_links":{"self":[{"href":"https:\/\/people.unica.it\/disabilita\/wp-json\/wp\/v2\/pages\/9","targetHints":{"allow":["GET"]}}],"collection":[{"href":"https:\/\/people.unica.it\/disabilita\/wp-json\/wp\/v2\/pages"}],"about":[{"href":"https:\/\/people.unica.it\/disabilita\/wp-json\/wp\/v2\/types\/page"}],"author":[{"embeddable":true,"href":"https:\/\/people.unica.it\/disabilita\/wp-json\/wp\/v2\/users\/361"}],"replies":[{"embeddable":true,"href":"https:\/\/people.unica.it\/disabilita\/wp-json\/wp\/v2\/comments?post=9"}],"version-history":[{"count":78,"href":"https:\/\/people.unica.it\/disabilita\/wp-json\/wp\/v2\/pages\/9\/revisions"}],"predecessor-version":[{"id":4881,"href":"https:\/\/people.unica.it\/disabilita\/wp-json\/wp\/v2\/pages\/9\/revisions\/4881"}],"wp:attachment":[{"href":"https:\/\/people.unica.it\/disabilita\/wp-json\/wp\/v2\/media?parent=9"}],"curies":[{"name":"wp","href":"https:\/\/api.w.org\/{rel}","templated":true}]}}