{"id":2553,"date":"2017-06-30T07:41:22","date_gmt":"2017-06-30T07:41:22","guid":{"rendered":"http:\/\/people.unica.it\/disabilita\/?page_id=2553"},"modified":"2025-08-19T13:34:39","modified_gmt":"2025-08-19T13:34:39","slug":"esonero-tasse","status":"publish","type":"page","link":"https:\/\/people.unica.it\/disabilita\/esonero-tasse\/","title":{"rendered":"Esonero Tasse"},"content":{"rendered":"<p><a href=\"https:\/\/people.unica.it\/disabilita\/servizi\/\">Presentazione sintetica servizi &#8211; S.I.A.<\/a><\/p>\n<p>Il S.I.A. supporta le studentesse e gli studenti alla compilazione della <a href=\"https:\/\/www.unica.it\/it\/didattica\/iscriversi-e-immatricolarsi\/tasse-universitarie\/modulistica\">modulistica<\/a> per la richiesta di esonero tasse che lo studente\/essa dovr\u00e0 inviare alla <a href=\"https:\/\/www.unica.it\/unica\/it\/studenti_s08_ss01.page\">Segreteria Studenti<\/a> della propria Facolt\u00e0 (cos\u00ec come previsto dal Regolamento tasse in vigore previa apposizione dell\u2019imposta di bollo \u20ac 16,00).<\/p>\n<p>I beneficiari dell\u2019<strong>esonero tasse<\/strong> sono gli studenti:<\/p>\n<ul>\n<li>con disabilit\u00e0 riconosciuta ai sensi della legge 104\/92<\/li>\n<li>con un invalidit\u00e0 pari o superiore al 66%<\/li>\n<li>Caregiver familiare<\/li>\n<li>Orfani<\/li>\n<li>Situazioni di eccezionale gravit\u00e0<\/li>\n<\/ul>\n<h3><a href=\"https:\/\/www.unica.it\/unica\/it\/studenti_s02_ss05.page\">Esoneri tasse e premialit\u00e0<\/a><\/h3>\n<div class=\"col-lg-9 col-lg-push-3 col-md-9 col-md-push-3 col-sm-8 col-sm-push-4 col-xs-12\">\n<article>\n<div class=\"article-txt\">\n<p>A partire dall&#8217;anno accademico 2022\/2023 \u00e8 stata introdotta una novit\u00e0 in relazione al possesso di una certificazione di invalidit\u00e0 compresa tra il 50 % e il 65%.\u00a0 Le studentesse e gli studenti interessati potranno richiedere una riduzione delle tasse del 30%.<\/p>\n<p>Di seguito i link al <strong>Regolamento contribuzione studentesca e alla Modulistica<\/strong><\/p>\n<p><a href=\"https:\/\/www.unica.it\/unica\/it\/studenti_s02_ss04.page\">unica.it &#8211; Regolamenti<\/a><\/p>\n<p><a href=\"https:\/\/www.unica.it\/it\/didattica\/iscriversi-e-immatricolarsi\/tasse-universitarie\/modulistica\">https:\/\/www.unica.it\/it\/didattica\/iscriversi-e-immatricolarsi\/tasse-universitarie\/modulistica<\/a><\/p>\n<p>\u00a0<\/p>\n<div class=\"article-txt-item\">\u00a0<\/div>\n<\/div>\n<\/article>\n<\/div>\n<div class=\"col-lg-3 col-lg-pull-9 col-md-3 col-md-pull-9 col-sm-4 col-sm-pull-8 col-xs-12\">\n<div id=\"menusx\" class=\"bg-grigio05\">\u00a0<\/div>\n<\/div>\n\n\n<p><\/p>\n","protected":false},"excerpt":{"rendered":"<p>Presentazione sintetica servizi &#8211; S.I.A. Il S.I.A. supporta le studentesse e gli studenti alla compilazione della modulistica per la richiesta di esonero tasse che lo studente\/essa dovr\u00e0 inviare alla Segreteria Studenti della propria Facolt\u00e0 (cos\u00ec come previsto dal Regolamento tasse in vigore previa apposizione dell\u2019imposta di bollo \u20ac 16,00). I beneficiari dell\u2019esonero tasse sono gli studenti: con disabilit\u00e0 riconosciuta ai sensi della legge 104\/92 con un invalidit\u00e0 pari o superiore al 66% Caregiver familiare Orfani Situazioni di eccezionale gravit\u00e0 Esoneri tasse e premialit\u00e0 A partire dall&#8217;anno accademico 2022\/2023 \u00e8 stata introdotta una novit\u00e0 in relazione al possesso di una certificazione <a href='https:\/\/people.unica.it\/disabilita\/esonero-tasse\/' class='excerpt-more'>[&#8230;]<\/a><\/p>\n","protected":false},"author":361,"featured_media":0,"parent":0,"menu_order":0,"comment_status":"closed","ping_status":"closed","template":"","meta":{"footnotes":""},"class_list":["post-2553","page","type-page","status-publish","hentry","post-seq-1","post-parity-odd","meta-position-corners","fix"],"_links":{"self":[{"href":"https:\/\/people.unica.it\/disabilita\/wp-json\/wp\/v2\/pages\/2553","targetHints":{"allow":["GET"]}}],"collection":[{"href":"https:\/\/people.unica.it\/disabilita\/wp-json\/wp\/v2\/pages"}],"about":[{"href":"https:\/\/people.unica.it\/disabilita\/wp-json\/wp\/v2\/types\/page"}],"author":[{"embeddable":true,"href":"https:\/\/people.unica.it\/disabilita\/wp-json\/wp\/v2\/users\/361"}],"replies":[{"embeddable":true,"href":"https:\/\/people.unica.it\/disabilita\/wp-json\/wp\/v2\/comments?post=2553"}],"version-history":[{"count":27,"href":"https:\/\/people.unica.it\/disabilita\/wp-json\/wp\/v2\/pages\/2553\/revisions"}],"predecessor-version":[{"id":4822,"href":"https:\/\/people.unica.it\/disabilita\/wp-json\/wp\/v2\/pages\/2553\/revisions\/4822"}],"wp:attachment":[{"href":"https:\/\/people.unica.it\/disabilita\/wp-json\/wp\/v2\/media?parent=2553"}],"curies":[{"name":"wp","href":"https:\/\/api.w.org\/{rel}","templated":true}]}}

<p><a href="https://people.unica.it/disabilita/servizi/">Presentazione sintetica servizi &#8211; S.I.A.</a></p>
<p>Il S.I.A. supporta le studentesse e gli studenti alla compilazione della <a href="https://www.unica.it/it/didattica/iscriversi-e-immatricolarsi/tasse-universitarie/modulistica">modulistica</a> per la richiesta di esonero tasse che lo studente/essa dovrà inviare alla <a href="https://www.unica.it/unica/it/studenti_s08_ss01.page">Segreteria Studenti</a> della propria Facoltà (così come previsto dal Regolamento tasse in vigore previa apposizione dell’imposta di bollo € 16,00).</p>
<p>I beneficiari dell’<strong>esonero tasse</strong> sono gli studenti:</p>
<ul>
<li>con disabilità riconosciuta ai sensi della legge 104/92</li>
<li>con un invalidità pari o superiore al 66%</li>
<li>Caregiver familiare</li>
<li>Orfani</li>
<li>Situazioni di eccezionale gravità</li>
</ul>
<h3><a href="https://www.unica.it/unica/it/studenti_s02_ss05.page">Esoneri tasse e premialità</a></h3>
<div class="col-lg-9 col-lg-push-3 col-md-9 col-md-push-3 col-sm-8 col-sm-push-4 col-xs-12">
<article>
<div class="article-txt">
<p>A partire dall&#8217;anno accademico 2022/2023 è stata introdotta una novità in relazione al possesso di una certificazione di invalidità compresa tra il 50 % e il 65%.  Le studentesse e gli studenti interessati potranno richiedere una riduzione delle tasse del 30%.</p>
<p>Di seguito i link al <strong>Regolamento contribuzione studentesca e alla Modulistica</strong></p>
<p><a href="https://www.unica.it/unica/it/studenti_s02_ss04.page">unica.it &#8211; Regolamenti</a></p>
<p><a href="https://www.unica.it/it/didattica/iscriversi-e-immatricolarsi/tasse-universitarie/modulistica">https://www.unica.it/it/didattica/iscriversi-e-immatricolarsi/tasse-universitarie/modulistica</a></p>
<p> </p>
<div class="article-txt-item"> </div>
</div>
</article>
</div>
<div class="col-lg-3 col-lg-pull-9 col-md-3 col-md-pull-9 col-sm-4 col-sm-pull-8 col-xs-12">
<div id="menusx" class="bg-grigio05"> </div>
</div>


<p></p>

<p>Presentazione sintetica servizi &#8211; S.I.A. Il S.I.A. supporta le studentesse e gli studenti alla compilazione della modulistica per la richiesta di esonero tasse che lo studente/essa dovrà inviare alla Segreteria Studenti della propria Facoltà (così come previsto dal Regolamento tasse in vigore previa apposizione dell’imposta di bollo € 16,00). I beneficiari dell’esonero tasse sono gli studenti: con disabilità riconosciuta ai sensi della legge 104/92 con un invalidità pari o superiore al 66% Caregiver familiare Orfani Situazioni di eccezionale gravità Esoneri tasse e premialità A partire dall&#8217;anno accademico 2022/2023 è stata introdotta una novità in relazione al possesso di una certificazione <a href='https://people.unica.it/disabilita/esonero-tasse/' class='excerpt-more'>[&#8230;]</a></p>
