{"id":2551,"date":"2017-06-30T07:40:43","date_gmt":"2017-06-30T07:40:43","guid":{"rendered":"http:\/\/people.unica.it\/disabilita\/?page_id=2551"},"modified":"2025-07-30T09:29:31","modified_gmt":"2025-07-30T09:29:31","slug":"servizi-di-trasporto","status":"publish","type":"page","link":"https:\/\/people.unica.it\/disabilita\/servizi-di-trasporto\/","title":{"rendered":"Servizio di trasporto"},"content":{"rendered":"<p><strong>Manifestazione di interesse: Servizio di Trasporto &#8220;Amico BUS&#8221;<\/strong><\/p>\n\n\n<p>L\u2019Universit\u00e0 di Cagliari, per l\u2019anno accademico <strong>2025\/2026<\/strong>, al fine di garantire l\u2019accessibilit\u00e0 ai<br>percorsi di studio, erogher\u00e0 il servizio di Trasporto attraverso il servizio del CTM, <strong>denominato Amico BUS<\/strong>.<\/p>\n\n\n\n<p><strong>Destinatari<\/strong><br>Possono accedere alla manifestazione di interesse le studentesse e gli studenti con disabilit\u00e0<br>dell\u2019Universit\u00e0 degli Studi di Cagliari, ovvero con limitazioni funzionali nel movimento e in possesso<br>dei seguenti requisiti:<br><strong>Requisito 1 <\/strong><\/p>\n\n\n\n<ul class=\"wp-block-list\">\n<li>Riconoscimento dell\u2019Invalidit\u00e0 civile, Legge118\/1971, uguale o superiore al 74%,<\/li>\n\n\n\n<li>Riconoscimento ai sensi della Legge 104\/1992, Art.3 comma 3.<\/li>\n<\/ul>\n\n\n\n<p><strong>Requisito 2<\/strong><\/p>\n\n\n\n<p>Regolarmente iscritti ad uno dei seguenti corsi di studio:<\/p>\n\n\n\n<ul class=\"wp-block-list\">\n<li>laurea triennale,<\/li>\n\n\n\n<li>laurea magistrale,<\/li>\n\n\n\n<li>laurea magistrale a ciclo unico,<\/li>\n\n\n\n<li>corso\/scuola di specializzazione (area non medica e senza borsa),<\/li>\n\n\n\n<li>dottorato di ricerca (senza borsa).<\/li>\n<\/ul>\n\n\n\n<p><strong>Requisito 3<\/strong><\/p>\n\n\n\n<p>Domiciliati in uno dei seguenti comuni:<\/p>\n\n\n\n<ul class=\"wp-block-list\">\n<li>Cagliari,<\/li>\n\n\n\n<li>Quartu Sant\u2019Elena,<\/li>\n\n\n\n<li>Monserrato,<\/li>\n\n\n\n<li>Selargius,<\/li>\n\n\n\n<li>Quartucciu. <\/li>\n<\/ul>\n\n\n\n<p>Gli interessati dovranno far pervenire l&#8217;interesse a usufruire del servizio entro la data del <strong>01\/10\/2025 <\/strong>compilando il modulo A\/ form che segue: <a href=\"https:\/\/forms.office.com\/e\/egqqqnUkYh\">https:\/\/forms.office.com\/e\/egqqqnUkYh<\/a> <\/p>\n\n\n\n<p>Coloro che sono domiciliati in altri comuni non presenti nel Requisito 3, entro i 20 km dalla sede universitaria ed in possesso dei requisiti 1 e 2, dovranno far pervenire l&#8217;interesse a usufruire del servizio entro la data del <strong>01\/10\/2025<\/strong> compilando il modulo A\/ form che segue: <a href=\"https:\/\/forms.office.com\/e\/egqqqnUkYh\">https:\/\/forms.office.com\/e\/egqqqnUkYh<\/a> <\/p>\n\n\n\n<p>Per maggiori informazioni \u00e8 possibile contattare: <\/p>\n\n\n\n<p>Dott.ssa Silvia Vinci <\/p>\n\n\n\n<p>e-mail: silvia.vinci@amm.unica.it \u2013 tutor.sia@unica.it <\/p>\n\n\n\n<p>Tel: 0706756270 &#8211; 0706756222<\/p>\n\n\n\n<div data-wp-interactive=\"core\/file\" class=\"wp-block-file\"><object data-wp-bind--hidden=\"!state.hasPdfPreview\" hidden class=\"wp-block-file__embed\" data=\"https:\/\/people.unica.it\/disabilita\/files\/2025\/07\/Avviso-Manifestazione-interesse-Trasporto-1.pdf\" type=\"application\/pdf\" style=\"width:100%;height:600px\" aria-label=\"Incorporamento di Avviso Manifestazione interesse Trasporto.\"><\/object><a id=\"wp-block-file--media-3bb1b734-31fa-46ab-ad6b-932ca61fd4f0\" href=\"https:\/\/people.unica.it\/disabilita\/files\/2025\/07\/Avviso-Manifestazione-interesse-Trasporto-1.pdf\">Avviso Manifestazione interesse Trasporto<\/a><a href=\"https:\/\/people.unica.it\/disabilita\/files\/2025\/07\/Avviso-Manifestazione-interesse-Trasporto-1.pdf\" class=\"wp-block-file__button wp-element-button\" download aria-describedby=\"wp-block-file--media-3bb1b734-31fa-46ab-ad6b-932ca61fd4f0\">Download<\/a><\/div>\n\n\n<p>_______________________________________________________________________________________________________________<\/p>\n<p>Servizio Attivo A.A 2024\/25<\/p>\n<p>Gli studenti e le studentesse con disabilit\u00e0 motoria e sensoriale-visiva possono usufruire del servizio di trasporto, dal proprio domicilio alla sede universitaria, entro un raggio di circa 20 km, al fine di frequentare le attivit\u00e0 didattiche:<\/p>\n<ul>\n<li>Lezioni;<\/li>\n<li>Esami;<\/li>\n<li>Aiuto allo studio.<\/li>\n<\/ul>\n<p>Il servizio si effettua tramite l&#8217;utilizzo di idonei pulmini dotati di sollevatore e adatti al trasporto di soggetti con disabilit\u00e0 motoria, conformi alle vigenti normative.<\/p>\n<p><a href=\"https:\/\/people.unica.it\/disabilita\/files\/2024\/04\/Informativa-Trasporto.pdf\">Informativa Trasporto<\/a><\/p>\n<p><strong>Modulistica servizio di trasporto:<\/strong><\/p>\n<p><a href=\"https:\/\/people.unica.it\/disabilita\/files\/2022\/03\/Modulo-Richiesta-Trasporto_v3-Mod-P07-02-04.xlsm\">Modulo Richiesta Trasporto<\/a><\/p>\n<p>______________________<\/p>\n<p><strong>Ulteriori servizi disponibili nel territorio<\/strong><\/p>\n<p>&#8220;Amico Bus&#8221;<\/p>\n<p>Presso i comuni di Cagliari, Quartu Sant\u2019Elena, Monserrato, Selargius, Quartucciu \u00e8 inoltre disponibile il servizio di trasporto &#8220;Amico Bus&#8221;, un servizio a chiamata di tipo \u201cporta a porta\u201d, finanziato dalla Regione autonoma della Sardegna, che si propone come strumento di integrazione all\u2019offerta ordinaria di trasporto pubblico. Il servizio \u00e8 dedicato a coloro che, per problemi di disabilit\u00e0, non possono utilizzare il servizio di trasporto pubblico di linea e prevede la presenza a bordo di assistenti che aiutano l\u2019utente nella fase di salita e discesa dal mezzo.<\/p>\n<p class=\"n12\"><strong>Chi pu\u00f2 accedere al servizio<\/strong><\/p>\n<p class=\"n12\">Il servizio Amico Bus \u00e8 dedicato alle seguenti categorie di persone:<\/p>\n<ul>\n<li>disabili (ex lege 104 valutati come \u201csituazioni di gravit\u00e0\u201d),<\/li>\n<li>invalidi civili (ex lege 118 con invalidit\u00e0 del 100%, o superiore o uguale al 74%),<\/li>\n<li>anziani ultra 65enni non autosufficienti e altri, con limitazioni psico-fisiche accertate, in carico ai servizi sociali, comunali o servizi ASL.<\/li>\n<\/ul>\n<p class=\"n12\">Operativit\u00e0 del servizio<\/p>\n<p class=\"n12\">Il servizio \u00e8 operativo dal luned\u00ec al venerd\u00ec dalle 7:00 alle\u00a0 20:00 e il sabato dalle\u00a0 7:00 alle 14:00.<\/p>\n<p>Nel link che segue puoi trovare ulteriori informazioni per l&#8217;attivazione:<\/p>\n<p><a href=\"https:\/\/www.ctmcagliari.it\/amico-bus-2\/\">CTM SpA &#8211; Amico Bus (ctmcagliari.it)<\/a><\/p>","protected":false},"excerpt":{"rendered":"<p>Manifestazione di interesse: Servizio di Trasporto &#8220;Amico BUS&#8221; L\u2019Universit\u00e0 di Cagliari, per l\u2019anno accademico 2025\/2026, al fine di garantire l\u2019accessibilit\u00e0 aipercorsi di studio, erogher\u00e0 il servizio di Trasporto attraverso il servizio del CTM, denominato Amico BUS. DestinatariPossono accedere alla manifestazione di interesse le studentesse e gli studenti con disabilit\u00e0dell\u2019Universit\u00e0 degli Studi di Cagliari, ovvero con limitazioni funzionali nel movimento e in possessodei seguenti requisiti:Requisito 1 Requisito 2 Regolarmente iscritti ad uno dei seguenti corsi di studio: Requisito 3 Domiciliati in uno dei seguenti comuni: Gli interessati dovranno far pervenire l&#8217;interesse a usufruire del servizio entro la data del 01\/10\/2025 compilando <a href='https:\/\/people.unica.it\/disabilita\/servizi-di-trasporto\/' class='excerpt-more'>[&#8230;]<\/a><\/p>\n","protected":false},"author":361,"featured_media":0,"parent":0,"menu_order":0,"comment_status":"closed","ping_status":"closed","template":"","meta":{"footnotes":""},"class_list":["post-2551","page","type-page","status-publish","hentry","post-seq-1","post-parity-odd","meta-position-corners","fix"],"_links":{"self":[{"href":"https:\/\/people.unica.it\/disabilita\/wp-json\/wp\/v2\/pages\/2551","targetHints":{"allow":["GET"]}}],"collection":[{"href":"https:\/\/people.unica.it\/disabilita\/wp-json\/wp\/v2\/pages"}],"about":[{"href":"https:\/\/people.unica.it\/disabilita\/wp-json\/wp\/v2\/types\/page"}],"author":[{"embeddable":true,"href":"https:\/\/people.unica.it\/disabilita\/wp-json\/wp\/v2\/users\/361"}],"replies":[{"embeddable":true,"href":"https:\/\/people.unica.it\/disabilita\/wp-json\/wp\/v2\/comments?post=2551"}],"version-history":[{"count":35,"href":"https:\/\/people.unica.it\/disabilita\/wp-json\/wp\/v2\/pages\/2551\/revisions"}],"predecessor-version":[{"id":4812,"href":"https:\/\/people.unica.it\/disabilita\/wp-json\/wp\/v2\/pages\/2551\/revisions\/4812"}],"wp:attachment":[{"href":"https:\/\/people.unica.it\/disabilita\/wp-json\/wp\/v2\/media?parent=2551"}],"curies":[{"name":"wp","href":"https:\/\/api.w.org\/{rel}","templated":true}]}}