{"id":2540,"date":"2017-06-30T07:37:37","date_gmt":"2017-06-30T07:37:37","guid":{"rendered":"http:\/\/people.unica.it\/disabilita\/?page_id=2540"},"modified":"2023-07-04T09:10:58","modified_gmt":"2023-07-04T09:10:58","slug":"orientamento","status":"publish","type":"page","link":"https:\/\/people.unica.it\/disabilita\/orientamento\/","title":{"rendered":"Orientamento"},"content":{"rendered":"<p>Il SIA attraverso colloqui con i <em><strong><a href=\"http:\/\/people.unica.it\/disabilita\/tutorato-specializzato\/\">Tutor specializzati<\/a><\/strong><\/em> nella sede centrale e negli uffici decentrati nelle Facolt\u00e0, \u00a0offre:<\/p>\n<p>orientamento in entrata;<\/p>\n<p>orientamento in itinere;<\/p>\n<p>orientamento in uscita.<\/p>\n<p>&nbsp;<\/p>\n<p><strong>Orientamento in entrata<\/strong><\/p>\n<p>A partire dalla classe quarta della scuola secondaria di secondo livello, gli studenti\/le studentesse con disabilit\u00e0, con dislessia e altri DSA, possono richiedere colloqui di orientamento e consulenza per ricevere le informazioni disponibili relative all\u2019offerta formativa e valutare al meglio il proprio futuro percorso universitario.<\/p>\n<p>\u00c8 possibile richiedere un colloquio tramite appuntamento o recandosi presso le nostre sedi e secondo gli <a href=\"http:\/\/people.unica.it\/disabilita\/i-nostri-uffici\/\">orari di apertura<\/a><\/p>\n<p>Inoltre il S.I.A. partecipa alle Giornate di orientamento organizzate dall&#8217;Ateneo ed ad altri eventi nel territorio in cui incontra studenti\/esse e docenti degli ultimi due anni delle scuole secondarie di secondo grado, ai quali presenta i servizi dedicati, rilevando le specifiche e future necessit\u00e0. In tale occasione \u00e8 prevista la proiezione di film trattanti tematiche relative all\u2019inclusione e la partecipazione di testimoni (studenti e laureati con disabilit\u00e0, dislessia e con altri DSA) che raccontano la propria esperienza, le risorse e le strategie messe in atto al fine di affrontare la vita universitaria.<\/p>\n<p>&nbsp;<\/p>\n<p>Guarda il video presentato durante l&#8217;Orientamento studenti e studentesse di maggio 2020.<\/p>\n<p><a href=\"http:\/\/people.unica.it\/disabilita\/files\/2021\/02\/video.png\"><img decoding=\"async\" class=\"alignleft wp-image-3718\" src=\"http:\/\/people.unica.it\/disabilita\/files\/2021\/02\/video-150x150.png\" alt=\"\" width=\"38\" height=\"38\" srcset=\"https:\/\/people.unica.it\/disabilita\/files\/2021\/02\/video-150x150.png 150w, https:\/\/people.unica.it\/disabilita\/files\/2021\/02\/video-96x96.png 96w, https:\/\/people.unica.it\/disabilita\/files\/2021\/02\/video-24x24.png 24w, https:\/\/people.unica.it\/disabilita\/files\/2021\/02\/video-36x36.png 36w, https:\/\/people.unica.it\/disabilita\/files\/2021\/02\/video-48x48.png 48w, https:\/\/people.unica.it\/disabilita\/files\/2021\/02\/video-64x64.png 64w, https:\/\/people.unica.it\/disabilita\/files\/2021\/02\/video.png 249w\" sizes=\"(max-width: 38px) 100vw, 38px\" \/><\/a><\/p>\n<p><a href=\"https:\/\/www.youtube.com\/watch?v=ePZed4fWeO0&amp;list=PL9dI9V0MydGb-eO5-T3b8xEpseIxO_uBM&amp;index=10&amp;t=0s\">Presentazione del SIA &#8211; Servizio Inclusione e Apprendimento &#8211; YouTube<\/a><\/p>\n<p>&nbsp;<\/p>\n<p>&nbsp;<\/p>\n<p>&nbsp;<\/p>\n<p><strong>In itinere<\/strong><\/p>\n<p>Durante il percorso universitario \u00e8 possibile rivolgersi ai tutor specializzati per ricevere uno specifico supporto, in merito alla didattica, alle strategie di apprendimento specifiche per contenuti e materia con particolare attenzione alle attitudini e caratteristiche dello studente.<\/p>\n<p>&nbsp;<\/p>\n<p><strong>In uscita<\/strong><\/p>\n<p>In prossimit\u00e0 del conseguimento della Laurea, \u00e8 prevista la possibilit\u00e0 di effettuare dei colloqui mirati alla individuazione dei futuri percorsi formativi o professionali disponibili nel territorio di maggiore interesse.<\/p>\n<p>Come ad esempio tirocini, stage, master, scuole di specializzazione e dottorati di ricerca.<\/p>\n<p>In rete con il servizio <a href=\"http:\/\/www.unica.it\/pub\/3\/index.jsp?is=3&amp;iso=769\">Sportello Placement di Ateneo<\/a> individuiamo tra i giovani laureati i profili richiesti dalle aziende al fine di favorire possibili inserimenti lavorativi mirati (ai sensi della<a href=\"http:\/\/www.parlamento.it\/parlam\/leggi\/99068l.htm\"> legge 68\/99)<\/a>.<\/p>\n","protected":false},"excerpt":{"rendered":"<p>Il SIA attraverso colloqui con i Tutor specializzati nella sede centrale e negli uffici decentrati nelle Facolt\u00e0, \u00a0offre: orientamento in entrata; orientamento in itinere; orientamento in uscita. &nbsp; Orientamento in entrata A partire dalla classe quarta della scuola secondaria di secondo livello, gli studenti\/le studentesse con disabilit\u00e0, con dislessia e altri DSA, possono richiedere colloqui di orientamento e consulenza per ricevere le informazioni disponibili relative all\u2019offerta formativa e valutare al meglio il proprio futuro percorso universitario. \u00c8 possibile richiedere un colloquio tramite appuntamento o recandosi presso le nostre sedi e secondo gli orari di apertura Inoltre il S.I.A. partecipa alle <a href='https:\/\/people.unica.it\/disabilita\/orientamento\/' class='excerpt-more'>[&#8230;]<\/a><\/p>\n","protected":false},"author":361,"featured_media":0,"parent":0,"menu_order":0,"comment_status":"closed","ping_status":"closed","template":"","meta":{"footnotes":""},"class_list":["post-2540","page","type-page","status-publish","hentry","post-seq-1","post-parity-odd","meta-position-corners","fix"],"_links":{"self":[{"href":"https:\/\/people.unica.it\/disabilita\/wp-json\/wp\/v2\/pages\/2540","targetHints":{"allow":["GET"]}}],"collection":[{"href":"https:\/\/people.unica.it\/disabilita\/wp-json\/wp\/v2\/pages"}],"about":[{"href":"https:\/\/people.unica.it\/disabilita\/wp-json\/wp\/v2\/types\/page"}],"author":[{"embeddable":true,"href":"https:\/\/people.unica.it\/disabilita\/wp-json\/wp\/v2\/users\/361"}],"replies":[{"embeddable":true,"href":"https:\/\/people.unica.it\/disabilita\/wp-json\/wp\/v2\/comments?post=2540"}],"version-history":[{"count":9,"href":"https:\/\/people.unica.it\/disabilita\/wp-json\/wp\/v2\/pages\/2540\/revisions"}],"predecessor-version":[{"id":4219,"href":"https:\/\/people.unica.it\/disabilita\/wp-json\/wp\/v2\/pages\/2540\/revisions\/4219"}],"wp:attachment":[{"href":"https:\/\/people.unica.it\/disabilita\/wp-json\/wp\/v2\/media?parent=2540"}],"curies":[{"name":"wp","href":"https:\/\/api.w.org\/{rel}","templated":true}]}}