{"id":823,"date":"2011-02-17T19:13:42","date_gmt":"2011-02-17T17:13:42","guid":{"rendered":"http:\/\/people.unica.it\/diparch\/"},"modified":"2011-02-17T19:13:42","modified_gmt":"2011-02-17T17:13:42","slug":"icar11","status":"publish","type":"page","link":"https:\/\/people.unica.it\/diparch\/il-personale\/icar11\/","title":{"rendered":"ICAR\/11"},"content":{"rendered":"<p style=\"text-align: left\"><strong>Settore scientifico-disciplinare<br \/>\nICAR\/11 PRODUZIONE EDILIZIA<\/strong><\/p>\n<p>I contenuti scientifico-disciplinari attengono all&#8217;analisi del rapporto fra progetto e costruzione, all&#8217;interno della concezione integrata del processo edilizio e della sua sostenibilit\u00e0. La problematica riguarda quindi aspetti tecnologici della progettazione, realizzazione, diagnostica, manutenzione e trasformazione di organismi e sistemi nuovi od oggetto di recupero, allo scopo di ottenere una produzione edilizia che esprima la compatibilit\u00e0 tra finalit\u00e0 progettuali, prescrizioni normative, controlli di qualit\u00e0 e prestazioni, esigenze organizzative, condizionamenti socioeconomici ed ambientali, garanzie di sicurezza e di conseguire una vita utile programmata ed un invecchiamento controllato delle opere. Sono oggetto di studio e sperimentazione materiali, componenti, sistemi ed organismi edilizi, tecniche edili, cantieri.<\/p>\n","protected":false},"excerpt":{"rendered":"<p>Settore scientifico-disciplinare ICAR\/11 PRODUZIONE EDILIZIA I contenuti scientifico-disciplinari attengono all&#8217;analisi del rapporto fra progetto e costruzione, all&#8217;interno della concezione integrata del processo edilizio e della sua sostenibilit\u00e0. La problematica riguarda quindi aspetti tecnologici della progettazione, realizzazione, diagnostica, manutenzione e trasformazione di organismi e sistemi nuovi od oggetto di recupero, allo scopo di ottenere una produzione edilizia che esprima la compatibilit\u00e0 tra finalit\u00e0 progettuali, prescrizioni normative, controlli di qualit\u00e0 e prestazioni, esigenze organizzative, condizionamenti socioeconomici ed ambientali, garanzie di sicurezza e di conseguire una vita utile programmata ed un invecchiamento controllato delle opere. Sono oggetto di studio e sperimentazione materiali, componenti, <a href='https:\/\/people.unica.it\/diparch\/il-personale\/icar11\/' class='excerpt-more'>[&#8230;]<\/a><\/p>\n","protected":false},"author":55,"featured_media":0,"parent":66,"menu_order":0,"comment_status":"closed","ping_status":"closed","template":"","meta":{"footnotes":""},"class_list":["post-823","page","type-page","status-publish","hentry","post-seq-1","post-parity-odd","meta-position-corners","fix"],"_links":{"self":[{"href":"https:\/\/people.unica.it\/diparch\/wp-json\/wp\/v2\/pages\/823","targetHints":{"allow":["GET"]}}],"collection":[{"href":"https:\/\/people.unica.it\/diparch\/wp-json\/wp\/v2\/pages"}],"about":[{"href":"https:\/\/people.unica.it\/diparch\/wp-json\/wp\/v2\/types\/page"}],"author":[{"embeddable":true,"href":"https:\/\/people.unica.it\/diparch\/wp-json\/wp\/v2\/users\/55"}],"replies":[{"embeddable":true,"href":"https:\/\/people.unica.it\/diparch\/wp-json\/wp\/v2\/comments?post=823"}],"version-history":[{"count":1,"href":"https:\/\/people.unica.it\/diparch\/wp-json\/wp\/v2\/pages\/823\/revisions"}],"predecessor-version":[{"id":824,"href":"https:\/\/people.unica.it\/diparch\/wp-json\/wp\/v2\/pages\/823\/revisions\/824"}],"up":[{"embeddable":true,"href":"https:\/\/people.unica.it\/diparch\/wp-json\/wp\/v2\/pages\/66"}],"wp:attachment":[{"href":"https:\/\/people.unica.it\/diparch\/wp-json\/wp\/v2\/media?parent=823"}],"curies":[{"name":"wp","href":"https:\/\/api.w.org\/{rel}","templated":true}]}}