{"id":1283,"date":"2013-02-28T09:32:57","date_gmt":"2013-02-28T09:32:57","guid":{"rendered":"http:\/\/people.unica.it\/cird\/?page_id=1283"},"modified":"2015-03-30T19:00:06","modified_gmt":"2015-03-30T19:00:06","slug":"partnership","status":"publish","type":"page","link":"https:\/\/people.unica.it\/cird\/partnership\/","title":{"rendered":"Partnership"},"content":{"rendered":"<table>\n<tbody>\n<tr>\n<td width=\"30%\"><a href=\"http:\/\/people.unica.it\/cird\/partnership\/wbresize7\/\" rel=\"attachment wp-att-1842\"><img decoding=\"async\" class=\"alignnone size-full wp-image-1842\" src=\"http:\/\/people.unica.it\/cird\/files\/2013\/02\/wbresize7.jpg\" alt=\"wbresize7\" width=\"271\" height=\"200\" \/><\/a><\/td>\n<td style=\"text-align: justify\"><span style=\"font-size: 10\">In linea con gli indirizzi comunitari il\u00a0CIRD\u00a0 stipula convenzioni e accordi internazionali promuovendo la collaborazione tra centri di ricerca, dipartimenti e universit\u00e0. In questa sezione \u00e8 possibile conoscere le convenzioni e gli accordi internazionali attualmente attivi. Nell&#8217;area\u00a0<a href=\"http:\/\/people.unica.it\/cird\/collaborazioni\"><strong><span style=\"color: #a52a2a\">collaborazioni<\/span><\/strong><\/a>\u00a0sono contenute tutte le informazioni\u00a0utili per la realizzazione di tirocini e stage e\u00a0le modalit\u00e0 per richiedere\u00a0altre forme di collaborazione.\u00a0Inoltre \u00e8 presente un&#8217;area in cui \u00e8 possibile scaricare i bandi di selezione.<\/span>Il CIRD \u00e8 membro dell&#8217;Associazione &#8220;Scuola Democratica&#8221; che cura l&#8217;edizione dell&#8217;omonima rivista (rivista Multidisciplinare di Fasca A per l&#8217;Area 11 e l&#8217;Area 14) per &#8220;Il Mulino&#8221;:<\/p>\n<p>L&#8217;Associazione per la Scuola Democratica riunisce enti pubblici e privati e costituisce una rete di ricerca e dibattito sulla scuola: altri membri dell&#8217;associazione<\/p>\n<p><strong>Soci ordinari\u00a0<\/strong><\/p>\n<p><a title=\"indire\" href=\"http:\/\/www.indire.it\/\" target=\"_blank\">INDIRE\u00a0<\/a>(Giovanni Biondi)<\/p>\n<p><a href=\"http:\/\/www.adapt.it\/\" target=\"_blank\">ADAPT\u00a0<\/a>(Emmanuele Massagli)<\/p>\n<p><a href=\"http:\/\/www.almalaurea.it\/info\/chisiamo\/\" target=\"_blank\">ALMALAUREA<\/a>\u00a0(Andrea Cammelli)<\/p>\n<p><a href=\"http:\/\/www.anp.it\/\">ANP\u00a0<\/a>(Antonio Petrolino)<\/p>\n<p><a href=\"http:\/\/www.fga.it\/\" target=\"_blank\">CRUI<\/a>\u00a0(Emanuela Stefani)<\/p>\n<p><a href=\"http:\/\/www.dis.uniroma1.it\/\" target=\"_blank\">Dipartimento di Ingegneria Informatica, Automatica e Gestionale, Sapienza Universit\u00e0 di Roma<\/a>(Alberto Marchetti Spaccamela)<\/p>\n<p><a href=\"http:\/\/www.dies.uniroma1.it\/\">DiSS,\u00a0\u00a0Universit\u00e0 \u201cSapienza\u201d di Roma\u00a0<\/a>(Fabrizio Battistelli)<\/p>\n<p><a href=\"http:\/\/www.enaip.it\/enaip\/index.jsp\" target=\"_blank\">ENAIP<\/a>\u00a0(Antonino Ziglio)<\/p>\n<p><a href=\"http:\/\/www.fondazionecrui.it\/\" target=\"_blank\">Fondazione Giovanni Agnelli<\/a>\u00a0(Stefano Molina)<\/p>\n<p><a href=\"http:\/\/www.fondazionescuola.it\/\">Fondazione per la Scuola\u00a0della Compagnia di San\u00a0Paolo\u00a0<\/a>(Giorgio Inaudi)<\/p>\n<p><a href=\"http:\/\/www.gruppoformamentis.it\/\" target=\"_blank\">Forma Mentis Innovazione e Sviluppo<\/a>\u00a0(Marco Manariti)<\/p>\n<p><a href=\"http:\/\/www.isfol.it\/\" target=\"_blank\">ISFOL<\/a>\u00a0(Aviana Bulgarelli)<\/p>\n<p><a title=\"iulm\" href=\"http:\/\/www.iulm.com\/\" target=\"_blank\">IULM<\/a>\u00a0(Angelo Turco),<\/p>\n<p><a title=\"iad tor vergata\" href=\"http:\/\/www.scuolaiad.it\/\" target=\"_blank\">Scuola IAD dell\u2019Universit\u00e0 di Roma Tor Vergata<\/a>\u00a0(Antonio Volpi)<\/p>\n<p><a title=\"mip \" href=\"http:\/\/www.mip.polimi.it\/mip\/it.html\" target=\"_blank\">SUM Scuola di management per le universit\u00e0, gli enti di ricerca e le istituzioni scolastiche del consorzio MIP del Politecnico di Milano<\/a>\u00a0(Tommaso Agasisti),<\/p>\n<p><a href=\"http:\/\/www.unieda.it\/\" target=\"_blank\">UNIEDA<\/a>\u00a0(Francesco Florenzano)<\/p>\n<p>Luciano Benadusi\u00a0 (Direttore della Rivista)<\/p>\n<p>Vittorio Campione (Vice Direttore della Rivista)<\/p>\n<p><strong>Soci onorari<\/strong><\/p>\n<p><a title=\"Sito CNR IRPPS\" href=\"http:\/\/www.irpps.cnr.it\/\" target=\"_blank\">CNR \u2013 IRPPS<\/a>\u00a0(Sveva Avveduto)<\/p>\n<p><a title=\"Sito CNR ISTC\" href=\"http:\/\/www.istc.cnr.it\/\" target=\"_blank\">CNR \u2013 ISTC<\/a>\u00a0(Rino Falcone)<\/p>\n<p>&nbsp;<\/p>\n<p>&nbsp;<\/td>\n<\/tr>\n<\/tbody>\n<\/table>\n<p>&nbsp;<\/p>\n<p>\u200e<\/p>\n<table>\n<tbody>\n<tr>\n<td width=\"33%\"><a href=\"http:\/\/people.unica.it\/cird\/convenzioni\/\">Convenzioni<\/a><\/td>\n<td width=\"33%\"><a href=\"http:\/\/people.unica.it\/cird\/accordi-internazionali\/\">Accordi internazionali<\/a><\/td>\n<td width=\"33%\"><a href=\"http:\/\/people.unica.it\/cird\/collaborazioni\/\">Collaborazioni<\/a><\/td>\n<\/tr>\n<\/tbody>\n<\/table>\n","protected":false},"excerpt":{"rendered":"<p>In linea con gli indirizzi comunitari il\u00a0CIRD\u00a0 stipula convenzioni e accordi internazionali promuovendo la collaborazione tra centri di ricerca, dipartimenti e universit\u00e0. In questa sezione \u00e8 possibile conoscere le convenzioni e gli accordi internazionali attualmente attivi. Nell&#8217;area\u00a0collaborazioni\u00a0sono contenute tutte le informazioni\u00a0utili per la realizzazione di tirocini e stage e\u00a0le modalit\u00e0 per richiedere\u00a0altre forme di collaborazione.\u00a0Inoltre \u00e8 presente un&#8217;area in cui \u00e8 possibile scaricare i bandi di selezione.Il CIRD \u00e8 membro dell&#8217;Associazione &#8220;Scuola Democratica&#8221; che cura l&#8217;edizione dell&#8217;omonima rivista (rivista Multidisciplinare di Fasca A per l&#8217;Area 11 e l&#8217;Area 14) per &#8220;Il Mulino&#8221;: L&#8217;Associazione per la Scuola Democratica riunisce enti pubblici <a href='https:\/\/people.unica.it\/cird\/partnership\/' class='excerpt-more'>[&#8230;]<\/a><\/p>\n","protected":false},"author":526,"featured_media":0,"parent":0,"menu_order":0,"comment_status":"closed","ping_status":"closed","template":"","meta":{"footnotes":""},"class_list":["post-1283","page","type-page","status-publish","hentry","post-seq-1","post-parity-odd","meta-position-corners","fix"],"_links":{"self":[{"href":"https:\/\/people.unica.it\/cird\/wp-json\/wp\/v2\/pages\/1283","targetHints":{"allow":["GET"]}}],"collection":[{"href":"https:\/\/people.unica.it\/cird\/wp-json\/wp\/v2\/pages"}],"about":[{"href":"https:\/\/people.unica.it\/cird\/wp-json\/wp\/v2\/types\/page"}],"author":[{"embeddable":true,"href":"https:\/\/people.unica.it\/cird\/wp-json\/wp\/v2\/users\/526"}],"replies":[{"embeddable":true,"href":"https:\/\/people.unica.it\/cird\/wp-json\/wp\/v2\/comments?post=1283"}],"version-history":[{"count":12,"href":"https:\/\/people.unica.it\/cird\/wp-json\/wp\/v2\/pages\/1283\/revisions"}],"predecessor-version":[{"id":2025,"href":"https:\/\/people.unica.it\/cird\/wp-json\/wp\/v2\/pages\/1283\/revisions\/2025"}],"wp:attachment":[{"href":"https:\/\/people.unica.it\/cird\/wp-json\/wp\/v2\/media?parent=1283"}],"curies":[{"name":"wp","href":"https:\/\/api.w.org\/{rel}","templated":true}]}}