{"id":1551,"date":"2012-10-16T11:12:35","date_gmt":"2012-10-16T11:12:35","guid":{"rendered":"http:\/\/people.unica.it\/centroqualita\/?page_id=1551"},"modified":"2012-10-16T11:24:05","modified_gmt":"2012-10-16T11:24:05","slug":"materiale-didattico","status":"publish","type":"page","link":"https:\/\/people.unica.it\/centroqualita\/attivita\/attivita-formative\/corsi-di-formazione\/corso-per-autovalutatori-2011\/materiale-didattico\/","title":{"rendered":"Materiale didattico"},"content":{"rendered":"<p><a href=\"http:\/\/people.unica.it\/centroqualita\/files\/2012\/10\/Modello_CRUI_CdS_Rev.1.pdf\">Modello CRUI per l\u2019Assicurazione della Qualit\u00e0 dei Corsi di Studio universitari<\/a><\/p>\n<p>&nbsp;<\/p>\n<p><a href=\"http:\/\/people.unica.it\/centroqualita\/files\/2012\/10\/Guida_RAV_CRUI_CdS_Rev.1.pdf\">Guida alla compilazione del Rapporto di Autovalutazione<\/a><\/p>\n<p>&nbsp;<\/p>\n<p><a href=\"http:\/\/people.unica.it\/centroqualita\/files\/2012\/10\/Ca_-_Qualit_a_e_AQ_CdS.pdf\">Qualit\u00e0 e Assicurazione della Qualit\u00e0 dei CdS<\/a><\/p>\n<p>&nbsp;<\/p>\n<p><a href=\"http:\/\/people.unica.it\/centroqualita\/files\/2012\/10\/Ca_-_Modello.pdf\">Modello per l\u2019Assicurazione della Qualit\u00e0 dei Corsi di Studio universitari<\/a><\/p>\n<p>&nbsp;<\/p>\n<p><a href=\"http:\/\/people.unica.it\/centroqualita\/files\/2012\/10\/Ca_Area_A_-_Fabbisogni_e_Obiettivi.pdf\">Area A &#8211; Fabbisogni formativi<\/a><\/p>\n<p>&nbsp;<\/p>\n<p><a href=\"http:\/\/people.unica.it\/centroqualita\/files\/2012\/10\/Ca_Area_B_-_Percorso_formativo.pdf\">Area B &#8211; Percorso formativo<\/a><\/p>\n<p>&nbsp;<\/p>\n<p><a href=\"http:\/\/people.unica.it\/centroqualita\/files\/2012\/10\/Ca_Area_C_-_Risorse.pdf\">Area C &#8211; Risorse<\/a><\/p>\n<p>&nbsp;<\/p>\n<p><a href=\"http:\/\/people.unica.it\/centroqualita\/files\/2012\/10\/Ca_Area_D_-_Monitoraggio.pdf\">Area D &#8211; Monitoraggio<\/a><\/p>\n<p>&nbsp;<\/p>\n<p><a href=\"http:\/\/people.unica.it\/centroqualita\/files\/2012\/10\/Ca_Area_E_-_Sistema_di_gestione.pdf\">Area E &#8211; Sistema di gestione<\/a><\/p>\n<p>&nbsp;<\/p>\n<p><a href=\"http:\/\/people.unica.it\/centroqualita\/files\/2012\/10\/Documentazione.pdf\">Documentazione<\/a><\/p>\n<p>&nbsp;<\/p>\n<p><a href=\"http:\/\/people.unica.it\/centroqualita\/files\/2012\/10\/Requisiti__criteri_e_indicatori1.pdf\">Requisiti, criteri e indicatori<\/a><\/p>\n","protected":false},"excerpt":{"rendered":"<p>Modello CRUI per l\u2019Assicurazione della Qualit\u00e0 dei Corsi di Studio universitari &nbsp; Guida alla compilazione del Rapporto di Autovalutazione &nbsp; Qualit\u00e0 e Assicurazione della Qualit\u00e0 dei CdS &nbsp; Modello per l\u2019Assicurazione della Qualit\u00e0 dei Corsi di Studio universitari &nbsp; Area A &#8211; Fabbisogni formativi &nbsp; Area B &#8211; Percorso formativo &nbsp; Area C &#8211; Risorse &nbsp; Area D &#8211; Monitoraggio &nbsp; Area E &#8211; Sistema di gestione &nbsp; Documentazione &nbsp; Requisiti, criteri e indicatori<\/p>\n","protected":false},"author":478,"featured_media":0,"parent":1537,"menu_order":0,"comment_status":"closed","ping_status":"closed","template":"","meta":{"footnotes":""},"class_list":["post-1551","page","type-page","status-publish","hentry","post-seq-1","post-parity-odd","meta-position-corners","fix"],"_links":{"self":[{"href":"https:\/\/people.unica.it\/centroqualita\/wp-json\/wp\/v2\/pages\/1551","targetHints":{"allow":["GET"]}}],"collection":[{"href":"https:\/\/people.unica.it\/centroqualita\/wp-json\/wp\/v2\/pages"}],"about":[{"href":"https:\/\/people.unica.it\/centroqualita\/wp-json\/wp\/v2\/types\/page"}],"author":[{"embeddable":true,"href":"https:\/\/people.unica.it\/centroqualita\/wp-json\/wp\/v2\/users\/478"}],"replies":[{"embeddable":true,"href":"https:\/\/people.unica.it\/centroqualita\/wp-json\/wp\/v2\/comments?post=1551"}],"version-history":[{"count":4,"href":"https:\/\/people.unica.it\/centroqualita\/wp-json\/wp\/v2\/pages\/1551\/revisions"}],"predecessor-version":[{"id":1556,"href":"https:\/\/people.unica.it\/centroqualita\/wp-json\/wp\/v2\/pages\/1551\/revisions\/1556"}],"up":[{"embeddable":true,"href":"https:\/\/people.unica.it\/centroqualita\/wp-json\/wp\/v2\/pages\/1537"}],"wp:attachment":[{"href":"https:\/\/people.unica.it\/centroqualita\/wp-json\/wp\/v2\/media?parent=1551"}],"curies":[{"name":"wp","href":"https:\/\/api.w.org\/{rel}","templated":true}]}}