{"id":774,"date":"2014-10-09T16:13:58","date_gmt":"2014-10-09T15:13:58","guid":{"rendered":"http:\/\/people.unica.it\/celcam\/?page_id=774"},"modified":"2014-10-16T13:44:02","modified_gmt":"2014-10-16T12:44:02","slug":"laboratorio-di-montaggio-2014","status":"publish","type":"page","link":"https:\/\/people.unica.it\/celcam\/attivita\/laboratorio-di-montaggio-2014\/","title":{"rendered":"Laboratorio di montaggio 2014"},"content":{"rendered":"<p>&nbsp;<\/p>\n<p><strong>Laboratorio di montaggio<\/strong><\/p>\n<p>Corso di primo livello sull\u2019uso di software professionale in ambiente PC e Mac<\/p>\n<p>&nbsp;<\/p>\n<p><img decoding=\"async\" class=\"alignleft wp-image-794 size-medium\" src=\"http:\/\/people.unica.it\/celcam\/files\/2014\/10\/montaggio-300x145.jpg\" alt=\"montaggio\" width=\"300\" height=\"145\" srcset=\"https:\/\/people.unica.it\/celcam\/files\/2014\/10\/montaggio-300x145.jpg 300w, https:\/\/people.unica.it\/celcam\/files\/2014\/10\/montaggio-1024x498.jpg 1024w\" sizes=\"(max-width: 300px) 100vw, 300px\" \/>Il CELCAM dell\u2019Universit\u00e0 di Cagliari e il circolo cinematografico universitario Notorius promuovono, con il contributo dell\u2019Universit\u00e0 e dell\u2019ERSU, un laboratorio di montaggio incentrato principalmente sull\u2019uso di Adobe Premiere in ambiente PC e Mac. Per gli utenti Mac sono previsti anche cenni sul funzionamento di FinalCut.<\/p>\n<p>Il corso, della durata complessiva di 35 ore suddivise in 10 incontri di 3,5 ore, \u00e8 rivolto a principianti che comunque abbiano gi\u00e0 delle nozioni di montaggio acquisite con la frequenza di corsi universitari e altri laboratori o anche solo con la pratica da autodidatta. Il programma \u00e8 interamente impostato su aspetti operativi e i riferimenti teorici sono limitati allo stretto necessario.<\/p>\n<p>Docente del laboratorio \u00e8 Andrea Lotta, montatore e regista documentarista, abituale collaboratore del CELCAM e del Corso di laurea in Scienze della comunicazione per cui cura la realizzazione dei materiali audiovisivi. Andrea Lotta \u00e8 uno dei montatori pi\u00f9 prestigiosi che operano in Sardegna e ha all\u2019attivo numerosi documentari, spot pubblicitari e corto e lungometraggi. Fra i suoi lavori di montaggio si ricordano:\u00a0<em>Tajabone<\/em>, per la regia di Salvatore Mereu, premiato al Festival di Venezia nel 2010; <em>Il rosa nudo<\/em>, per la regia di Giovanni Coda, premiato nei festival di Seattle, nel 2013, \u00a0e Gotheborg, Columbus e Melbourne nel 2014; <em>Tutte le storie di Piera<\/em>, per\u00a0la regia di Peter Marcias,\u00a0Nastro d&#8217;argento nel 2013. Attualmente lavora al montaggio dell&#8217;<em>Accabadora<\/em>, il film che Enrico Pau sta girando in questi mesi.<\/p>\n<p>Il corso inizia il 13\u00a0novembre 2014 alle 16.00 e prosegue con un\u00a0incontro settimanale di gioved\u00ec dalle 16.00 alle 19.30\u00a0fino al 29\u00a0gennaio 2015.<\/p>\n<p>Ai partecipanti verr\u00e0 rilasciato da parte del CELCAM un attesto col\u00a0riconosciuto di due\u00a0crediti formativi di tipo F che gli studenti potranno eventualmente far valere nel loro piano di studi nei termini stabiliti dai regolamenti dei diversi corsi di laurea.<\/p>\n<p>L\u2019attivit\u00e0 \u00e8 aperta a un numero massimo di 12 persone e si svolge presso il laboratorio di cinema e multimedialit\u00e0 &#8220;Vittorio De Seta&#8221; della Facolt\u00e0 di studi umanistici dotato di numerose\u00a0postazioni di montaggio professionale (PC e Mac). I partecipanti di norma avranno a\u00a0disposizione una macchina ogni tre persone e, nel caso di necessit\u00e0, potranno usare una macchina individualmente.<\/p>\n<p>Qualora entro la data scadenza delle iscrizioni il numero delle richieste di partecipazione fosse superiore ai posti disponibili si far\u00e0 una selezione in base alle informazioni fornite nel modulo di iscrizione.\u00a0Gli ammessi al laboratorio riceveranno informazioni dettagliate per formalizzare l&#8217;iscrizione prima dell&#8217;inizio delle attivit\u00e0.<\/p>\n<p>&nbsp;<\/p>\n<p><strong>Modalit\u00e0 e quota di iscrizione:<\/strong><\/p>\n<p>Per partecipare al corso bisogna iscriversi al circolo universitario cinematografico Notorius. La quota di iscrizione annua all\u2019associazione \u00e8 di 10 euro.<\/p>\n<p>Le quote di iscrizione al laboratorio sono:<\/p>\n<p>&#8211; 110 euro studenti (sia universitari che di istituti superiori)<\/p>\n<p>&#8211; 220 euro non studenti.<\/p>\n<p><strong>Data di scadenza delle iscrizioni: 31 ottobre\u00a02014<\/strong><\/p>\n<p>&nbsp;<\/p>\n<p><a href=\"http:\/\/www.cuc-notorius.it\/iscrizione-ai-corsi-notorius-2012\/\" target=\"_blank\"><strong>ISCRIZIONI<\/strong><\/a><\/p>\n<p>&nbsp;<\/p>\n\n\t\t<div id=\"usermessage7a\" class=\"cf_info \"><\/div><strong>No more submissions accepted at this time.<\/strong>\n","protected":false},"excerpt":{"rendered":"<p>&nbsp; Laboratorio di montaggio Corso di primo livello sull\u2019uso di software professionale in ambiente PC e Mac &nbsp; Il CELCAM dell\u2019Universit\u00e0 di Cagliari e il circolo cinematografico universitario Notorius promuovono, con il contributo dell\u2019Universit\u00e0 e dell\u2019ERSU, un laboratorio di montaggio incentrato principalmente sull\u2019uso di Adobe Premiere in ambiente PC e Mac. Per gli utenti Mac sono previsti anche cenni sul funzionamento di FinalCut. Il corso, della durata complessiva di 35 ore suddivise in 10 incontri di 3,5 ore, \u00e8 rivolto a principianti che comunque abbiano gi\u00e0 delle nozioni di montaggio acquisite con la frequenza di corsi universitari e altri laboratori <a href='https:\/\/people.unica.it\/celcam\/attivita\/laboratorio-di-montaggio-2014\/' class='excerpt-more'>[&#8230;]<\/a><\/p>\n","protected":false},"author":274,"featured_media":0,"parent":8,"menu_order":0,"comment_status":"open","ping_status":"open","template":"","meta":{"footnotes":""},"class_list":["post-774","page","type-page","status-publish","hentry","post-seq-1","post-parity-odd","meta-position-corners","fix"],"_links":{"self":[{"href":"https:\/\/people.unica.it\/celcam\/wp-json\/wp\/v2\/pages\/774","targetHints":{"allow":["GET"]}}],"collection":[{"href":"https:\/\/people.unica.it\/celcam\/wp-json\/wp\/v2\/pages"}],"about":[{"href":"https:\/\/people.unica.it\/celcam\/wp-json\/wp\/v2\/types\/page"}],"author":[{"embeddable":true,"href":"https:\/\/people.unica.it\/celcam\/wp-json\/wp\/v2\/users\/274"}],"replies":[{"embeddable":true,"href":"https:\/\/people.unica.it\/celcam\/wp-json\/wp\/v2\/comments?post=774"}],"version-history":[{"count":8,"href":"https:\/\/people.unica.it\/celcam\/wp-json\/wp\/v2\/pages\/774\/revisions"}],"predecessor-version":[{"id":796,"href":"https:\/\/people.unica.it\/celcam\/wp-json\/wp\/v2\/pages\/774\/revisions\/796"}],"up":[{"embeddable":true,"href":"https:\/\/people.unica.it\/celcam\/wp-json\/wp\/v2\/pages\/8"}],"wp:attachment":[{"href":"https:\/\/people.unica.it\/celcam\/wp-json\/wp\/v2\/media?parent=774"}],"curies":[{"name":"wp","href":"https:\/\/api.w.org\/{rel}","templated":true}]}}