{"id":565,"date":"2011-10-14T21:21:58","date_gmt":"2011-10-14T20:21:58","guid":{"rendered":"http:\/\/people.unica.it\/celcam\/?page_id=565"},"modified":"2011-10-28T11:20:14","modified_gmt":"2011-10-28T10:20:14","slug":"corso-di-regia-2011","status":"publish","type":"page","link":"https:\/\/people.unica.it\/celcam\/attivita\/laboratori-celcam-2011\/corso-di-regia-2011\/","title":{"rendered":"Laboratorio di Regia 2011"},"content":{"rendered":"<p>&nbsp;<\/p>\n<p><strong>Corso di regia a cura di Marco Antonio Pani<br \/>\n<\/strong><\/p>\n<p>Il corso \u00e8 organizzato dal circolo universitario cinematografico Notorius e dal CELCAM con il contributo dell&#8217;Universit\u00e0 e dell\u2019ERSU di Cagliari. Ha una durata complessiva di 50 ore e si svolge principalmente nell\u2019arco di due mesi fra fine novembre 2011 e gennaio2011 con incontri di 4 ore generalmente di pomeriggio. Il calendario esatto verr\u00e0 pubblicato quanto prima.<\/p>\n<p>Per la partecipazione al laboratorio non \u00e8 richiesta una specifica competenze ma \u00e8 necessario avere una conoscenza di base del campo del linguaggio cinematografico (partecipazione ad altri laboratori, frequenza di corsi universitari\u2026).<\/p>\n<p>L\u2019attivit\u00e0 formativa si svolger\u00e0 privilegiando gli aspetti pratici del fare cinema e il programma prevede la progettazione e la realizzazione di un cortometraggio in tutte le sue fasi: scrittura di soggetto e sceneggiatura, casting, scelta del set, riprese, montaggio e presentazione al pubblico.<\/p>\n<p>Il corso \u00e8 tenuto dal regista Marco Antonio Pani.<br \/>\nDopo aver iniziato\u00a0 lavoare nel campo del cinema come documentarista a Cagliari, Marco Antonio Pani si trasferisce a Barcellona dove consegue il diploma di regia e di direzione della fotografia al Centre d\u2019Estudis Cinematogr\u00e0fics de Catalunya (CECC). Nella citt\u00e0 catalana \u00e8 docente di regia cinematografica in diversi corsi universitari sin dal 2002. \u00c8 autore di diversi film, fra cui <em>Chinotto<\/em> (cortometraggio, 2000), <em>Las puertas del mundo ni\u00f1o<\/em> (cortometraggio, 2002), <em>Els Pintors Catalans a Sardenya<\/em> (docufiction, 2004), <em>Panas<\/em> (fiction, 2006), <em>Arturo torna dal Brasile<\/em> (documentario, 2010), premiati in festival nazionali e internazionali.<\/p>\n<p>Il corso \u00e8 aperto a un numero massimo di 15 iscritti, qualora entro la data scadenza delle iscrizioni il numero fosse superiore si far\u00e0 una selezione in base alle informazioni fornite nel modulo di iscrizione.<\/p>\n<p>Modalit\u00e0 e quota di iscrizione:<\/p>\n<p>Per partecipare al corso bisogna iscriversi al circolo universitario cinematografico Notorius. La quota di iscrizione annua all\u2019associazione \u00e8 di 20 euro.<\/p>\n<p>Le quote di iscrizione al laboratorio sono:<\/p>\n<p>&#8211; 100 euro studenti<\/p>\n<p>&#8211; 300 euro non studenti.<\/p>\n<p><strong>Data di scadenza delle iscrizioni: 30 ottobre 2011<br \/>\n<\/strong><\/p>\n<p><strong>DOMANDA DI AMMISSIONE<\/strong><br \/>\n(Gli ammessi riceveranno indicazioni per l&#8217;iscrizione all&#8217;associazione e per il pagamento della quota<strong>)<\/strong><\/p>\n\n\t\t<div id=\"usermessage4a\" class=\"cf_info \"><\/div><strong>No more submissions accepted at this time.<\/strong>\n<p>&nbsp;<\/p>\n","protected":false},"excerpt":{"rendered":"<p>&nbsp; Corso di regia a cura di Marco Antonio Pani Il corso \u00e8 organizzato dal circolo universitario cinematografico Notorius e dal CELCAM con il contributo dell&#8217;Universit\u00e0 e dell\u2019ERSU di Cagliari. Ha una durata complessiva di 50 ore e si svolge principalmente nell\u2019arco di due mesi fra fine novembre 2011 e gennaio2011 con incontri di 4 ore generalmente di pomeriggio. Il calendario esatto verr\u00e0 pubblicato quanto prima. Per la partecipazione al laboratorio non \u00e8 richiesta una specifica competenze ma \u00e8 necessario avere una conoscenza di base del campo del linguaggio cinematografico (partecipazione ad altri laboratori, frequenza di corsi universitari\u2026). L\u2019attivit\u00e0 formativa <a href='https:\/\/people.unica.it\/celcam\/attivita\/laboratori-celcam-2011\/corso-di-regia-2011\/' class='excerpt-more'>[&#8230;]<\/a><\/p>\n","protected":false},"author":274,"featured_media":0,"parent":550,"menu_order":0,"comment_status":"closed","ping_status":"closed","template":"","meta":{"footnotes":""},"class_list":["post-565","page","type-page","status-publish","hentry","post-seq-1","post-parity-odd","meta-position-corners","fix"],"_links":{"self":[{"href":"https:\/\/people.unica.it\/celcam\/wp-json\/wp\/v2\/pages\/565","targetHints":{"allow":["GET"]}}],"collection":[{"href":"https:\/\/people.unica.it\/celcam\/wp-json\/wp\/v2\/pages"}],"about":[{"href":"https:\/\/people.unica.it\/celcam\/wp-json\/wp\/v2\/types\/page"}],"author":[{"embeddable":true,"href":"https:\/\/people.unica.it\/celcam\/wp-json\/wp\/v2\/users\/274"}],"replies":[{"embeddable":true,"href":"https:\/\/people.unica.it\/celcam\/wp-json\/wp\/v2\/comments?post=565"}],"version-history":[{"count":10,"href":"https:\/\/people.unica.it\/celcam\/wp-json\/wp\/v2\/pages\/565\/revisions"}],"predecessor-version":[{"id":715,"href":"https:\/\/people.unica.it\/celcam\/wp-json\/wp\/v2\/pages\/565\/revisions\/715"}],"up":[{"embeddable":true,"href":"https:\/\/people.unica.it\/celcam\/wp-json\/wp\/v2\/pages\/550"}],"wp:attachment":[{"href":"https:\/\/people.unica.it\/celcam\/wp-json\/wp\/v2\/media?parent=565"}],"curies":[{"name":"wp","href":"https:\/\/api.w.org\/{rel}","templated":true}]}}