{"id":414,"date":"2010-05-07T22:51:25","date_gmt":"2010-05-07T21:51:25","guid":{"rendered":"http:\/\/people.unica.it\/celcam\/?page_id=414"},"modified":"2010-05-08T12:53:31","modified_gmt":"2010-05-08T11:53:31","slug":"i-seminari-del-celcam","status":"publish","type":"page","link":"https:\/\/people.unica.it\/celcam\/attivita\/i-seminari-del-celcam\/","title":{"rendered":"I seminari del CELCAM"},"content":{"rendered":"<p><a href=\"http:\/\/people.unica.it\/celcam\/files\/2010\/05\/RomaCittaAperta_bis.jpg\"><img decoding=\"async\" class=\"alignleft size-medium wp-image-401\" style=\"margin-left: 5px;margin-right: 5px\" title=\"RomaCittaAperta_bis\" src=\"http:\/\/people.unica.it\/celcam\/files\/2010\/05\/RomaCittaAperta_bis-246x300.jpg\" alt=\"\" width=\"246\" height=\"300\" srcset=\"https:\/\/people.unica.it\/celcam\/files\/2010\/05\/RomaCittaAperta_bis-246x300.jpg 246w, https:\/\/people.unica.it\/celcam\/files\/2010\/05\/RomaCittaAperta_bis.jpg 584w\" sizes=\"(max-width: 246px) 100vw, 246px\" \/><\/a>Una riflessione originale sul cinema neorealista viene proposta da <strong>Francesco  Pitassio <\/strong>nel seminario in programma alla Facolt\u00e0 di Scienze della  formazione il 6 e il 7 maggio 2010.<br \/>\nFrancesco Pitassio \u00e8 docente di  storia del cinema alla facolt\u00e0 di Lingue dell&#8217;Universit\u00e0 di Udine e   autore del volume <strong>Il cinema neorealista<\/strong> appena pubblicato da  Archetipolibri di Bologna.  Gli incontri, organizzati in collaborazione  con il Dipartimento di Studi storici, geografici e artistici,  si  tengono nell&#8217;aula 6 dalle ore 16.<\/p>\n<p>Il rapporto fra <strong>cinema e  musica <\/strong>viene invece approfondito nel seminario in programma il 13 e  il 14 maggio 2010 sempre alla Facolt\u00e0 di scienze della formazione. In  questa occasione studiosi di cinema e musica si confronteranno a partire  da due volumi scritti rispettivamente da <strong>Roberto Calabretto <\/strong>(<strong>Lo  schermo sonoro<\/strong>. La musica per film, Marsilio, Venezia) e <strong>Sergio  Miceli <\/strong>(<strong>Musica per film<\/strong>. I Storia; II Estetica &#8211; Analisi; III  Tipologie, Ricordi-LIM,  2009).<br \/>\nParteciperanno al seminario, oltre gli  autori dei libri anche  <strong>Giovanni De Mezzo<\/strong>, Universit\u00e0 di Udine, <strong>Antonio  Trudu<\/strong>, <strong>David Bruni <\/strong>e <strong>Antioco Floris <\/strong>dell&#8217;Universit\u00e0  di Cagliari. Il seminario si tiene nell&#8217;aula magna Motzo della Facolt\u00e0  di Scienze della formazione dalle ore 16.<\/p>\n","protected":false},"excerpt":{"rendered":"<p>Una riflessione originale sul cinema neorealista viene proposta da Francesco Pitassio nel seminario in programma alla Facolt\u00e0 di Scienze della formazione il 6 e il 7 maggio 2010. Francesco Pitassio \u00e8 docente di storia del cinema alla facolt\u00e0 di Lingue dell&#8217;Universit\u00e0 di Udine e autore del volume Il cinema neorealista appena pubblicato da Archetipolibri di Bologna. Gli incontri, organizzati in collaborazione con il Dipartimento di Studi storici, geografici e artistici, si tengono nell&#8217;aula 6 dalle ore 16. Il rapporto fra cinema e musica viene invece approfondito nel seminario in programma il 13 e il 14 maggio 2010 sempre alla Facolt\u00e0 <a href='https:\/\/people.unica.it\/celcam\/attivita\/i-seminari-del-celcam\/' class='excerpt-more'>[&#8230;]<\/a><\/p>\n","protected":false},"author":274,"featured_media":0,"parent":8,"menu_order":0,"comment_status":"open","ping_status":"open","template":"","meta":{"footnotes":""},"class_list":["post-414","page","type-page","status-publish","hentry","category-1-id","post-seq-1","post-parity-odd","meta-position-corners","fix"],"_links":{"self":[{"href":"https:\/\/people.unica.it\/celcam\/wp-json\/wp\/v2\/pages\/414","targetHints":{"allow":["GET"]}}],"collection":[{"href":"https:\/\/people.unica.it\/celcam\/wp-json\/wp\/v2\/pages"}],"about":[{"href":"https:\/\/people.unica.it\/celcam\/wp-json\/wp\/v2\/types\/page"}],"author":[{"embeddable":true,"href":"https:\/\/people.unica.it\/celcam\/wp-json\/wp\/v2\/users\/274"}],"replies":[{"embeddable":true,"href":"https:\/\/people.unica.it\/celcam\/wp-json\/wp\/v2\/comments?post=414"}],"version-history":[{"count":4,"href":"https:\/\/people.unica.it\/celcam\/wp-json\/wp\/v2\/pages\/414\/revisions"}],"predecessor-version":[{"id":423,"href":"https:\/\/people.unica.it\/celcam\/wp-json\/wp\/v2\/pages\/414\/revisions\/423"}],"up":[{"embeddable":true,"href":"https:\/\/people.unica.it\/celcam\/wp-json\/wp\/v2\/pages\/8"}],"wp:attachment":[{"href":"https:\/\/people.unica.it\/celcam\/wp-json\/wp\/v2\/media?parent=414"}],"curies":[{"name":"wp","href":"https:\/\/api.w.org\/{rel}","templated":true}]}}

<p><a href="http://people.unica.it/celcam/files/2010/05/RomaCittaAperta_bis.jpg"><img decoding="async" class="alignleft size-medium wp-image-401" style="margin-left: 5px;margin-right: 5px" title="RomaCittaAperta_bis" src="http://people.unica.it/celcam/files/2010/05/RomaCittaAperta_bis-246x300.jpg" alt="" width="246" height="300" srcset="https://people.unica.it/celcam/files/2010/05/RomaCittaAperta_bis-246x300.jpg 246w, https://people.unica.it/celcam/files/2010/05/RomaCittaAperta_bis.jpg 584w" sizes="(max-width: 246px) 100vw, 246px" /></a>Una riflessione originale sul cinema neorealista viene proposta da <strong>Francesco  Pitassio </strong>nel seminario in programma alla Facoltà di Scienze della  formazione il 6 e il 7 maggio 2010.<br />
Francesco Pitassio è docente di  storia del cinema alla facoltà di Lingue dell&#8217;Università di Udine e   autore del volume <strong>Il cinema neorealista</strong> appena pubblicato da  Archetipolibri di Bologna.  Gli incontri, organizzati in collaborazione  con il Dipartimento di Studi storici, geografici e artistici,  si  tengono nell&#8217;aula 6 dalle ore 16.</p>
<p>Il rapporto fra <strong>cinema e  musica </strong>viene invece approfondito nel seminario in programma il 13 e  il 14 maggio 2010 sempre alla Facoltà di scienze della formazione. In  questa occasione studiosi di cinema e musica si confronteranno a partire  da due volumi scritti rispettivamente da <strong>Roberto Calabretto </strong>(<strong>Lo  schermo sonoro</strong>. La musica per film, Marsilio, Venezia) e <strong>Sergio  Miceli </strong>(<strong>Musica per film</strong>. I Storia; II Estetica &#8211; Analisi; III  Tipologie, Ricordi-LIM,  2009).<br />
Parteciperanno al seminario, oltre gli  autori dei libri anche  <strong>Giovanni De Mezzo</strong>, Università di Udine, <strong>Antonio  Trudu</strong>, <strong>David Bruni </strong>e <strong>Antioco Floris </strong>dell&#8217;Università  di Cagliari. Il seminario si tiene nell&#8217;aula magna Motzo della Facoltà  di Scienze della formazione dalle ore 16.</p>

<p>Una riflessione originale sul cinema neorealista viene proposta da Francesco Pitassio nel seminario in programma alla Facoltà di Scienze della formazione il 6 e il 7 maggio 2010. Francesco Pitassio è docente di storia del cinema alla facoltà di Lingue dell&#8217;Università di Udine e autore del volume Il cinema neorealista appena pubblicato da Archetipolibri di Bologna. Gli incontri, organizzati in collaborazione con il Dipartimento di Studi storici, geografici e artistici, si tengono nell&#8217;aula 6 dalle ore 16. Il rapporto fra cinema e musica viene invece approfondito nel seminario in programma il 13 e il 14 maggio 2010 sempre alla Facoltà <a href='https://people.unica.it/celcam/attivita/i-seminari-del-celcam/' class='excerpt-more'>[&#8230;]</a></p>
