{"id":332,"date":"2010-02-16T20:47:14","date_gmt":"2010-02-16T19:47:14","guid":{"rendered":"http:\/\/people.unica.it\/celcam\/?page_id=332"},"modified":"2010-02-16T20:47:14","modified_gmt":"2010-02-16T19:47:14","slug":"lunione-sarda-16-02-2010","status":"publish","type":"page","link":"https:\/\/people.unica.it\/celcam\/rassegna-stampa\/lunione-sarda-16-02-2010\/","title":{"rendered":"L&#8217;Unione sarda &#8211; 16-02-2010"},"content":{"rendered":"<h5>L&#8217;UNIONE SARDA<br \/>\nMarted\u00ec 16 febbraio 2010<\/h5>\n<h5><a title=\"Torna alla pagina\" href=\"http:\/\/giornaleonline.unionesarda.ilsole24ore.com\/Sfogliatore.aspx?Data=20100216&amp;Categ=6&amp;Voce=1\">Economia e Lavoro<\/a><\/h5>\n<h3>Gli esperti in conservazione dei prodotti audio-video potranno lavorare nelle mediateche dell&#8217;Isola<\/h3>\n<h3><strong>I NUOVI SBOCCHI DELL&#8217;INFORMATICA<\/strong><\/h3>\n<h3>AL VIA IL MASTER PER RECUPERARE I FILE MULTIMEDIALI<\/h3>\n<p><span style=\"color: #ffffff\">.<\/span><\/p>\n<p>L&#8217;universit\u00e0 di Cagliari ha organizzato un master di primo livello per esperti in gestione, conservazione e restauro di prodotti audiovisivi e multimediali.                                                                                 <a title=\"Vedi le altre foto\" href=\"http:\/\/giornaleonline.unionesarda.ilsole24ore.com\/Gallery.aspx?Data=20100216&amp;Categ=6&amp;Voce=1&amp;IdArticolo=2430134&amp;IdFoto=715905\"> <\/a> F                                                                                                    ilm, immagini e prodotti multimediali sono ormai molto diffusi ma pochi sono ancora i professionisti che si occupano della loro raccolta e conservazione. Per questo la facolt\u00e0 di Scienze della formazione dell&#8217;Universit\u00e0 di Cagliari ha organizzato un master di primo livello per esperti in gestione, conservazione e restauro dei prodotti audiovisivi e multimediali.<br \/>\n<strong>OBIETTIVI<\/strong> Il master si propone di formare operatori esperti nella conduzione di moderni centri culturali e di archivi. Queste strutture, infatti, negli ultimi anni si sono costituite, pur con caratteristiche diverse, un po&#8217; ovunque man mano che le nuove tecnologie sono state sempre pi\u00f9 presenti nella produzione dei beni culturali, ma anche con il riconoscimento del valore culturale dei prodotti audiovisivi e multimediali. Le molte mediateche oggi esistenti operano solo nella raccolta e diffusione di materiale e solo pochissime, come la Cineteca sarda e l&#8217;Istituto etnografico, conservano materiali originali e d&#8217;archivio anche di notevole importanza nel contesto mondiale. Negli anni recenti, per\u00f2, si sta sviluppando una nuova consapevolezza, anche in relazione ai risvolti economici, verso questi prodotti, cosa che fa ritenere che le mediateche decentrate possano svolgere nei prossimi anni un ruolo nuovo nella raccolta e valorizzazione di materiali audiovisivi legati al territorio.<br \/>\n<strong>DISCIPLINE<\/strong> Per operare in questi ambiti sono necessarie competenze di ordine storico, metodologico, biblioteconomico, del restauro e della conservazione. Tra le discipline che saranno insegnate durante il master, ci sono quindi l&#8217;organizzazione e la gestione di archivi del film e mediateche, la storia del cinema e della televisione in Sardegna, le pratiche contemporanee dell&#8217;immagine multimediale, le tecniche di descrizione, schedatura, catalogazione e archiviazione di opere audiovisive e multimediali. I partecipanti (che saranno al massimo 25) studieranno anche i principi di conservazione del film, la teoria e la tecnica del restauro, i problemi di filologia del cinema e degli audiovisivi, gli elementi di restauro digitale, l&#8217;utilizzo di software per l&#8217;archiviazione, il restauro e l&#8217;edizione digitale di questi materiali. Previsti anche una serie di laboratori.<br \/>\n<strong>REQUISTI<\/strong> Per essere ammessi al master, che sar\u00e0 gestito dal corso di laurea in Scienze della comunicazione (Celcam), \u00e8 richiesta la laurea di primo livello (triennale) o superiore (magistrale o specialistica), o laurea di vecchio ordinamento in una qualsiasi disciplina. Per la partecipazione come uditori \u00e8 sufficiente il diploma di istruzione superiore e lo svolgimento di attivit\u00e0 in strutture operanti nel settore in oggetto. Il master avr\u00e0 una durata di 360 ore, a cui si aggiungono 80 ore di tirocinio in azienda, e si svolger\u00e0 da marzo a settembre. Partner dell&#8217;iniziativa sono la Regione sarda, l&#8217;Istituto superiore regionale etnografico, la Cineteca sarda-societ\u00e0 umanitaria, l&#8217;Universit\u00e0 di Udine, Dams cinema e laboratorio La camera ottica, film and video restoration, sede di Gorizia. Info sul sito www.celcam.it, mastercinema.unica@gmail.com.<br \/>\n<strong>ANNALISA BERNARDINI<\/strong><\/p>\n","protected":false},"excerpt":{"rendered":"<p>L&#8217;UNIONE SARDA Marted\u00ec 16 febbraio 2010 Economia e Lavoro Gli esperti in conservazione dei prodotti audio-video potranno lavorare nelle mediateche dell&#8217;Isola I NUOVI SBOCCHI DELL&#8217;INFORMATICA AL VIA IL MASTER PER RECUPERARE I FILE MULTIMEDIALI . L&#8217;universit\u00e0 di Cagliari ha organizzato un master di primo livello per esperti in gestione, conservazione e restauro di prodotti audiovisivi e multimediali. F ilm, immagini e prodotti multimediali sono ormai molto diffusi ma pochi sono ancora i professionisti che si occupano della loro raccolta e conservazione. Per questo la facolt\u00e0 di Scienze della formazione dell&#8217;Universit\u00e0 di Cagliari ha organizzato un master di primo livello per <a href='https:\/\/people.unica.it\/celcam\/rassegna-stampa\/lunione-sarda-16-02-2010\/' class='excerpt-more'>[&#8230;]<\/a><\/p>\n","protected":false},"author":274,"featured_media":0,"parent":192,"menu_order":0,"comment_status":"open","ping_status":"open","template":"","meta":{"footnotes":""},"class_list":["post-332","page","type-page","status-publish","hentry","category-1-id","post-seq-1","post-parity-odd","meta-position-corners","fix"],"_links":{"self":[{"href":"https:\/\/people.unica.it\/celcam\/wp-json\/wp\/v2\/pages\/332","targetHints":{"allow":["GET"]}}],"collection":[{"href":"https:\/\/people.unica.it\/celcam\/wp-json\/wp\/v2\/pages"}],"about":[{"href":"https:\/\/people.unica.it\/celcam\/wp-json\/wp\/v2\/types\/page"}],"author":[{"embeddable":true,"href":"https:\/\/people.unica.it\/celcam\/wp-json\/wp\/v2\/users\/274"}],"replies":[{"embeddable":true,"href":"https:\/\/people.unica.it\/celcam\/wp-json\/wp\/v2\/comments?post=332"}],"version-history":[{"count":4,"href":"https:\/\/people.unica.it\/celcam\/wp-json\/wp\/v2\/pages\/332\/revisions"}],"predecessor-version":[{"id":336,"href":"https:\/\/people.unica.it\/celcam\/wp-json\/wp\/v2\/pages\/332\/revisions\/336"}],"up":[{"embeddable":true,"href":"https:\/\/people.unica.it\/celcam\/wp-json\/wp\/v2\/pages\/192"}],"wp:attachment":[{"href":"https:\/\/people.unica.it\/celcam\/wp-json\/wp\/v2\/media?parent=332"}],"curies":[{"name":"wp","href":"https:\/\/api.w.org\/{rel}","templated":true}]}}