{"id":166,"date":"2013-06-06T08:50:53","date_gmt":"2013-06-06T06:50:53","guid":{"rendered":"http:\/\/people.unica.it\/ricercaevalutazione\/?page_id=166"},"modified":"2013-10-10T20:58:17","modified_gmt":"2013-10-10T18:58:17","slug":"questo-spazio","status":"publish","type":"page","link":"https:\/\/people.unica.it\/blogricerca\/questo-spazio\/","title":{"rendered":"Questo spazio"},"content":{"rendered":"<p><span style=\"font-size: 13px;line-height: 19px\">Questo blog \u00e8 progettato per ospitare e condividere le discussioni che si sviluppano sui temi di maggiore attualit\u00e0 per la <\/span><strong style=\"font-size: 13px;line-height: 19px\">ricerca<\/strong><span style=\"font-size: 13px;line-height: 19px\">, le sue <\/span><strong style=\"font-size: 13px;line-height: 19px\">regole<\/strong><span style=\"font-size: 13px;line-height: 19px\">, le sue <\/span><strong style=\"font-size: 13px;line-height: 19px\">risorse<\/strong><span style=\"font-size: 13px;line-height: 19px\"> e per rendere sempre pi\u00f9 trasparenti le politiche per la ricerca adottate dal nostro ateneo.<\/span><\/p>\n<p><span style=\"font-size: 13px;line-height: 19px\">Il blog \u00e8 aperto al <\/span><strong style=\"font-size: 13px;line-height: 19px\">confronto<\/strong><span style=\"font-size: 13px;line-height: 19px\"> e alla discussione, alle proposte e alle critiche. Sar\u00e0 un prezioso canale di <\/span><strong style=\"font-size: 13px;line-height: 19px\">ascolto<\/strong><span style=\"font-size: 13px;line-height: 19px\"> e di raccolta di idee innovative.<\/span><\/p>\n<p>In queste pagine vorremmo anche illustrare la continua attivit\u00e0 di <strong>interlocuzione<\/strong> <strong>istituzionale<\/strong> che svolgiamo a nome del nostro Ateneo, per esempio a proposito della L.R. n.7\/2007 e della programmazione comunitaria 2014-2020, descrivere le <strong>iniziative gi\u00e0 avviate<\/strong>, annunciare i <strong>progetti<\/strong> calendarizzati. Ci piacerebbe, col tempo, qualificarci presso di voi come una fonte informativa affidabile e tempestiva.<\/p>\n<p><span style=\"font-size: 13px;line-height: 19px\">Ci auguriamo di lavorare bene, a vantaggio di tutti. E ci auguriamo di avere molti contributi da parte di chiunque sia interessato a migliorare la ricerca nel nostro Ateneo.\u00a0<\/span><\/p>\n<p>Ecco <a href=\"http:\/\/people.unica.it\/blogricerca\/contatti\/\"><strong>come intervenire<\/strong><\/a>.<\/p>","protected":false},"excerpt":{"rendered":"<p>Questo blog \u00e8 progettato per ospitare e condividere le discussioni che si sviluppano sui temi di maggiore attualit\u00e0 per la ricerca, le sue regole, le sue risorse e per rendere sempre pi\u00f9 trasparenti le politiche per la ricerca adottate dal nostro ateneo. Il blog \u00e8 aperto al confronto e alla discussione, alle proposte e alle critiche. Sar\u00e0 un prezioso canale di ascolto e di raccolta di idee innovative. In queste pagine vorremmo anche illustrare la continua attivit\u00e0 di interlocuzione istituzionale che svolgiamo a nome del nostro Ateneo, per esempio a proposito della L.R. n.7\/2007 e della programmazione comunitaria 2014-2020, descrivere <a href='https:\/\/people.unica.it\/blogricerca\/questo-spazio\/' class='excerpt-more'>[&#8230;]<\/a><\/p>\n","protected":false},"author":674,"featured_media":0,"parent":0,"menu_order":0,"comment_status":"closed","ping_status":"closed","template":"","meta":{"footnotes":""},"class_list":["post-166","page","type-page","status-publish","hentry","post-seq-1","post-parity-odd","meta-position-corners","fix"],"publishpress_future_action":{"enabled":false,"date":"2026-05-08 00:12:16","action":"Draft","newStatus":"draft","terms":[],"taxonomy":"","extraData":[]},"publishpress_future_workflow_manual_trigger":{"enabledWorkflows":[]},"_links":{"self":[{"href":"https:\/\/people.unica.it\/blogricerca\/wp-json\/wp\/v2\/pages\/166","targetHints":{"allow":["GET"]}}],"collection":[{"href":"https:\/\/people.unica.it\/blogricerca\/wp-json\/wp\/v2\/pages"}],"about":[{"href":"https:\/\/people.unica.it\/blogricerca\/wp-json\/wp\/v2\/types\/page"}],"author":[{"embeddable":true,"href":"https:\/\/people.unica.it\/blogricerca\/wp-json\/wp\/v2\/users\/674"}],"replies":[{"embeddable":true,"href":"https:\/\/people.unica.it\/blogricerca\/wp-json\/wp\/v2\/comments?post=166"}],"version-history":[{"count":24,"href":"https:\/\/people.unica.it\/blogricerca\/wp-json\/wp\/v2\/pages\/166\/revisions"}],"predecessor-version":[{"id":213,"href":"https:\/\/people.unica.it\/blogricerca\/wp-json\/wp\/v2\/pages\/166\/revisions\/213"}],"wp:attachment":[{"href":"https:\/\/people.unica.it\/blogricerca\/wp-json\/wp\/v2\/media?parent=166"}],"curies":[{"name":"wp","href":"https:\/\/api.w.org\/{rel}","templated":true}]}}

<p><span style="font-size: 13px;line-height: 19px">Questo blog è progettato per ospitare e condividere le discussioni che si sviluppano sui temi di maggiore attualità per la </span><strong style="font-size: 13px;line-height: 19px">ricerca</strong><span style="font-size: 13px;line-height: 19px">, le sue </span><strong style="font-size: 13px;line-height: 19px">regole</strong><span style="font-size: 13px;line-height: 19px">, le sue </span><strong style="font-size: 13px;line-height: 19px">risorse</strong><span style="font-size: 13px;line-height: 19px"> e per rendere sempre più trasparenti le politiche per la ricerca adottate dal nostro ateneo.</span></p>
<p><span style="font-size: 13px;line-height: 19px">Il blog è aperto al </span><strong style="font-size: 13px;line-height: 19px">confronto</strong><span style="font-size: 13px;line-height: 19px"> e alla discussione, alle proposte e alle critiche. Sarà un prezioso canale di </span><strong style="font-size: 13px;line-height: 19px">ascolto</strong><span style="font-size: 13px;line-height: 19px"> e di raccolta di idee innovative.</span></p>
<p>In queste pagine vorremmo anche illustrare la continua attività di <strong>interlocuzione</strong> <strong>istituzionale</strong> che svolgiamo a nome del nostro Ateneo, per esempio a proposito della L.R. n.7/2007 e della programmazione comunitaria 2014-2020, descrivere le <strong>iniziative già avviate</strong>, annunciare i <strong>progetti</strong> calendarizzati. Ci piacerebbe, col tempo, qualificarci presso di voi come una fonte informativa affidabile e tempestiva.</p>
<p><span style="font-size: 13px;line-height: 19px">Ci auguriamo di lavorare bene, a vantaggio di tutti. E ci auguriamo di avere molti contributi da parte di chiunque sia interessato a migliorare la ricerca nel nostro Ateneo. </span></p>
<p>Ecco <a href="http://people.unica.it/blogricerca/contatti/"><strong>come intervenire</strong></a>.</p>

<p>Questo blog è progettato per ospitare e condividere le discussioni che si sviluppano sui temi di maggiore attualità per la ricerca, le sue regole, le sue risorse e per rendere sempre più trasparenti le politiche per la ricerca adottate dal nostro ateneo. Il blog è aperto al confronto e alla discussione, alle proposte e alle critiche. Sarà un prezioso canale di ascolto e di raccolta di idee innovative. In queste pagine vorremmo anche illustrare la continua attività di interlocuzione istituzionale che svolgiamo a nome del nostro Ateneo, per esempio a proposito della L.R. n.7/2007 e della programmazione comunitaria 2014-2020, descrivere <a href='https://people.unica.it/blogricerca/questo-spazio/' class='excerpt-more'>[&#8230;]</a></p>
