{"id":128,"date":"2012-07-06T10:21:59","date_gmt":"2012-07-06T10:21:59","guid":{"rendered":"http:\/\/people.unica.it\/bibliotecameccanica\/?page_id=128"},"modified":"2012-10-16T10:01:05","modified_gmt":"2012-10-16T10:01:05","slug":"regolamento","status":"publish","type":"page","link":"https:\/\/people.unica.it\/bibliotecameccanica\/regolamento\/","title":{"rendered":"Regolamento"},"content":{"rendered":"<p><span style=\"color: #000066; font-family: Verdana,Arial,Helvetica,sans-serif;\"><strong><a name=\"servizi\"><\/a>Consultazione<\/strong><\/span><\/p>\n<p><span style=\"color: #000066; font-family: Verdana,Arial,Helvetica,sans-serif;\">Il regolamento prevede che, nell&#8217;orario di apertura della biblioteca, la consultazione dei libri e delle riviste in sola lettura \u00e8 consentita a tutti purch\u00e8 in possesso di un documento di identit\u00e0 valido.<br \/>\nLa gestione \u00e8 a scaffale aperto per le monografie e per l&#8217;ultima annata in corso delle riviste.<br \/>\nLe monografie sono collocate negli scaffali per materia secondo una classificazione adottata dalla biblioteca.<\/span><br \/>\n<span style=\"color: #000066; font-family: Verdana,Arial,Helvetica,sans-serif;\"><span style=\"color: #993300;\"><em>Gli utenti della biblioteca non dispongono di un servizio interno di fotocopiatura<\/em><\/span>.<\/span><\/p>\n<p><span style=\"color: #000066; font-family: Verdana,Arial,Helvetica,sans-serif;\"><strong>Prestito esterno<\/strong><\/span><\/p>\n<p><span style=\"color: #000066; font-family: Verdana,Arial,Helvetica,sans-serif;\">Il prestito esterno \u00e8 consentito ai docenti, ricercatori e personale non docente del Dipartimento, ai dottorandi e laureandi e a tutti gli studenti dietro presentazione di un documento valido o tessera della biblioteca e compilazione della scheda del libro stesso.<br \/>\nGli studenti possono prendere in prestito fino a tre volumi per volta per 7 giorni.<br \/>\n<\/span><span style=\"color: #000066; font-family: Verdana,Arial,Helvetica,sans-serif;\">Sono esclusi dal prestito:<br \/>\n&#8211; tutte le riviste<br \/>\n&#8211; i vocabolari e gli indici bibliografici<br \/>\n&#8211; le tesi.<\/span><\/p>\n<p><span style=\"color: #000066; font-family: Verdana,Arial,Helvetica,sans-serif;\"><strong>Assistenza bibliografica e document delivery<\/strong><\/span><\/p>\n<p><span style=\"color: #000066; font-family: Verdana,Arial,Helvetica,sans-serif;\">Gli utenti possono richiedere informazioni bibliografiche da reperire in repertori cartacei ed informatici utili al reperimento diretto attraverso canali specializzati nazionali ed esteri per i professori e i ricercatori, per i dottorandi, borsisti e laureandi dietro autorizzazione del docente.<\/span><\/p>\n","protected":false},"excerpt":{"rendered":"<p>Consultazione Il regolamento prevede che, nell&#8217;orario di apertura della biblioteca, la consultazione dei libri e delle riviste in sola lettura \u00e8 consentita a tutti purch\u00e8 in possesso di un documento di identit\u00e0 valido. La gestione \u00e8 a scaffale aperto per le monografie e per l&#8217;ultima annata in corso delle riviste. Le monografie sono collocate negli <a href='https:\/\/people.unica.it\/bibliotecameccanica\/regolamento\/' class='excerpt-more'>[&#8230;]<\/a><\/p>\n","protected":false},"author":503,"featured_media":0,"parent":0,"menu_order":0,"comment_status":"closed","ping_status":"closed","template":"","meta":{"footnotes":""},"class_list":["post-128","page","type-page","status-publish","hentry","post-seq-1","post-parity-odd","meta-position-corners","fix"],"publishpress_future_action":{"enabled":false,"date":"2026-04-18 05:31:14","action":"Draft","newStatus":"draft","terms":[],"taxonomy":"","extraData":[]},"publishpress_future_workflow_manual_trigger":{"enabledWorkflows":[]},"_links":{"self":[{"href":"https:\/\/people.unica.it\/bibliotecameccanica\/wp-json\/wp\/v2\/pages\/128","targetHints":{"allow":["GET"]}}],"collection":[{"href":"https:\/\/people.unica.it\/bibliotecameccanica\/wp-json\/wp\/v2\/pages"}],"about":[{"href":"https:\/\/people.unica.it\/bibliotecameccanica\/wp-json\/wp\/v2\/types\/page"}],"author":[{"embeddable":true,"href":"https:\/\/people.unica.it\/bibliotecameccanica\/wp-json\/wp\/v2\/users\/503"}],"replies":[{"embeddable":true,"href":"https:\/\/people.unica.it\/bibliotecameccanica\/wp-json\/wp\/v2\/comments?post=128"}],"version-history":[{"count":3,"href":"https:\/\/people.unica.it\/bibliotecameccanica\/wp-json\/wp\/v2\/pages\/128\/revisions"}],"predecessor-version":[{"id":169,"href":"https:\/\/people.unica.it\/bibliotecameccanica\/wp-json\/wp\/v2\/pages\/128\/revisions\/169"}],"wp:attachment":[{"href":"https:\/\/people.unica.it\/bibliotecameccanica\/wp-json\/wp\/v2\/media?parent=128"}],"curies":[{"name":"wp","href":"https:\/\/api.w.org\/{rel}","templated":true}]}}