{"id":1508,"date":"2012-12-10T11:20:34","date_gmt":"2012-12-10T11:20:34","guid":{"rendered":"http:\/\/people.unica.it\/beniculturali\/?page_id=1508"},"modified":"2015-09-21T17:41:26","modified_gmt":"2015-09-21T17:41:26","slug":"commissione-paritetica-fondi-ex-art-5","status":"publish","type":"page","link":"https:\/\/people.unica.it\/beniculturali\/chi-siamo\/commissioni\/commissione-paritetica-fondi-ex-art-5\/","title":{"rendered":"Commissione paritetica fondi ex art. 5"},"content":{"rendered":"<p><strong>La commissione \u00e8 cos\u00ec composta:<\/strong><\/p>\n<p class=\"first-para\">Proff.ri: A. M. Corda (presidente), A. Pasolini.<\/p>\n<p>Studenti: Nicol\u00f2 Atzori, Alice Pisano.<\/p>","protected":false},"excerpt":{"rendered":"<p>La commissione \u00e8 cos\u00ec composta: Proff.ri: A. M. Corda (presidente), A. Pasolini. Studenti: Nicol\u00f2 Atzori, Alice Pisano.<\/p>\n","protected":false},"author":678,"featured_media":0,"parent":14,"menu_order":0,"comment_status":"closed","ping_status":"closed","template":"","meta":{"footnotes":""},"class_list":["post-1508","page","type-page","status-publish","hentry","post-seq-1","post-parity-odd","meta-position-corners","fix"],"_links":{"self":[{"href":"https:\/\/people.unica.it\/beniculturali\/wp-json\/wp\/v2\/pages\/1508","targetHints":{"allow":["GET"]}}],"collection":[{"href":"https:\/\/people.unica.it\/beniculturali\/wp-json\/wp\/v2\/pages"}],"about":[{"href":"https:\/\/people.unica.it\/beniculturali\/wp-json\/wp\/v2\/types\/page"}],"author":[{"embeddable":true,"href":"https:\/\/people.unica.it\/beniculturali\/wp-json\/wp\/v2\/users\/678"}],"replies":[{"embeddable":true,"href":"https:\/\/people.unica.it\/beniculturali\/wp-json\/wp\/v2\/comments?post=1508"}],"version-history":[{"count":9,"href":"https:\/\/people.unica.it\/beniculturali\/wp-json\/wp\/v2\/pages\/1508\/revisions"}],"predecessor-version":[{"id":2782,"href":"https:\/\/people.unica.it\/beniculturali\/wp-json\/wp\/v2\/pages\/1508\/revisions\/2782"}],"up":[{"embeddable":true,"href":"https:\/\/people.unica.it\/beniculturali\/wp-json\/wp\/v2\/pages\/14"}],"wp:attachment":[{"href":"https:\/\/people.unica.it\/beniculturali\/wp-json\/wp\/v2\/media?parent=1508"}],"curies":[{"name":"wp","href":"https:\/\/api.w.org\/{rel}","templated":true}]}}

<p><strong>La commissione è così composta:</strong></p>
<p class="first-para">Proff.ri: A. M. Corda (presidente), A. Pasolini.</p>
<p>Studenti: Nicolò Atzori, Alice Pisano.</p>

<p>La commissione è così composta: Proff.ri: A. M. Corda (presidente), A. Pasolini. Studenti: Nicolò Atzori, Alice Pisano.</p>
