{"id":1236,"date":"2012-11-26T10:30:01","date_gmt":"2012-11-26T10:30:01","guid":{"rendered":"http:\/\/people.unica.it\/provacds2\/?page_id=1236"},"modified":"2012-12-07T15:05:39","modified_gmt":"2012-12-07T15:05:39","slug":"il-corso","status":"publish","type":"page","link":"https:\/\/people.unica.it\/beniculturali\/chi-siamo\/il-corso\/","title":{"rendered":"Il corso"},"content":{"rendered":"<p>Il Corso si propone di formare una figura che possegga ampie competenze nei vari settori dei beni culturali, con particolare riguardo al patrimonio archeologico, storico-artistico, archivistico-librario, cinematografico, teatrale e musicale. Sono previsti laboratori linguistici che garantiscano la conoscenza della lingua inglese; di informatica applicata alle esigenze dei Beni culturali; di archeologia, oltre ad attivit\u00e0 di scavo e tirocini formativi presso Sovrintendenze, Aziende o Enti che abbiano competenze nel campo dei Beni culturali, con riferimento ai corrispondenti profili professionali. Il tirocinio formativo, della durata di tre mesi, \u00e8 obbligatorio e consente di maturare un\u2019esperienza pratica in ambito lavorativo. I laureati dovranno avere inoltre acquisito adeguate competenze relative alla legislazione e alla divulgazione nel settore dei Beni culturali e una solida conoscenza dei principali strumenti informatici di gestione dati e di comunicazione telematica. Il Corso si articola in due piani di studio consigliati (Archeologico, Storico-Artistico) e mette in grado il laureato di accedere al Corso di laurea magistrale interclasse in Archeologia e Storia dell\u2019arte (LM-2\/LM-89). Le singole attivit\u00e0 formative del corso, alle quali viene attribuito un numero di crediti basato sulla stima del tempo necessario ad uno studente medio per svolgere le attivit\u00e0 richieste e raggiungere i risultati di apprendimento attesi, si svolgono attraverso lezioni frontali, laboratori, tirocini, scavi, seminari e altre iniziative promosse dall\u2019Ateneo. L\u2019organizzazione generale delle attivit\u00e0 didattiche \u00e8 semestrale. Il corso partecipa al progetto Campus unica dell\u2019Universit\u00e0 di Cagliari e offre agli iscritti la possibilit\u00e0 di usufruire dei soggiorni di studio presso Universit\u00e0 dell\u2019Unione Europea, grazie al progetto Socrates-Erasmus. I laureati potranno svolgere attivit\u00e0 professionali a carattere tecnico-applicativo e di tutorato presso Musei, Sovrintendenze, Archivi, Biblioteche, Cineteche, Enti locali e Istituti vari, impegnati nella valorizzazione e nel recupero dei Beni culturali. Il corso prepara alle professioni di Segretari, archivisti, tecnici degli affari generali ed assimilati; Guide ed accompagnatori specializzati; Tutor, istitutori, insegnanti nella formazione professionale ed assimilati; Tecnici dei musei, delle biblioteche ed assimilati; Periti, stimatori d\u2019arte ed assimilati.<\/p>","protected":false},"excerpt":{"rendered":"<p>Il Corso si propone di formare una figura che possegga ampie competenze nei vari settori dei beni culturali, con particolare riguardo al patrimonio archeologico, storico-artistico, archivistico-librario, cinematografico, teatrale e musicale. Sono previsti laboratori linguistici che garantiscano la conoscenza della lingua inglese; di informatica applicata alle esigenze dei Beni culturali; di archeologia, oltre ad attivit\u00e0 di scavo e tirocini formativi presso Sovrintendenze, Aziende o Enti che abbiano competenze nel campo dei Beni culturali, con riferimento ai corrispondenti profili professionali. Il tirocinio formativo, della durata di tre mesi, \u00e8 obbligatorio e consente di maturare un\u2019esperienza pratica in ambito lavorativo. I laureati dovranno <a href='https:\/\/people.unica.it\/beniculturali\/chi-siamo\/il-corso\/' class='excerpt-more'>[&#8230;]<\/a><\/p>\n","protected":false},"author":643,"featured_media":0,"parent":90,"menu_order":0,"comment_status":"closed","ping_status":"closed","template":"","meta":{"footnotes":""},"class_list":["post-1236","page","type-page","status-publish","hentry","post-seq-1","post-parity-odd","meta-position-corners","fix"],"_links":{"self":[{"href":"https:\/\/people.unica.it\/beniculturali\/wp-json\/wp\/v2\/pages\/1236","targetHints":{"allow":["GET"]}}],"collection":[{"href":"https:\/\/people.unica.it\/beniculturali\/wp-json\/wp\/v2\/pages"}],"about":[{"href":"https:\/\/people.unica.it\/beniculturali\/wp-json\/wp\/v2\/types\/page"}],"author":[{"embeddable":true,"href":"https:\/\/people.unica.it\/beniculturali\/wp-json\/wp\/v2\/users\/643"}],"replies":[{"embeddable":true,"href":"https:\/\/people.unica.it\/beniculturali\/wp-json\/wp\/v2\/comments?post=1236"}],"version-history":[{"count":3,"href":"https:\/\/people.unica.it\/beniculturali\/wp-json\/wp\/v2\/pages\/1236\/revisions"}],"predecessor-version":[{"id":1431,"href":"https:\/\/people.unica.it\/beniculturali\/wp-json\/wp\/v2\/pages\/1236\/revisions\/1431"}],"up":[{"embeddable":true,"href":"https:\/\/people.unica.it\/beniculturali\/wp-json\/wp\/v2\/pages\/90"}],"wp:attachment":[{"href":"https:\/\/people.unica.it\/beniculturali\/wp-json\/wp\/v2\/media?parent=1236"}],"curies":[{"name":"wp","href":"https:\/\/api.w.org\/{rel}","templated":true}]}}