{"id":1229,"date":"2012-11-26T10:27:42","date_gmt":"2012-11-26T10:27:42","guid":{"rendered":"http:\/\/people.unica.it\/provacds2\/?page_id=1229"},"modified":"2015-09-21T17:39:43","modified_gmt":"2015-09-21T17:39:43","slug":"commissione-approvazione-piani-di-studio","status":"publish","type":"page","link":"https:\/\/people.unica.it\/beniculturali\/chi-siamo\/commissioni\/commissione-approvazione-piani-di-studio\/","title":{"rendered":"Commissione didattica paritetica"},"content":{"rendered":"<p>La commissione \u00e8 responsabile dell&#8217;attivit\u00e0 di monitoraggio dell&#8217;offerta formativa e della qualit\u00e0 della didattica.<\/p>\n<p><strong>La commissione \u00e8 cos\u00ec composta:<\/strong><\/p>\n<p class=\"first-para\">Proff.ri: C. Lugli\u00e8 (Presidente), C. Tasca, R. Martorelli, I. Macchiarella.<\/p>\n<p>Studenti: Alice Pisano, Nicol\u00f2 Atzori, Maria Giulia Serra, Federica Meloni.<\/p>","protected":false},"excerpt":{"rendered":"<p>La commissione \u00e8 responsabile dell&#8217;attivit\u00e0 di monitoraggio dell&#8217;offerta formativa e della qualit\u00e0 della didattica. La commissione \u00e8 cos\u00ec composta: Proff.ri: C. Lugli\u00e8 (Presidente), C. Tasca, R. Martorelli, I. Macchiarella. Studenti: Alice Pisano, Nicol\u00f2 Atzori, Maria Giulia Serra, Federica Meloni.<\/p>\n","protected":false},"author":643,"featured_media":0,"parent":14,"menu_order":0,"comment_status":"closed","ping_status":"closed","template":"","meta":{"footnotes":""},"class_list":["post-1229","page","type-page","status-publish","hentry","post-seq-1","post-parity-odd","meta-position-corners","fix"],"_links":{"self":[{"href":"https:\/\/people.unica.it\/beniculturali\/wp-json\/wp\/v2\/pages\/1229","targetHints":{"allow":["GET"]}}],"collection":[{"href":"https:\/\/people.unica.it\/beniculturali\/wp-json\/wp\/v2\/pages"}],"about":[{"href":"https:\/\/people.unica.it\/beniculturali\/wp-json\/wp\/v2\/types\/page"}],"author":[{"embeddable":true,"href":"https:\/\/people.unica.it\/beniculturali\/wp-json\/wp\/v2\/users\/643"}],"replies":[{"embeddable":true,"href":"https:\/\/people.unica.it\/beniculturali\/wp-json\/wp\/v2\/comments?post=1229"}],"version-history":[{"count":12,"href":"https:\/\/people.unica.it\/beniculturali\/wp-json\/wp\/v2\/pages\/1229\/revisions"}],"predecessor-version":[{"id":2780,"href":"https:\/\/people.unica.it\/beniculturali\/wp-json\/wp\/v2\/pages\/1229\/revisions\/2780"}],"up":[{"embeddable":true,"href":"https:\/\/people.unica.it\/beniculturali\/wp-json\/wp\/v2\/pages\/14"}],"wp:attachment":[{"href":"https:\/\/people.unica.it\/beniculturali\/wp-json\/wp\/v2\/media?parent=1229"}],"curies":[{"name":"wp","href":"https:\/\/api.w.org\/{rel}","templated":true}]}}

<p>La commissione è responsabile dell&#8217;attività di monitoraggio dell&#8217;offerta formativa e della qualità della didattica.</p>
<p><strong>La commissione è così composta:</strong></p>
<p class="first-para">Proff.ri: C. Lugliè (Presidente), C. Tasca, R. Martorelli, I. Macchiarella.</p>
<p>Studenti: Alice Pisano, Nicolò Atzori, Maria Giulia Serra, Federica Meloni.</p>

<p>La commissione è responsabile dell&#8217;attività di monitoraggio dell&#8217;offerta formativa e della qualità della didattica. La commissione è così composta: Proff.ri: C. Lugliè (Presidente), C. Tasca, R. Martorelli, I. Macchiarella. Studenti: Alice Pisano, Nicolò Atzori, Maria Giulia Serra, Federica Meloni.</p>
